{"id":10311,"date":"2025-11-25T11:34:48","date_gmt":"2025-11-25T11:34:48","guid":{"rendered":"https:\/\/www.ralti.de\/shop-2\/uncategorized\/viatom-pulsoximeter-mit-bluetooth-und-offline-speichersauerstoffsattigung-messgerat-fingerblutsauerstoffmessgerat-finger-fur-sp-o2-und-herzfrequenzmesser-inklusive-batterien-und-umhangeband\/"},"modified":"2025-11-25T11:34:48","modified_gmt":"2025-11-25T11:34:48","slug":"viatom-pulsoximeter-mit-bluetooth-und-offline-speichersauerstoffsattigung-messgerat-fingerblutsauerstoffmessgerat-finger-fur-sp-o2-und-herzfrequenzmesser-inklusive-batterien-und-umhangeband","status":"publish","type":"product","link":"https:\/\/www.ralti.de\/?product=viatom-pulsoximeter-mit-bluetooth-und-offline-speichersauerstoffsattigung-messgerat-fingerblutsauerstoffmessgerat-finger-fur-sp-o2-und-herzfrequenzmesser-inklusive-batterien-und-umhangeband","title":{"rendered":"ViATOM Pulsoximeter mit Bluetooth und Offline-Speicher,Sauerstoffs\u00e4ttigung Messger\u00e4t Finger,Blutsauerstoffmessger\u00e4t Finger f\u00fcr Sp-O2 und Herzfrequenzmesser, inklusive Batterien und Umh\u00e4ngeband"},"content":{"rendered":"<p>Genau und professionell pulsoximeter : Unser Pulsoximeter Fingerspitzen-Sauerstoff \u00fcberwacht genau den O2-Wert, sauerstoffs\u00e4ttigung, die Pulsfrequenz und die Pulsst\u00e4rke in 8 Sekunden. Schaltet sich automatisch ein \/ aus.<br \/>\nPulsoximeter APP f\u00fcr ANDROID &#038; iOS: Empf\u00e4ngt sauerstoffs\u00e4ttigung automatisch Daten vom Sauerstoffmonitor in Echtzeit und speichert die empfangenen Daten. Die gespeicherten Daten k\u00f6nnen jederzeit angezeigt werden. Synchronisieren und speichern Sie Daten nur, w\u00e4hrend Sie die APP \u00f6ffnen.<br \/>\nEingebauter Pulsoximeter-Speicher: Bis zu 12 Gruppen von Daten zum O2-Pegel und zur Pulsfrequenz im Bildschirm mit der Aufzeichnungsliste. Zeigen Sie schnell Ihre letzten 12 historischen Daten mit einem Klick an.<br \/>\nPulsoximeter mit h\u00f6rbarem und visuellem Alarm: Wenn beim Messen der O2-Pegelwert oder der Pulsfrequenzwert den voreingestellten Grenzwert \u00fcberschreitet, gibt das Ger\u00e4t automatisch einen Signalton aus und der Wert, der den Grenzwert \u00fcberschreitet, blinkt auf dem Bildschirm.<br \/>\nPulsoximeter MIT ZUBEH\u00d6R KOMMEN: Enth\u00e4lt 2 AAA-Batterien, die leicht eingelegt und entfernt werden k\u00f6nnen, eine Tragetasche zum Schutz des Ger\u00e4ts und ein Schl\u00fcsselband zum bequemen Tragen.<br \/>\n\u00dcBER DEUTSCHE ANWEISUNGEN wir Sie, Mit freundlichen Gr\u00fc\u00dfen bitten dem Verk\u00e4ufer eine digitale Version per E-Mail zu senden.<br \/>\n<div class=\"main-cross-sell\" data-asin=\"B08QMW6XB1\">\n\n\t<div class=\"WooZone-cross-sell-loader\">\n\t\t<div>\n\t\t\t<div id=\"floatingBarsG\">\n\t\t\t\t<div class=\"blockG\" id=\"rotateG_01\"><\/div>\n\t\t\t\t<div class=\"blockG\" id=\"rotateG_02\"><\/div>\n\t\t\t\t<div class=\"blockG\" id=\"rotateG_03\"><\/div>\n\t\t\t\t<div class=\"blockG\" id=\"rotateG_04\"><\/div>\n\t\t\t\t<div class=\"blockG\" id=\"rotateG_05\"><\/div>\n\t\t\t\t<div class=\"blockG\" id=\"rotateG_06\"><\/div>\n\t\t\t\t<div class=\"blockG\" id=\"rotateG_07\"><\/div>\n\t\t\t\t<div class=\"blockG\" id=\"rotateG_08\"><\/div>\n\t\t\t<\/div>\n\t\t\t<div class=\"WooZone-cross-sell-loader-text\"><\/div>\n\t\t<\/div>\n\t<\/div>\n\n\t\t\n<\/div>\n<div style=\"clear:both;\"><\/div>\n","protected":false},"excerpt":{"rendered":"<p>Genau und professionell pulsoximeter : Unser Pulsoximeter Fingerspitzen-Sauerstoff \u00fcberwacht genau den O2-Wert, sauerstoffs\u00e4ttigung, die Pulsfrequenz und die Pulsst\u00e4rke in 8 Sekunden. Schaltet sich automatisch ein \/ aus.<br \/>\nPulsoximeter APP f\u00fcr ANDROID &#038; iOS: Empf\u00e4ngt sauerstoffs\u00e4ttigung automatisch Daten vom Sauerstoffmonitor in Echtzeit und speichert die empfangenen Daten. Die gespeicherten Daten k\u00f6nnen jederzeit angezeigt werden. Synchronisieren und speichern Sie Daten nur, w\u00e4hrend Sie die APP \u00f6ffnen.<br \/>\nEingebauter Pulsoximeter-Speicher: Bis zu 12 Gruppen von Daten zum O2-Pegel und zur Pulsfrequenz im Bildschirm mit der Aufzeichnungsliste. Zeigen Sie schnell Ihre letzten 12 historischen Daten mit einem Klick an.<\/p>\n","protected":false},"featured_media":10312,"comment_status":"open","ping_status":"closed","template":"","meta":{"_acf_changed":false},"product_brand":[],"product_cat":[245,246],"product_tag":[],"class_list":{"0":"post-10311","1":"product","2":"type-product","3":"status-publish","4":"has-post-thumbnail","6":"product_cat-gesundheit","7":"product_cat-medizinische-produkte","9":"first","10":"instock","11":"sale","12":"shipping-taxable","13":"product-type-external"},"acf":[],"yoast_head":"<!-- This site is optimized with the Yoast SEO plugin v27.3 - https:\/\/yoast.com\/product\/yoast-seo-wordpress\/ -->\n<title>ViATOM Pulsoximeter mit Bluetooth und Offline-Speicher,Sauerstoffs\u00e4ttigung Messger\u00e4t Finger,Blutsauerstoffmessger\u00e4t Finger f\u00fcr Sp-O2 und Herzfrequenzmesser, inklusive Batterien und Umh\u00e4ngeband - Notfallvorsorge - Krisenvorsorge<\/title>\n<meta name=\"robots\" content=\"index, follow, max-snippet:-1, max-image-preview:large, max-video-preview:-1\" \/>\n<link rel=\"canonical\" href=\"https:\/\/www.ralti.de\/?product=viatom-pulsoximeter-mit-bluetooth-und-offline-speichersauerstoffsattigung-messgerat-fingerblutsauerstoffmessgerat-finger-fur-sp-o2-und-herzfrequenzmesser-inklusive-batterien-und-umhangeband\" \/>\n<meta property=\"og:locale\" content=\"de_DE\" \/>\n<meta property=\"og:type\" content=\"article\" \/>\n<meta property=\"og:title\" content=\"ViATOM Pulsoximeter mit Bluetooth und Offline-Speicher,Sauerstoffs\u00e4ttigung Messger\u00e4t Finger,Blutsauerstoffmessger\u00e4t Finger f\u00fcr Sp-O2 und Herzfrequenzmesser, inklusive Batterien und Umh\u00e4ngeband - Notfallvorsorge - Krisenvorsorge\" \/>\n<meta property=\"og:description\" content=\"Genau und professionell pulsoximeter : Unser Pulsoximeter Fingerspitzen-Sauerstoff \u00fcberwacht genau den O2-Wert, sauerstoffs\u00e4ttigung, die Pulsfrequenz und die Pulsst\u00e4rke in 8 Sekunden. Schaltet sich automatisch ein \/ aus. Pulsoximeter APP f\u00fcr ANDROID &amp; iOS: Empf\u00e4ngt sauerstoffs\u00e4ttigung automatisch Daten vom Sauerstoffmonitor in Echtzeit und speichert die empfangenen Daten. Die gespeicherten Daten k\u00f6nnen jederzeit angezeigt werden. Synchronisieren und speichern Sie Daten nur, w\u00e4hrend Sie die APP \u00f6ffnen. Eingebauter Pulsoximeter-Speicher: Bis zu 12 Gruppen von Daten zum O2-Pegel und zur Pulsfrequenz im Bildschirm mit der Aufzeichnungsliste. Zeigen Sie schnell Ihre letzten 12 historischen Daten mit einem Klick an.\" \/>\n<meta property=\"og:url\" content=\"https:\/\/www.ralti.de\/?product=viatom-pulsoximeter-mit-bluetooth-und-offline-speichersauerstoffsattigung-messgerat-fingerblutsauerstoffmessgerat-finger-fur-sp-o2-und-herzfrequenzmesser-inklusive-batterien-und-umhangeband\" \/>\n<meta property=\"og:site_name\" content=\"Notfallvorsorge - Krisenvorsorge\" \/>\n<meta property=\"og:image\" content=\"https:\/\/m.media-amazon.com\/images\/I\/41CAmIiMF7L.jpg\" \/>\n\t<meta property=\"og:image:width\" content=\"500\" \/>\n\t<meta property=\"og:image:height\" content=\"500\" \/>\n\t<meta property=\"og:image:type\" content=\"image\/jpeg\" \/>\n<meta name=\"twitter:card\" content=\"summary_large_image\" \/>\n<meta name=\"twitter:label1\" content=\"Gesch\u00e4tzte Lesezeit\" \/>\n\t<meta name=\"twitter:data1\" content=\"1\u00a0Minute\" \/>\n<script type=\"application\/ld+json\" class=\"yoast-schema-graph\">{\"@context\":\"https:\\\/\\\/schema.org\",\"@graph\":[{\"@type\":\"WebPage\",\"@id\":\"https:\\\/\\\/www.ralti.de\\\/?product=viatom-pulsoximeter-mit-bluetooth-und-offline-speichersauerstoffsattigung-messgerat-fingerblutsauerstoffmessgerat-finger-fur-sp-o2-und-herzfrequenzmesser-inklusive-batterien-und-umhangeband\",\"url\":\"https:\\\/\\\/www.ralti.de\\\/?product=viatom-pulsoximeter-mit-bluetooth-und-offline-speichersauerstoffsattigung-messgerat-fingerblutsauerstoffmessgerat-finger-fur-sp-o2-und-herzfrequenzmesser-inklusive-batterien-und-umhangeband\",\"name\":\"ViATOM Pulsoximeter mit Bluetooth und Offline-Speicher,Sauerstoffs\u00e4ttigung Messger\u00e4t Finger,Blutsauerstoffmessger\u00e4t Finger f\u00fcr Sp-O2 und Herzfrequenzmesser, inklusive Batterien und Umh\u00e4ngeband - Notfallvorsorge - Krisenvorsorge\",\"isPartOf\":{\"@id\":\"https:\\\/\\\/www.ralti.de\\\/#website\"},\"primaryImageOfPage\":{\"@id\":\"https:\\\/\\\/www.ralti.de\\\/?product=viatom-pulsoximeter-mit-bluetooth-und-offline-speichersauerstoffsattigung-messgerat-fingerblutsauerstoffmessgerat-finger-fur-sp-o2-und-herzfrequenzmesser-inklusive-batterien-und-umhangeband#primaryimage\"},\"image\":{\"@id\":\"https:\\\/\\\/www.ralti.de\\\/?product=viatom-pulsoximeter-mit-bluetooth-und-offline-speichersauerstoffsattigung-messgerat-fingerblutsauerstoffmessgerat-finger-fur-sp-o2-und-herzfrequenzmesser-inklusive-batterien-und-umhangeband#primaryimage\"},\"thumbnailUrl\":\"https:\\\/\\\/m.media-amazon.com\\\/images\\\/I\\\/41CAmIiMF7L.jpg\",\"datePublished\":\"2025-11-25T11:34:48+00:00\",\"breadcrumb\":{\"@id\":\"https:\\\/\\\/www.ralti.de\\\/?product=viatom-pulsoximeter-mit-bluetooth-und-offline-speichersauerstoffsattigung-messgerat-fingerblutsauerstoffmessgerat-finger-fur-sp-o2-und-herzfrequenzmesser-inklusive-batterien-und-umhangeband#breadcrumb\"},\"inLanguage\":\"de\",\"potentialAction\":[{\"@type\":\"ReadAction\",\"target\":[\"https:\\\/\\\/www.ralti.de\\\/?product=viatom-pulsoximeter-mit-bluetooth-und-offline-speichersauerstoffsattigung-messgerat-fingerblutsauerstoffmessgerat-finger-fur-sp-o2-und-herzfrequenzmesser-inklusive-batterien-und-umhangeband\"]}]},{\"@type\":\"ImageObject\",\"inLanguage\":\"de\",\"@id\":\"https:\\\/\\\/www.ralti.de\\\/?product=viatom-pulsoximeter-mit-bluetooth-und-offline-speichersauerstoffsattigung-messgerat-fingerblutsauerstoffmessgerat-finger-fur-sp-o2-und-herzfrequenzmesser-inklusive-batterien-und-umhangeband#primaryimage\",\"url\":\"https:\\\/\\\/m.media-amazon.com\\\/images\\\/I\\\/41CAmIiMF7L.jpg\",\"contentUrl\":\"https:\\\/\\\/m.media-amazon.com\\\/images\\\/I\\\/41CAmIiMF7L.jpg\",\"width\":500,\"height\":500},{\"@type\":\"BreadcrumbList\",\"@id\":\"https:\\\/\\\/www.ralti.de\\\/?product=viatom-pulsoximeter-mit-bluetooth-und-offline-speichersauerstoffsattigung-messgerat-fingerblutsauerstoffmessgerat-finger-fur-sp-o2-und-herzfrequenzmesser-inklusive-batterien-und-umhangeband#breadcrumb\",\"itemListElement\":[{\"@type\":\"ListItem\",\"position\":1,\"name\":\"Start\",\"item\":\"https:\\\/\\\/www.ralti.de\\\/\"},{\"@type\":\"ListItem\",\"position\":2,\"name\":\"Notfallartikel\",\"item\":\"https:\\\/\\\/www.ralti.de\\\/?page_id=14189\"},{\"@type\":\"ListItem\",\"position\":3,\"name\":\"ViATOM Pulsoximeter mit Bluetooth und Offline-Speicher,Sauerstoffs\u00e4ttigung Messger\u00e4t Finger,Blutsauerstoffmessger\u00e4t Finger f\u00fcr Sp-O2 und Herzfrequenzmesser, inklusive Batterien und Umh\u00e4ngeband\"}]},{\"@type\":\"WebSite\",\"@id\":\"https:\\\/\\\/www.ralti.de\\\/#website\",\"url\":\"https:\\\/\\\/www.ralti.de\\\/\",\"name\":\"Ralti.de\",\"description\":\"Hier viele gute Angebote\",\"publisher\":{\"@id\":\"https:\\\/\\\/www.ralti.de\\\/#organization\"},\"potentialAction\":[{\"@type\":\"SearchAction\",\"target\":{\"@type\":\"EntryPoint\",\"urlTemplate\":\"https:\\\/\\\/www.ralti.de\\\/?s={search_term_string}\"},\"query-input\":{\"@type\":\"PropertyValueSpecification\",\"valueRequired\":true,\"valueName\":\"search_term_string\"}}],\"inLanguage\":\"de\"},{\"@type\":\"Organization\",\"@id\":\"https:\\\/\\\/www.ralti.de\\\/#organization\",\"name\":\"Ralti.de\",\"url\":\"https:\\\/\\\/www.ralti.de\\\/\",\"logo\":{\"@type\":\"ImageObject\",\"inLanguage\":\"de\",\"@id\":\"https:\\\/\\\/www.ralti.de\\\/#\\\/schema\\\/logo\\\/image\\\/\",\"url\":\"https:\\\/\\\/www.ralti.de\\\/wp-content\\\/uploads\\\/2025\\\/11\\\/ralti.png\",\"contentUrl\":\"https:\\\/\\\/www.ralti.de\\\/wp-content\\\/uploads\\\/2025\\\/11\\\/ralti.png\",\"width\":240,\"height\":75,\"caption\":\"Ralti.de\"},\"image\":{\"@id\":\"https:\\\/\\\/www.ralti.de\\\/#\\\/schema\\\/logo\\\/image\\\/\"}}]}<\/script>\n<!-- \/ Yoast SEO plugin. -->","yoast_head_json":{"title":"ViATOM Pulsoximeter mit Bluetooth und Offline-Speicher,Sauerstoffs\u00e4ttigung Messger\u00e4t Finger,Blutsauerstoffmessger\u00e4t Finger f\u00fcr Sp-O2 und Herzfrequenzmesser, inklusive Batterien und Umh\u00e4ngeband - Notfallvorsorge - Krisenvorsorge","robots":{"index":"index","follow":"follow","max-snippet":"max-snippet:-1","max-image-preview":"max-image-preview:large","max-video-preview":"max-video-preview:-1"},"canonical":"https:\/\/www.ralti.de\/?product=viatom-pulsoximeter-mit-bluetooth-und-offline-speichersauerstoffsattigung-messgerat-fingerblutsauerstoffmessgerat-finger-fur-sp-o2-und-herzfrequenzmesser-inklusive-batterien-und-umhangeband","og_locale":"de_DE","og_type":"article","og_title":"ViATOM Pulsoximeter mit Bluetooth und Offline-Speicher,Sauerstoffs\u00e4ttigung Messger\u00e4t Finger,Blutsauerstoffmessger\u00e4t Finger f\u00fcr Sp-O2 und Herzfrequenzmesser, inklusive Batterien und Umh\u00e4ngeband - Notfallvorsorge - Krisenvorsorge","og_description":"Genau und professionell pulsoximeter : Unser Pulsoximeter Fingerspitzen-Sauerstoff \u00fcberwacht genau den O2-Wert, sauerstoffs\u00e4ttigung, die Pulsfrequenz und die Pulsst\u00e4rke in 8 Sekunden. Schaltet sich automatisch ein \/ aus. Pulsoximeter APP f\u00fcr ANDROID & iOS: Empf\u00e4ngt sauerstoffs\u00e4ttigung automatisch Daten vom Sauerstoffmonitor in Echtzeit und speichert die empfangenen Daten. Die gespeicherten Daten k\u00f6nnen jederzeit angezeigt werden. Synchronisieren und speichern Sie Daten nur, w\u00e4hrend Sie die APP \u00f6ffnen. Eingebauter Pulsoximeter-Speicher: Bis zu 12 Gruppen von Daten zum O2-Pegel und zur Pulsfrequenz im Bildschirm mit der Aufzeichnungsliste. Zeigen Sie schnell Ihre letzten 12 historischen Daten mit einem Klick an.","og_url":"https:\/\/www.ralti.de\/?product=viatom-pulsoximeter-mit-bluetooth-und-offline-speichersauerstoffsattigung-messgerat-fingerblutsauerstoffmessgerat-finger-fur-sp-o2-und-herzfrequenzmesser-inklusive-batterien-und-umhangeband","og_site_name":"Notfallvorsorge - Krisenvorsorge","og_image":[{"width":500,"height":500,"url":"https:\/\/m.media-amazon.com\/images\/I\/41CAmIiMF7L.jpg","type":"image\/jpeg"}],"twitter_card":"summary_large_image","twitter_misc":{"Gesch\u00e4tzte Lesezeit":"1\u00a0Minute"},"schema":{"@context":"https:\/\/schema.org","@graph":[{"@type":"WebPage","@id":"https:\/\/www.ralti.de\/?product=viatom-pulsoximeter-mit-bluetooth-und-offline-speichersauerstoffsattigung-messgerat-fingerblutsauerstoffmessgerat-finger-fur-sp-o2-und-herzfrequenzmesser-inklusive-batterien-und-umhangeband","url":"https:\/\/www.ralti.de\/?product=viatom-pulsoximeter-mit-bluetooth-und-offline-speichersauerstoffsattigung-messgerat-fingerblutsauerstoffmessgerat-finger-fur-sp-o2-und-herzfrequenzmesser-inklusive-batterien-und-umhangeband","name":"ViATOM Pulsoximeter mit Bluetooth und Offline-Speicher,Sauerstoffs\u00e4ttigung Messger\u00e4t Finger,Blutsauerstoffmessger\u00e4t Finger f\u00fcr Sp-O2 und Herzfrequenzmesser, inklusive Batterien und Umh\u00e4ngeband - Notfallvorsorge - Krisenvorsorge","isPartOf":{"@id":"https:\/\/www.ralti.de\/#website"},"primaryImageOfPage":{"@id":"https:\/\/www.ralti.de\/?product=viatom-pulsoximeter-mit-bluetooth-und-offline-speichersauerstoffsattigung-messgerat-fingerblutsauerstoffmessgerat-finger-fur-sp-o2-und-herzfrequenzmesser-inklusive-batterien-und-umhangeband#primaryimage"},"image":{"@id":"https:\/\/www.ralti.de\/?product=viatom-pulsoximeter-mit-bluetooth-und-offline-speichersauerstoffsattigung-messgerat-fingerblutsauerstoffmessgerat-finger-fur-sp-o2-und-herzfrequenzmesser-inklusive-batterien-und-umhangeband#primaryimage"},"thumbnailUrl":"https:\/\/m.media-amazon.com\/images\/I\/41CAmIiMF7L.jpg","datePublished":"2025-11-25T11:34:48+00:00","breadcrumb":{"@id":"https:\/\/www.ralti.de\/?product=viatom-pulsoximeter-mit-bluetooth-und-offline-speichersauerstoffsattigung-messgerat-fingerblutsauerstoffmessgerat-finger-fur-sp-o2-und-herzfrequenzmesser-inklusive-batterien-und-umhangeband#breadcrumb"},"inLanguage":"de","potentialAction":[{"@type":"ReadAction","target":["https:\/\/www.ralti.de\/?product=viatom-pulsoximeter-mit-bluetooth-und-offline-speichersauerstoffsattigung-messgerat-fingerblutsauerstoffmessgerat-finger-fur-sp-o2-und-herzfrequenzmesser-inklusive-batterien-und-umhangeband"]}]},{"@type":"ImageObject","inLanguage":"de","@id":"https:\/\/www.ralti.de\/?product=viatom-pulsoximeter-mit-bluetooth-und-offline-speichersauerstoffsattigung-messgerat-fingerblutsauerstoffmessgerat-finger-fur-sp-o2-und-herzfrequenzmesser-inklusive-batterien-und-umhangeband#primaryimage","url":"https:\/\/m.media-amazon.com\/images\/I\/41CAmIiMF7L.jpg","contentUrl":"https:\/\/m.media-amazon.com\/images\/I\/41CAmIiMF7L.jpg","width":500,"height":500},{"@type":"BreadcrumbList","@id":"https:\/\/www.ralti.de\/?product=viatom-pulsoximeter-mit-bluetooth-und-offline-speichersauerstoffsattigung-messgerat-fingerblutsauerstoffmessgerat-finger-fur-sp-o2-und-herzfrequenzmesser-inklusive-batterien-und-umhangeband#breadcrumb","itemListElement":[{"@type":"ListItem","position":1,"name":"Start","item":"https:\/\/www.ralti.de\/"},{"@type":"ListItem","position":2,"name":"Notfallartikel","item":"https:\/\/www.ralti.de\/?page_id=14189"},{"@type":"ListItem","position":3,"name":"ViATOM Pulsoximeter mit Bluetooth und Offline-Speicher,Sauerstoffs\u00e4ttigung Messger\u00e4t Finger,Blutsauerstoffmessger\u00e4t Finger f\u00fcr Sp-O2 und Herzfrequenzmesser, inklusive Batterien und Umh\u00e4ngeband"}]},{"@type":"WebSite","@id":"https:\/\/www.ralti.de\/#website","url":"https:\/\/www.ralti.de\/","name":"Ralti.de","description":"Hier viele gute Angebote","publisher":{"@id":"https:\/\/www.ralti.de\/#organization"},"potentialAction":[{"@type":"SearchAction","target":{"@type":"EntryPoint","urlTemplate":"https:\/\/www.ralti.de\/?s={search_term_string}"},"query-input":{"@type":"PropertyValueSpecification","valueRequired":true,"valueName":"search_term_string"}}],"inLanguage":"de"},{"@type":"Organization","@id":"https:\/\/www.ralti.de\/#organization","name":"Ralti.de","url":"https:\/\/www.ralti.de\/","logo":{"@type":"ImageObject","inLanguage":"de","@id":"https:\/\/www.ralti.de\/#\/schema\/logo\/image\/","url":"https:\/\/www.ralti.de\/wp-content\/uploads\/2025\/11\/ralti.png","contentUrl":"https:\/\/www.ralti.de\/wp-content\/uploads\/2025\/11\/ralti.png","width":240,"height":75,"caption":"Ralti.de"},"image":{"@id":"https:\/\/www.ralti.de\/#\/schema\/logo\/image\/"}}]}},"_links":{"self":[{"href":"https:\/\/www.ralti.de\/index.php?rest_route=\/wp\/v2\/product\/10311","targetHints":{"allow":["GET"]}}],"collection":[{"href":"https:\/\/www.ralti.de\/index.php?rest_route=\/wp\/v2\/product"}],"about":[{"href":"https:\/\/www.ralti.de\/index.php?rest_route=\/wp\/v2\/types\/product"}],"replies":[{"embeddable":true,"href":"https:\/\/www.ralti.de\/index.php?rest_route=%2Fwp%2Fv2%2Fcomments&post=10311"}],"wp:featuredmedia":[{"embeddable":true,"href":"https:\/\/www.ralti.de\/index.php?rest_route=\/wp\/v2\/media\/10312"}],"wp:attachment":[{"href":"https:\/\/www.ralti.de\/index.php?rest_route=%2Fwp%2Fv2%2Fmedia&parent=10311"}],"wp:term":[{"taxonomy":"product_brand","embeddable":true,"href":"https:\/\/www.ralti.de\/index.php?rest_route=%2Fwp%2Fv2%2Fproduct_brand&post=10311"},{"taxonomy":"product_cat","embeddable":true,"href":"https:\/\/www.ralti.de\/index.php?rest_route=%2Fwp%2Fv2%2Fproduct_cat&post=10311"},{"taxonomy":"product_tag","embeddable":true,"href":"https:\/\/www.ralti.de\/index.php?rest_route=%2Fwp%2Fv2%2Fproduct_tag&post=10311"}],"curies":[{"name":"wp","href":"https:\/\/api.w.org\/{rel}","templated":true}]}}