{"id":10437,"date":"2025-11-25T11:35:19","date_gmt":"2025-11-25T11:35:19","guid":{"rendered":"https:\/\/www.ralti.de\/shop-2\/uncategorized\/compeed-anti-blasen-stick-schutzt-unsichbar-vor-blasenbildung-und-scheuern-reduziert-sofort-die-reibung-auf-der-haut-1-stick-8ml\/"},"modified":"2025-11-25T11:35:19","modified_gmt":"2025-11-25T11:35:19","slug":"compeed-anti-blasen-stick-schutzt-unsichbar-vor-blasenbildung-und-scheuern-reduziert-sofort-die-reibung-auf-der-haut-1-stick-8ml","status":"publish","type":"product","link":"https:\/\/www.ralti.de\/?product=compeed-anti-blasen-stick-schutzt-unsichbar-vor-blasenbildung-und-scheuern-reduziert-sofort-die-reibung-auf-der-haut-1-stick-8ml","title":{"rendered":"Compeed Anti-Blasen Stick &#8211; Sch\u00fctzt unsichbar vor Blasenbildung und Scheuern &#8211; Reduziert sofort die Reibung auf der Haut, 1 Stick (8ml)"},"content":{"rendered":"<p><!-- show up to 2 reviews by default --> <\/p>\n<h3> <span>Produktbeschreibung<\/span> <\/h3>\n<p> <span>Compeed Anti-Blasen Stick. Jede Frau kennt das Problem: die neu gekauften Schuhe werden eingelaufen und reiben st\u00e4ndig auf der gleichen Stelle am Fu\u00df. Dies f\u00fchrt zu h\u00e4sslichen R\u00f6tungen und schlie\u00dflich zu schmerzhaften Blasen. Damit Druckstellen und Blasen am Fu\u00df gar nicht erst entstehen k\u00f6nnen, gibt es jetzt den neuen Compeed Anti-Blasen Stick. Dieser kann vorbeugend auf die schmerzende Stelle am Fu\u00df aufgetragen werden. Der Stick enth\u00e4lt einen auf der Haut farblosen Fettfilm auf Pflanzen\u00f6lbasis, welcher die Reibung zwischen Fu\u00df und Schuh sofort reduziert. So k\u00f6nnen Blasen gar nicht erst entstehen und die Haut wird gleichzeitig gepflegt. Der unsichtbare Gleitfilm des Sticks ist ideal geeignet bei offenen Schuhen zur Sommerzeit, oder auch auf Events, Partys und im Arbeitsalltag, denn dadurch ist das Produkt ultra diskret. Auch bei sportlichen Aktivit\u00e4ten, wie beispielsweise beim Joggen oder Wandern ist der Anti-Blasen Stick zu empfehlen, denn der Fettfilm verrutscht nicht und f\u00e4rbt in Socken nicht ab.Dank seiner kleinen und handlichen Form passt der Stick in jede Handtasche und ist perfekt geeignet f\u00fcr unterwegs. Falls man beim Shoppen oder Spazieren gehen das Gef\u00fchl bekommt, es k\u00f6nnte sich eine Blase bilden, kann der Anti-Blasen Stick schnell und aufwandslos auf die betroffene Stelle aufgetragen werden. Dosiert wird mit einem kleinen R\u00e4dchen, womit man das Produkt leicht herausdrehen kann. Das Produkt kann an den F\u00fc\u00dfen oder an anderen Stellen des K\u00f6rpers aufgetragen werden, wann immer \u00fcberm\u00e4\u00dfiger Reibung vorgebeugt werden soll. Es sollte allerdings nicht auf bereits vorhandene Blasen und offene Wunden verwendet werden.<\/span> <\/p>\n<h3> <span>Gebrauchsanweisung<\/span> <\/h3>\n<p> <span>1. Identifiziere problematische Stellen. 2. Trage das Produkt auf diese Stellen auf. 3. Das Produkt reduziert Reibung und verhindert Blasen.<\/span> <\/p>\n<div data-a-expander-name=\"toggle_description\" class=\"a-row a-expander-container a-expander-extend-container\">\n<div data-expanded=\"false\" class=\"a-expander-content a-expander-extend-content\">\n<h3> <span>Anschrift Hersteller\/Importeur<\/span> <\/h3>\n<p> <span>Massenbergstrasse 9-13, D-44787 Bochum<\/span> <\/p>\n<\/p><\/div>\n<p> <a aria-expanded=\"false\" role=\"button\" href=\"javascript:void(0)\" data-action=\"a-expander-toggle\" class=\"a-expander-header a-declarative a-expander-extend-header\" data-a-expander-toggle=\"{\" allowlinkdefault anzeigen><i class=\"a-icon a-icon-extender-expand\"><\/i><span class=\"a-expander-prompt\">Mehr<\/span><\/a> <\/div>\n<p>Der Anti-Blasen Stick wirkt effektiv, um Blasen vorzubeugen<br \/>\nBietet sowohl bei neuen Schuhen als auch bei dr\u00fcckenden und reibenden Schuhen diskreten Schutz dank unsichtbarem Fettfilm und beugt Blasenbildung und Scheuern an wunden Stellen vor<br \/>\nDa die Fettschicht des Sticks auf Pflanzen\u00f6l basiert, wird die Haut nicht nur vorbeugend vor Blasen gesch\u00fctzt, sondern gleichzeitig gepflegt und somit geschmeidig gehalten<br \/>\nDie handliche und kleine Form des Sticks ist perfekt f\u00fcr unterwegs und passt in jede Handtasche. Ob beim Shoppen oder Wandern, mit dem Anti-Blasen Stick bist du auf jede schmerzende Stelle vorbereitet<br \/>\nDer Stick ist nicht nur f\u00fcr wunde Stellen an den F\u00fc\u00dfen geeignet.Der pflegende Fettfilm kann auch an anderen Stellen des K\u00f6rpers aufgetragen werden, wann immer st\u00e4rkerer Reibung vorgebeugt werden soll<br \/>\n<div class=\"main-cross-sell\" data-asin=\"B07SG59B3H\">\n\n\t<div class=\"WooZone-cross-sell-loader\">\n\t\t<div>\n\t\t\t<div id=\"floatingBarsG\">\n\t\t\t\t<div class=\"blockG\" id=\"rotateG_01\"><\/div>\n\t\t\t\t<div class=\"blockG\" id=\"rotateG_02\"><\/div>\n\t\t\t\t<div class=\"blockG\" id=\"rotateG_03\"><\/div>\n\t\t\t\t<div class=\"blockG\" id=\"rotateG_04\"><\/div>\n\t\t\t\t<div class=\"blockG\" id=\"rotateG_05\"><\/div>\n\t\t\t\t<div class=\"blockG\" id=\"rotateG_06\"><\/div>\n\t\t\t\t<div class=\"blockG\" id=\"rotateG_07\"><\/div>\n\t\t\t\t<div class=\"blockG\" id=\"rotateG_08\"><\/div>\n\t\t\t<\/div>\n\t\t\t<div class=\"WooZone-cross-sell-loader-text\"><\/div>\n\t\t<\/div>\n\t<\/div>\n\n\t\t\n<\/div>\n<div style=\"clear:both;\"><\/div>\n","protected":false},"excerpt":{"rendered":"<p>Der Anti-Blasen Stick wirkt effektiv, um Blasen vorzubeugen<br \/>\nBietet sowohl bei neuen Schuhen als auch bei dr\u00fcckenden und reibenden Schuhen diskreten Schutz dank unsichtbarem Fettfilm und beugt Blasenbildung und Scheuern an wunden Stellen vor<br \/>\nDa die Fettschicht des Sticks auf Pflanzen\u00f6l basiert, wird die Haut nicht nur vorbeugend vor Blasen gesch\u00fctzt, sondern gleichzeitig gepflegt und somit geschmeidig gehalten<\/p>\n","protected":false},"featured_media":10438,"comment_status":"open","ping_status":"closed","template":"","meta":{"_acf_changed":false},"product_brand":[],"product_cat":[245,246],"product_tag":[],"class_list":{"0":"post-10437","1":"product","2":"type-product","3":"status-publish","4":"has-post-thumbnail","6":"product_cat-gesundheit","7":"product_cat-medizinische-produkte","9":"first","10":"instock","11":"sale","12":"shipping-taxable","13":"product-type-external"},"acf":[],"yoast_head":"<!-- This site is optimized with the Yoast SEO plugin v27.3 - https:\/\/yoast.com\/product\/yoast-seo-wordpress\/ -->\n<title>Compeed Anti-Blasen Stick - Sch\u00fctzt unsichbar vor Blasenbildung und Scheuern - Reduziert sofort die Reibung auf der Haut, 1 Stick (8ml) - Notfallvorsorge - Krisenvorsorge<\/title>\n<meta name=\"robots\" content=\"index, follow, max-snippet:-1, max-image-preview:large, max-video-preview:-1\" \/>\n<link rel=\"canonical\" href=\"https:\/\/www.ralti.de\/?product=compeed-anti-blasen-stick-schutzt-unsichbar-vor-blasenbildung-und-scheuern-reduziert-sofort-die-reibung-auf-der-haut-1-stick-8ml\" \/>\n<meta property=\"og:locale\" content=\"de_DE\" \/>\n<meta property=\"og:type\" content=\"article\" \/>\n<meta property=\"og:title\" content=\"Compeed Anti-Blasen Stick - Sch\u00fctzt unsichbar vor Blasenbildung und Scheuern - Reduziert sofort die Reibung auf der Haut, 1 Stick (8ml) - Notfallvorsorge - Krisenvorsorge\" \/>\n<meta property=\"og:description\" content=\"Der Anti-Blasen Stick wirkt effektiv, um Blasen vorzubeugen Bietet sowohl bei neuen Schuhen als auch bei dr\u00fcckenden und reibenden Schuhen diskreten Schutz dank unsichtbarem Fettfilm und beugt Blasenbildung und Scheuern an wunden Stellen vor Da die Fettschicht des Sticks auf Pflanzen\u00f6l basiert, wird die Haut nicht nur vorbeugend vor Blasen gesch\u00fctzt, sondern gleichzeitig gepflegt und somit geschmeidig gehalten\" \/>\n<meta property=\"og:url\" content=\"https:\/\/www.ralti.de\/?product=compeed-anti-blasen-stick-schutzt-unsichbar-vor-blasenbildung-und-scheuern-reduziert-sofort-die-reibung-auf-der-haut-1-stick-8ml\" \/>\n<meta property=\"og:site_name\" content=\"Notfallvorsorge - Krisenvorsorge\" \/>\n<meta property=\"og:image\" content=\"https:\/\/m.media-amazon.com\/images\/I\/41myYMhEONL.jpg\" \/>\n\t<meta property=\"og:image:width\" content=\"500\" \/>\n\t<meta property=\"og:image:height\" content=\"500\" \/>\n\t<meta property=\"og:image:type\" content=\"image\/jpeg\" \/>\n<meta name=\"twitter:card\" content=\"summary_large_image\" \/>\n<meta name=\"twitter:label1\" content=\"Gesch\u00e4tzte Lesezeit\" \/>\n\t<meta name=\"twitter:data1\" content=\"2\u00a0Minuten\" \/>\n<script type=\"application\/ld+json\" class=\"yoast-schema-graph\">{\"@context\":\"https:\\\/\\\/schema.org\",\"@graph\":[{\"@type\":\"WebPage\",\"@id\":\"https:\\\/\\\/www.ralti.de\\\/?product=compeed-anti-blasen-stick-schutzt-unsichbar-vor-blasenbildung-und-scheuern-reduziert-sofort-die-reibung-auf-der-haut-1-stick-8ml\",\"url\":\"https:\\\/\\\/www.ralti.de\\\/?product=compeed-anti-blasen-stick-schutzt-unsichbar-vor-blasenbildung-und-scheuern-reduziert-sofort-die-reibung-auf-der-haut-1-stick-8ml\",\"name\":\"Compeed Anti-Blasen Stick - Sch\u00fctzt unsichbar vor Blasenbildung und Scheuern - Reduziert sofort die Reibung auf der Haut, 1 Stick (8ml) - Notfallvorsorge - Krisenvorsorge\",\"isPartOf\":{\"@id\":\"https:\\\/\\\/www.ralti.de\\\/#website\"},\"primaryImageOfPage\":{\"@id\":\"https:\\\/\\\/www.ralti.de\\\/?product=compeed-anti-blasen-stick-schutzt-unsichbar-vor-blasenbildung-und-scheuern-reduziert-sofort-die-reibung-auf-der-haut-1-stick-8ml#primaryimage\"},\"image\":{\"@id\":\"https:\\\/\\\/www.ralti.de\\\/?product=compeed-anti-blasen-stick-schutzt-unsichbar-vor-blasenbildung-und-scheuern-reduziert-sofort-die-reibung-auf-der-haut-1-stick-8ml#primaryimage\"},\"thumbnailUrl\":\"https:\\\/\\\/m.media-amazon.com\\\/images\\\/I\\\/41myYMhEONL.jpg\",\"datePublished\":\"2025-11-25T11:35:19+00:00\",\"breadcrumb\":{\"@id\":\"https:\\\/\\\/www.ralti.de\\\/?product=compeed-anti-blasen-stick-schutzt-unsichbar-vor-blasenbildung-und-scheuern-reduziert-sofort-die-reibung-auf-der-haut-1-stick-8ml#breadcrumb\"},\"inLanguage\":\"de\",\"potentialAction\":[{\"@type\":\"ReadAction\",\"target\":[\"https:\\\/\\\/www.ralti.de\\\/?product=compeed-anti-blasen-stick-schutzt-unsichbar-vor-blasenbildung-und-scheuern-reduziert-sofort-die-reibung-auf-der-haut-1-stick-8ml\"]}]},{\"@type\":\"ImageObject\",\"inLanguage\":\"de\",\"@id\":\"https:\\\/\\\/www.ralti.de\\\/?product=compeed-anti-blasen-stick-schutzt-unsichbar-vor-blasenbildung-und-scheuern-reduziert-sofort-die-reibung-auf-der-haut-1-stick-8ml#primaryimage\",\"url\":\"https:\\\/\\\/m.media-amazon.com\\\/images\\\/I\\\/41myYMhEONL.jpg\",\"contentUrl\":\"https:\\\/\\\/m.media-amazon.com\\\/images\\\/I\\\/41myYMhEONL.jpg\",\"width\":500,\"height\":500},{\"@type\":\"BreadcrumbList\",\"@id\":\"https:\\\/\\\/www.ralti.de\\\/?product=compeed-anti-blasen-stick-schutzt-unsichbar-vor-blasenbildung-und-scheuern-reduziert-sofort-die-reibung-auf-der-haut-1-stick-8ml#breadcrumb\",\"itemListElement\":[{\"@type\":\"ListItem\",\"position\":1,\"name\":\"Start\",\"item\":\"https:\\\/\\\/www.ralti.de\\\/\"},{\"@type\":\"ListItem\",\"position\":2,\"name\":\"Notfallartikel\",\"item\":\"https:\\\/\\\/www.ralti.de\\\/?page_id=14189\"},{\"@type\":\"ListItem\",\"position\":3,\"name\":\"Compeed Anti-Blasen Stick &#8211; Sch\u00fctzt unsichbar vor Blasenbildung und Scheuern &#8211; Reduziert sofort die Reibung auf der Haut, 1 Stick (8ml)\"}]},{\"@type\":\"WebSite\",\"@id\":\"https:\\\/\\\/www.ralti.de\\\/#website\",\"url\":\"https:\\\/\\\/www.ralti.de\\\/\",\"name\":\"Ralti.de\",\"description\":\"Hier viele gute Angebote\",\"publisher\":{\"@id\":\"https:\\\/\\\/www.ralti.de\\\/#organization\"},\"potentialAction\":[{\"@type\":\"SearchAction\",\"target\":{\"@type\":\"EntryPoint\",\"urlTemplate\":\"https:\\\/\\\/www.ralti.de\\\/?s={search_term_string}\"},\"query-input\":{\"@type\":\"PropertyValueSpecification\",\"valueRequired\":true,\"valueName\":\"search_term_string\"}}],\"inLanguage\":\"de\"},{\"@type\":\"Organization\",\"@id\":\"https:\\\/\\\/www.ralti.de\\\/#organization\",\"name\":\"Ralti.de\",\"url\":\"https:\\\/\\\/www.ralti.de\\\/\",\"logo\":{\"@type\":\"ImageObject\",\"inLanguage\":\"de\",\"@id\":\"https:\\\/\\\/www.ralti.de\\\/#\\\/schema\\\/logo\\\/image\\\/\",\"url\":\"https:\\\/\\\/www.ralti.de\\\/wp-content\\\/uploads\\\/2025\\\/11\\\/ralti.png\",\"contentUrl\":\"https:\\\/\\\/www.ralti.de\\\/wp-content\\\/uploads\\\/2025\\\/11\\\/ralti.png\",\"width\":240,\"height\":75,\"caption\":\"Ralti.de\"},\"image\":{\"@id\":\"https:\\\/\\\/www.ralti.de\\\/#\\\/schema\\\/logo\\\/image\\\/\"}}]}<\/script>\n<!-- \/ Yoast SEO plugin. -->","yoast_head_json":{"title":"Compeed Anti-Blasen Stick - Sch\u00fctzt unsichbar vor Blasenbildung und Scheuern - Reduziert sofort die Reibung auf der Haut, 1 Stick (8ml) - Notfallvorsorge - Krisenvorsorge","robots":{"index":"index","follow":"follow","max-snippet":"max-snippet:-1","max-image-preview":"max-image-preview:large","max-video-preview":"max-video-preview:-1"},"canonical":"https:\/\/www.ralti.de\/?product=compeed-anti-blasen-stick-schutzt-unsichbar-vor-blasenbildung-und-scheuern-reduziert-sofort-die-reibung-auf-der-haut-1-stick-8ml","og_locale":"de_DE","og_type":"article","og_title":"Compeed Anti-Blasen Stick - Sch\u00fctzt unsichbar vor Blasenbildung und Scheuern - Reduziert sofort die Reibung auf der Haut, 1 Stick (8ml) - Notfallvorsorge - Krisenvorsorge","og_description":"Der Anti-Blasen Stick wirkt effektiv, um Blasen vorzubeugen Bietet sowohl bei neuen Schuhen als auch bei dr\u00fcckenden und reibenden Schuhen diskreten Schutz dank unsichtbarem Fettfilm und beugt Blasenbildung und Scheuern an wunden Stellen vor Da die Fettschicht des Sticks auf Pflanzen\u00f6l basiert, wird die Haut nicht nur vorbeugend vor Blasen gesch\u00fctzt, sondern gleichzeitig gepflegt und somit geschmeidig gehalten","og_url":"https:\/\/www.ralti.de\/?product=compeed-anti-blasen-stick-schutzt-unsichbar-vor-blasenbildung-und-scheuern-reduziert-sofort-die-reibung-auf-der-haut-1-stick-8ml","og_site_name":"Notfallvorsorge - Krisenvorsorge","og_image":[{"width":500,"height":500,"url":"https:\/\/m.media-amazon.com\/images\/I\/41myYMhEONL.jpg","type":"image\/jpeg"}],"twitter_card":"summary_large_image","twitter_misc":{"Gesch\u00e4tzte Lesezeit":"2\u00a0Minuten"},"schema":{"@context":"https:\/\/schema.org","@graph":[{"@type":"WebPage","@id":"https:\/\/www.ralti.de\/?product=compeed-anti-blasen-stick-schutzt-unsichbar-vor-blasenbildung-und-scheuern-reduziert-sofort-die-reibung-auf-der-haut-1-stick-8ml","url":"https:\/\/www.ralti.de\/?product=compeed-anti-blasen-stick-schutzt-unsichbar-vor-blasenbildung-und-scheuern-reduziert-sofort-die-reibung-auf-der-haut-1-stick-8ml","name":"Compeed Anti-Blasen Stick - Sch\u00fctzt unsichbar vor Blasenbildung und Scheuern - Reduziert sofort die Reibung auf der Haut, 1 Stick (8ml) - Notfallvorsorge - Krisenvorsorge","isPartOf":{"@id":"https:\/\/www.ralti.de\/#website"},"primaryImageOfPage":{"@id":"https:\/\/www.ralti.de\/?product=compeed-anti-blasen-stick-schutzt-unsichbar-vor-blasenbildung-und-scheuern-reduziert-sofort-die-reibung-auf-der-haut-1-stick-8ml#primaryimage"},"image":{"@id":"https:\/\/www.ralti.de\/?product=compeed-anti-blasen-stick-schutzt-unsichbar-vor-blasenbildung-und-scheuern-reduziert-sofort-die-reibung-auf-der-haut-1-stick-8ml#primaryimage"},"thumbnailUrl":"https:\/\/m.media-amazon.com\/images\/I\/41myYMhEONL.jpg","datePublished":"2025-11-25T11:35:19+00:00","breadcrumb":{"@id":"https:\/\/www.ralti.de\/?product=compeed-anti-blasen-stick-schutzt-unsichbar-vor-blasenbildung-und-scheuern-reduziert-sofort-die-reibung-auf-der-haut-1-stick-8ml#breadcrumb"},"inLanguage":"de","potentialAction":[{"@type":"ReadAction","target":["https:\/\/www.ralti.de\/?product=compeed-anti-blasen-stick-schutzt-unsichbar-vor-blasenbildung-und-scheuern-reduziert-sofort-die-reibung-auf-der-haut-1-stick-8ml"]}]},{"@type":"ImageObject","inLanguage":"de","@id":"https:\/\/www.ralti.de\/?product=compeed-anti-blasen-stick-schutzt-unsichbar-vor-blasenbildung-und-scheuern-reduziert-sofort-die-reibung-auf-der-haut-1-stick-8ml#primaryimage","url":"https:\/\/m.media-amazon.com\/images\/I\/41myYMhEONL.jpg","contentUrl":"https:\/\/m.media-amazon.com\/images\/I\/41myYMhEONL.jpg","width":500,"height":500},{"@type":"BreadcrumbList","@id":"https:\/\/www.ralti.de\/?product=compeed-anti-blasen-stick-schutzt-unsichbar-vor-blasenbildung-und-scheuern-reduziert-sofort-die-reibung-auf-der-haut-1-stick-8ml#breadcrumb","itemListElement":[{"@type":"ListItem","position":1,"name":"Start","item":"https:\/\/www.ralti.de\/"},{"@type":"ListItem","position":2,"name":"Notfallartikel","item":"https:\/\/www.ralti.de\/?page_id=14189"},{"@type":"ListItem","position":3,"name":"Compeed Anti-Blasen Stick &#8211; Sch\u00fctzt unsichbar vor Blasenbildung und Scheuern &#8211; Reduziert sofort die Reibung auf der Haut, 1 Stick (8ml)"}]},{"@type":"WebSite","@id":"https:\/\/www.ralti.de\/#website","url":"https:\/\/www.ralti.de\/","name":"Ralti.de","description":"Hier viele gute Angebote","publisher":{"@id":"https:\/\/www.ralti.de\/#organization"},"potentialAction":[{"@type":"SearchAction","target":{"@type":"EntryPoint","urlTemplate":"https:\/\/www.ralti.de\/?s={search_term_string}"},"query-input":{"@type":"PropertyValueSpecification","valueRequired":true,"valueName":"search_term_string"}}],"inLanguage":"de"},{"@type":"Organization","@id":"https:\/\/www.ralti.de\/#organization","name":"Ralti.de","url":"https:\/\/www.ralti.de\/","logo":{"@type":"ImageObject","inLanguage":"de","@id":"https:\/\/www.ralti.de\/#\/schema\/logo\/image\/","url":"https:\/\/www.ralti.de\/wp-content\/uploads\/2025\/11\/ralti.png","contentUrl":"https:\/\/www.ralti.de\/wp-content\/uploads\/2025\/11\/ralti.png","width":240,"height":75,"caption":"Ralti.de"},"image":{"@id":"https:\/\/www.ralti.de\/#\/schema\/logo\/image\/"}}]}},"_links":{"self":[{"href":"https:\/\/www.ralti.de\/index.php?rest_route=\/wp\/v2\/product\/10437","targetHints":{"allow":["GET"]}}],"collection":[{"href":"https:\/\/www.ralti.de\/index.php?rest_route=\/wp\/v2\/product"}],"about":[{"href":"https:\/\/www.ralti.de\/index.php?rest_route=\/wp\/v2\/types\/product"}],"replies":[{"embeddable":true,"href":"https:\/\/www.ralti.de\/index.php?rest_route=%2Fwp%2Fv2%2Fcomments&post=10437"}],"wp:featuredmedia":[{"embeddable":true,"href":"https:\/\/www.ralti.de\/index.php?rest_route=\/wp\/v2\/media\/10438"}],"wp:attachment":[{"href":"https:\/\/www.ralti.de\/index.php?rest_route=%2Fwp%2Fv2%2Fmedia&parent=10437"}],"wp:term":[{"taxonomy":"product_brand","embeddable":true,"href":"https:\/\/www.ralti.de\/index.php?rest_route=%2Fwp%2Fv2%2Fproduct_brand&post=10437"},{"taxonomy":"product_cat","embeddable":true,"href":"https:\/\/www.ralti.de\/index.php?rest_route=%2Fwp%2Fv2%2Fproduct_cat&post=10437"},{"taxonomy":"product_tag","embeddable":true,"href":"https:\/\/www.ralti.de\/index.php?rest_route=%2Fwp%2Fv2%2Fproduct_tag&post=10437"}],"curies":[{"name":"wp","href":"https:\/\/api.w.org\/{rel}","templated":true}]}}