{"id":11488,"date":"2025-11-25T11:42:01","date_gmt":"2025-11-25T11:42:01","guid":{"rendered":"https:\/\/www.ralti.de\/shop-2\/uncategorized\/komposttoilette-separett-villa-urinumleitung-hohe-kapazitat\/"},"modified":"2025-11-25T11:42:01","modified_gmt":"2025-11-25T11:42:01","slug":"komposttoilette-separett-villa-urinumleitung-hohe-kapazitat","status":"publish","type":"product","link":"https:\/\/www.ralti.de\/?product=komposttoilette-separett-villa-urinumleitung-hohe-kapazitat","title":{"rendered":"Komposttoilette Separett Villa Urinumleitung hohe Kapazit\u00e4t"},"content":{"rendered":"<p><!-- show up to 2 reviews by default --> <\/p>\n<p> <span>Komposttoilette Separett Villa \u2013 Die ultimative Komposttoilette f\u00fcr umweltbewusstes Wohnen: Entdecken Sie den H\u00f6hepunkt des nachhaltigen Wohnens mit Komposttoilette Seprett Villa, einer revolution\u00e4ren Komposttoilette mit einer speziell f\u00fcr den US-Markt entwickelten Version. Die Villa ist eine wasserlose Toilette, die neue Ma\u00dfst\u00e4be in Sachen Komfort und Umweltverantwortung setzt, die sowohl f\u00fcr den mobilen als auch au\u00dferhalb des Netzes geeignet ist. Tauchen Sie in den Foto- und Videobereich ein, um die aufschlussreichen Videos und Fotos anzusehen, die diese fortschrittliche L\u00f6sung zeigen. \u3010Wasserlos und Urinumleitung\u3011 Die umweltfreundliche Wahl \u2013 Die Villa Komposttoilette ist ein Meisterwerk der Innovation, bietet einen wasserlosen Betrieb, der sich nahtlos in Ihren umweltbewussten Lebensstil integriert. Es verf\u00fcgt \u00fcber ein hochmodernes Urinableitungssystem, das zur Wassereinsparung beitr\u00e4gt und die Notwendigkeit einer traditionellen Abfallwirtschaft reduziert. \u3010Vielseitige Stromversorgungsoptionen f\u00fcr jedes Zuhause\u3011 Betrieb sowohl an Wechselstrom (Standard-Haushalt oder Netz) als auch Gleichstrom (von Batterie oder Solar) Strom, sorgt Villa f\u00fcr Ihren Komfort \u00fcberall. Ausgestattet mit einem Ventilator mit einer Geschwindigkeit und Adaptern f\u00fcr Wechselstrom und Gleichstrom, unterst\u00fctzt die Bel\u00fcftung bis zu 6 m und ist somit die ideale Komposttoilette f\u00fcr jede Umgebung. Komplettes Set f\u00fcr eine einfache Installation \u2013 Ihr Kauf enth\u00e4lt alles, was f\u00fcr eine problemlose Einrichtung ben\u00f6tigt wird: direkte Entl\u00fcftungs- und Ablaufkomponenten (kompatibel mit US-Rohrgr\u00f6\u00dfen), einen Abfallbeh\u00e4lter mit Deckel und mehr. Als Zubeh\u00f6r ist auch ein Kindersitz erh\u00e4ltlich, der eine familienfreundliche Nutzung gew\u00e4hrleistet. \u3010Innovatives Design f\u00fcr geruchlose, hygienische Verwendung\u3011 Das intelligente Design verf\u00fcgt \u00fcber eine Toilettensch\u00fcssel, die Urin in ein Grauwassersystem oder einen Haltetank leitet, w\u00e4hrend fester Abfall in einem kompostierbaren M\u00fcllbeutel im festen Abfallhaltebereich enthalten ist. Der Ventilator f\u00f6rdert das Trocknen und die Geruchskontrolle und sorgt f\u00fcr eine hygienische Umgebung. NACHHALTIGE ABFALLMANAGEMENT &#8211; Nach etwa drei Wochen Gebrauch kann der kompostierbare Liner entfernt und in einem Komposter, zugelassenen Abfallbereich oder verbrannt werden und bietet eine umweltfreundliche Alternative zu herk\u00f6mmlichen Abfallentsorgungsmethoden. Diese wasserlose Toilette ist nicht nur ein Sprung in Richtung Nachhaltigkeit, sondern tr\u00e4gt auch die ETL-Zertifizierung. \u3010Un\u00fcbertroffene Qualit\u00e4t und Support\u3011Villa wird durch eine f\u00fcnfj\u00e4hrige Garantie auf Herstellungsfehler und eine dreij\u00e4hrige Garantie auf den Ventilator gesichert, was unser Engagement f\u00fcr Qualit\u00e4t best\u00e4tigt. \u3010Community &amp; Support\u3011Entdecken Sie die zahlreichen Videos f\u00fcr detaillierte Produkteinblicke und Best Practices. Wenn Sie auf Probleme sto\u00dfen, steht Ihnen das engagierte Separett Support-Team zur Verf\u00fcgung, um ein nahtloses Erlebnis mit Ihrer Komposttoilette zu gew\u00e4hrleisten. Villa repr\u00e4sentiert die Zukunft der umweltfreundlichen Sanit\u00e4rversorgung und verbindet nahtlos Funktionalit\u00e4t mit Umweltschutz.<\/span> <\/p>\n<p>Kompostierung, wasserlos, Urinumleitung, netzunabh\u00e4ngig, Toilette<br \/>\n<div class=\"main-cross-sell\" data-asin=\"B01N3QSLZK\">\n\n\t<div class=\"WooZone-cross-sell-loader\">\n\t\t<div>\n\t\t\t<div id=\"floatingBarsG\">\n\t\t\t\t<div class=\"blockG\" id=\"rotateG_01\"><\/div>\n\t\t\t\t<div class=\"blockG\" id=\"rotateG_02\"><\/div>\n\t\t\t\t<div class=\"blockG\" id=\"rotateG_03\"><\/div>\n\t\t\t\t<div class=\"blockG\" id=\"rotateG_04\"><\/div>\n\t\t\t\t<div class=\"blockG\" id=\"rotateG_05\"><\/div>\n\t\t\t\t<div class=\"blockG\" id=\"rotateG_06\"><\/div>\n\t\t\t\t<div class=\"blockG\" id=\"rotateG_07\"><\/div>\n\t\t\t\t<div class=\"blockG\" id=\"rotateG_08\"><\/div>\n\t\t\t<\/div>\n\t\t\t<div class=\"WooZone-cross-sell-loader-text\"><\/div>\n\t\t<\/div>\n\t<\/div>\n\n\t\t\n<\/div>\n<div style=\"clear:both;\"><\/div>\n","protected":false},"excerpt":{"rendered":"<p>Kompostierung, wasserlos, Urinumleitung, netzunabh\u00e4ngig, Toilette<\/p>\n","protected":false},"featured_media":11489,"comment_status":"open","ping_status":"closed","template":"","meta":{"_acf_changed":false},"product_brand":[],"product_cat":[255,251],"product_tag":[],"class_list":{"0":"post-11488","1":"product","2":"type-product","3":"status-publish","4":"has-post-thumbnail","6":"product_cat-komposttoiletten","7":"product_cat-netzunabhangig","9":"first","10":"instock","11":"shipping-taxable","12":"product-type-external"},"acf":[],"yoast_head":"<!-- This site is optimized with the Yoast SEO plugin v27.5 - https:\/\/yoast.com\/product\/yoast-seo-wordpress\/ -->\n<title>Komposttoilette Separett Villa Urinumleitung hohe Kapazit\u00e4t - Notfallvorsorge - Krisenvorsorge<\/title>\n<meta name=\"robots\" content=\"index, follow, max-snippet:-1, max-image-preview:large, max-video-preview:-1\" \/>\n<link rel=\"canonical\" href=\"https:\/\/www.ralti.de\/?product=komposttoilette-separett-villa-urinumleitung-hohe-kapazitat\" \/>\n<meta property=\"og:locale\" content=\"de_DE\" \/>\n<meta property=\"og:type\" content=\"article\" \/>\n<meta property=\"og:title\" content=\"Komposttoilette Separett Villa Urinumleitung hohe Kapazit\u00e4t - Notfallvorsorge - Krisenvorsorge\" \/>\n<meta property=\"og:description\" content=\"Kompostierung, wasserlos, Urinumleitung, netzunabh\u00e4ngig, Toilette\" \/>\n<meta property=\"og:url\" content=\"https:\/\/www.ralti.de\/?product=komposttoilette-separett-villa-urinumleitung-hohe-kapazitat\" \/>\n<meta property=\"og:site_name\" content=\"Notfallvorsorge - Krisenvorsorge\" \/>\n<meta property=\"og:image\" content=\"https:\/\/m.media-amazon.com\/images\/I\/21OqCgJJ-gL.jpg\" \/>\n\t<meta property=\"og:image:width\" content=\"500\" \/>\n\t<meta property=\"og:image:height\" content=\"500\" \/>\n\t<meta property=\"og:image:type\" content=\"image\/jpeg\" \/>\n<meta name=\"twitter:card\" content=\"summary_large_image\" \/>\n<meta name=\"twitter:label1\" content=\"Gesch\u00e4tzte Lesezeit\" \/>\n\t<meta name=\"twitter:data1\" content=\"2\u00a0Minuten\" \/>\n<script type=\"application\/ld+json\" class=\"yoast-schema-graph\">{\"@context\":\"https:\\\/\\\/schema.org\",\"@graph\":[{\"@type\":\"WebPage\",\"@id\":\"https:\\\/\\\/www.ralti.de\\\/?product=komposttoilette-separett-villa-urinumleitung-hohe-kapazitat\",\"url\":\"https:\\\/\\\/www.ralti.de\\\/?product=komposttoilette-separett-villa-urinumleitung-hohe-kapazitat\",\"name\":\"Komposttoilette Separett Villa Urinumleitung hohe Kapazit\u00e4t - Notfallvorsorge - Krisenvorsorge\",\"isPartOf\":{\"@id\":\"https:\\\/\\\/www.ralti.de\\\/#website\"},\"primaryImageOfPage\":{\"@id\":\"https:\\\/\\\/www.ralti.de\\\/?product=komposttoilette-separett-villa-urinumleitung-hohe-kapazitat#primaryimage\"},\"image\":{\"@id\":\"https:\\\/\\\/www.ralti.de\\\/?product=komposttoilette-separett-villa-urinumleitung-hohe-kapazitat#primaryimage\"},\"thumbnailUrl\":\"https:\\\/\\\/m.media-amazon.com\\\/images\\\/I\\\/21OqCgJJ-gL.jpg\",\"datePublished\":\"2025-11-25T11:42:01+00:00\",\"breadcrumb\":{\"@id\":\"https:\\\/\\\/www.ralti.de\\\/?product=komposttoilette-separett-villa-urinumleitung-hohe-kapazitat#breadcrumb\"},\"inLanguage\":\"de\",\"potentialAction\":[{\"@type\":\"ReadAction\",\"target\":[\"https:\\\/\\\/www.ralti.de\\\/?product=komposttoilette-separett-villa-urinumleitung-hohe-kapazitat\"]}]},{\"@type\":\"ImageObject\",\"inLanguage\":\"de\",\"@id\":\"https:\\\/\\\/www.ralti.de\\\/?product=komposttoilette-separett-villa-urinumleitung-hohe-kapazitat#primaryimage\",\"url\":\"https:\\\/\\\/m.media-amazon.com\\\/images\\\/I\\\/21OqCgJJ-gL.jpg\",\"contentUrl\":\"https:\\\/\\\/m.media-amazon.com\\\/images\\\/I\\\/21OqCgJJ-gL.jpg\",\"width\":500,\"height\":500},{\"@type\":\"BreadcrumbList\",\"@id\":\"https:\\\/\\\/www.ralti.de\\\/?product=komposttoilette-separett-villa-urinumleitung-hohe-kapazitat#breadcrumb\",\"itemListElement\":[{\"@type\":\"ListItem\",\"position\":1,\"name\":\"Start\",\"item\":\"https:\\\/\\\/www.ralti.de\\\/\"},{\"@type\":\"ListItem\",\"position\":2,\"name\":\"Notfallartikel\",\"item\":\"https:\\\/\\\/www.ralti.de\\\/?page_id=14189\"},{\"@type\":\"ListItem\",\"position\":3,\"name\":\"Komposttoilette Separett Villa Urinumleitung hohe Kapazit\u00e4t\"}]},{\"@type\":\"WebSite\",\"@id\":\"https:\\\/\\\/www.ralti.de\\\/#website\",\"url\":\"https:\\\/\\\/www.ralti.de\\\/\",\"name\":\"Ralti.de\",\"description\":\"Hier viele gute Angebote\",\"publisher\":{\"@id\":\"https:\\\/\\\/www.ralti.de\\\/#organization\"},\"potentialAction\":[{\"@type\":\"SearchAction\",\"target\":{\"@type\":\"EntryPoint\",\"urlTemplate\":\"https:\\\/\\\/www.ralti.de\\\/?s={search_term_string}\"},\"query-input\":{\"@type\":\"PropertyValueSpecification\",\"valueRequired\":true,\"valueName\":\"search_term_string\"}}],\"inLanguage\":\"de\"},{\"@type\":\"Organization\",\"@id\":\"https:\\\/\\\/www.ralti.de\\\/#organization\",\"name\":\"Ralti.de\",\"url\":\"https:\\\/\\\/www.ralti.de\\\/\",\"logo\":{\"@type\":\"ImageObject\",\"inLanguage\":\"de\",\"@id\":\"https:\\\/\\\/www.ralti.de\\\/#\\\/schema\\\/logo\\\/image\\\/\",\"url\":\"https:\\\/\\\/www.ralti.de\\\/wp-content\\\/uploads\\\/2025\\\/11\\\/ralti.png\",\"contentUrl\":\"https:\\\/\\\/www.ralti.de\\\/wp-content\\\/uploads\\\/2025\\\/11\\\/ralti.png\",\"width\":240,\"height\":75,\"caption\":\"Ralti.de\"},\"image\":{\"@id\":\"https:\\\/\\\/www.ralti.de\\\/#\\\/schema\\\/logo\\\/image\\\/\"}}]}<\/script>\n<!-- \/ Yoast SEO plugin. -->","yoast_head_json":{"title":"Komposttoilette Separett Villa Urinumleitung hohe Kapazit\u00e4t - Notfallvorsorge - Krisenvorsorge","robots":{"index":"index","follow":"follow","max-snippet":"max-snippet:-1","max-image-preview":"max-image-preview:large","max-video-preview":"max-video-preview:-1"},"canonical":"https:\/\/www.ralti.de\/?product=komposttoilette-separett-villa-urinumleitung-hohe-kapazitat","og_locale":"de_DE","og_type":"article","og_title":"Komposttoilette Separett Villa Urinumleitung hohe Kapazit\u00e4t - Notfallvorsorge - Krisenvorsorge","og_description":"Kompostierung, wasserlos, Urinumleitung, netzunabh\u00e4ngig, Toilette","og_url":"https:\/\/www.ralti.de\/?product=komposttoilette-separett-villa-urinumleitung-hohe-kapazitat","og_site_name":"Notfallvorsorge - Krisenvorsorge","og_image":[{"width":500,"height":500,"url":"https:\/\/m.media-amazon.com\/images\/I\/21OqCgJJ-gL.jpg","type":"image\/jpeg"}],"twitter_card":"summary_large_image","twitter_misc":{"Gesch\u00e4tzte Lesezeit":"2\u00a0Minuten"},"schema":{"@context":"https:\/\/schema.org","@graph":[{"@type":"WebPage","@id":"https:\/\/www.ralti.de\/?product=komposttoilette-separett-villa-urinumleitung-hohe-kapazitat","url":"https:\/\/www.ralti.de\/?product=komposttoilette-separett-villa-urinumleitung-hohe-kapazitat","name":"Komposttoilette Separett Villa Urinumleitung hohe Kapazit\u00e4t - Notfallvorsorge - Krisenvorsorge","isPartOf":{"@id":"https:\/\/www.ralti.de\/#website"},"primaryImageOfPage":{"@id":"https:\/\/www.ralti.de\/?product=komposttoilette-separett-villa-urinumleitung-hohe-kapazitat#primaryimage"},"image":{"@id":"https:\/\/www.ralti.de\/?product=komposttoilette-separett-villa-urinumleitung-hohe-kapazitat#primaryimage"},"thumbnailUrl":"https:\/\/m.media-amazon.com\/images\/I\/21OqCgJJ-gL.jpg","datePublished":"2025-11-25T11:42:01+00:00","breadcrumb":{"@id":"https:\/\/www.ralti.de\/?product=komposttoilette-separett-villa-urinumleitung-hohe-kapazitat#breadcrumb"},"inLanguage":"de","potentialAction":[{"@type":"ReadAction","target":["https:\/\/www.ralti.de\/?product=komposttoilette-separett-villa-urinumleitung-hohe-kapazitat"]}]},{"@type":"ImageObject","inLanguage":"de","@id":"https:\/\/www.ralti.de\/?product=komposttoilette-separett-villa-urinumleitung-hohe-kapazitat#primaryimage","url":"https:\/\/m.media-amazon.com\/images\/I\/21OqCgJJ-gL.jpg","contentUrl":"https:\/\/m.media-amazon.com\/images\/I\/21OqCgJJ-gL.jpg","width":500,"height":500},{"@type":"BreadcrumbList","@id":"https:\/\/www.ralti.de\/?product=komposttoilette-separett-villa-urinumleitung-hohe-kapazitat#breadcrumb","itemListElement":[{"@type":"ListItem","position":1,"name":"Start","item":"https:\/\/www.ralti.de\/"},{"@type":"ListItem","position":2,"name":"Notfallartikel","item":"https:\/\/www.ralti.de\/?page_id=14189"},{"@type":"ListItem","position":3,"name":"Komposttoilette Separett Villa Urinumleitung hohe Kapazit\u00e4t"}]},{"@type":"WebSite","@id":"https:\/\/www.ralti.de\/#website","url":"https:\/\/www.ralti.de\/","name":"Ralti.de","description":"Hier viele gute Angebote","publisher":{"@id":"https:\/\/www.ralti.de\/#organization"},"potentialAction":[{"@type":"SearchAction","target":{"@type":"EntryPoint","urlTemplate":"https:\/\/www.ralti.de\/?s={search_term_string}"},"query-input":{"@type":"PropertyValueSpecification","valueRequired":true,"valueName":"search_term_string"}}],"inLanguage":"de"},{"@type":"Organization","@id":"https:\/\/www.ralti.de\/#organization","name":"Ralti.de","url":"https:\/\/www.ralti.de\/","logo":{"@type":"ImageObject","inLanguage":"de","@id":"https:\/\/www.ralti.de\/#\/schema\/logo\/image\/","url":"https:\/\/www.ralti.de\/wp-content\/uploads\/2025\/11\/ralti.png","contentUrl":"https:\/\/www.ralti.de\/wp-content\/uploads\/2025\/11\/ralti.png","width":240,"height":75,"caption":"Ralti.de"},"image":{"@id":"https:\/\/www.ralti.de\/#\/schema\/logo\/image\/"}}]}},"_links":{"self":[{"href":"https:\/\/www.ralti.de\/index.php?rest_route=\/wp\/v2\/product\/11488","targetHints":{"allow":["GET"]}}],"collection":[{"href":"https:\/\/www.ralti.de\/index.php?rest_route=\/wp\/v2\/product"}],"about":[{"href":"https:\/\/www.ralti.de\/index.php?rest_route=\/wp\/v2\/types\/product"}],"replies":[{"embeddable":true,"href":"https:\/\/www.ralti.de\/index.php?rest_route=%2Fwp%2Fv2%2Fcomments&post=11488"}],"wp:featuredmedia":[{"embeddable":true,"href":"https:\/\/www.ralti.de\/index.php?rest_route=\/wp\/v2\/media\/11489"}],"wp:attachment":[{"href":"https:\/\/www.ralti.de\/index.php?rest_route=%2Fwp%2Fv2%2Fmedia&parent=11488"}],"wp:term":[{"taxonomy":"product_brand","embeddable":true,"href":"https:\/\/www.ralti.de\/index.php?rest_route=%2Fwp%2Fv2%2Fproduct_brand&post=11488"},{"taxonomy":"product_cat","embeddable":true,"href":"https:\/\/www.ralti.de\/index.php?rest_route=%2Fwp%2Fv2%2Fproduct_cat&post=11488"},{"taxonomy":"product_tag","embeddable":true,"href":"https:\/\/www.ralti.de\/index.php?rest_route=%2Fwp%2Fv2%2Fproduct_tag&post=11488"}],"curies":[{"name":"wp","href":"https:\/\/api.w.org\/{rel}","templated":true}]}}