{"id":11599,"date":"2025-11-25T11:42:21","date_gmt":"2025-11-25T11:42:21","guid":{"rendered":"https:\/\/www.ralti.de\/shop-2\/uncategorized\/healthspan-vene-vine-360mg-gegen-mude-schwere-beine-unterstutzt-gesunde-beinvenenfunktionen-roter-weinblatt-extrakt-zusatzliche-vitamine-b1-c-vegan-90-tabletten\/"},"modified":"2025-11-25T11:42:21","modified_gmt":"2025-11-25T11:42:21","slug":"healthspan-vene-vine-360mg-gegen-mude-schwere-beine-unterstutzt-gesunde-beinvenenfunktionen-roter-weinblatt-extrakt-zusatzliche-vitamine-b1-c-vegan-90-tabletten","status":"publish","type":"product","link":"https:\/\/www.ralti.de\/?product=healthspan-vene-vine-360mg-gegen-mude-schwere-beine-unterstutzt-gesunde-beinvenenfunktionen-roter-weinblatt-extrakt-zusatzliche-vitamine-b1-c-vegan-90-tabletten","title":{"rendered":"Healthspan Vene Vine 360mg | Gegen m\u00fcde &#038; schwere Beine | Unterst\u00fctzt gesunde Beinvenenfunktionen | Roter Weinblatt-Extrakt | Zus\u00e4tzliche Vitamine B1 &#038; C | Vegan | 90 Tabletten"},"content":{"rendered":"<p>ERFRISCHENDE UNTERST\u00dcTZUNG F\u00dcR M\u00dcDE BEINE: Healthspan Vene Vine bietet eine gezielte Formel, um m\u00fcde und schwere Beine zu entlasten, indem es die nat\u00fcrliche Venenfunktionen f\u00f6rdert.<br \/>\nHOCHDOSIERT: Mit einer gro\u00dfz\u00fcgigen Dosierung von 360 mg Roter Weinblatt-Extrakt in jeder Tablette spielt Healthspan Vene Vine eine entscheidende Rolle dabei, die Gesundheit der Beinvenen nachhaltig zu unterst\u00fctzen.<br \/>\nZUS\u00c4TZLICHES VITAMIN B1 &#038; C: Durch die Integration von Vitamin B1 und Vitamin C werden nicht nur die spezifischen Bed\u00fcrfnisse unterst\u00fctzt, sondern auch der optimale Nutzen f\u00fcr die Gesundheit der Beine gew\u00e4hrleistet.<br \/>\nVEGAN &#038; HOCHWERTIG: Healthspan Vene Vine Tabletten sind vegan-freundlich und werden aus hochwertigen Inhaltsstoffen hergestellt, um eine optimale Qualit\u00e4t und Wirksamkeit zu gew\u00e4hrleisten.<br \/>\nEINNAHMEEMPFEHLUNG: Wir empfehlen Ihnen t\u00e4glich eine Tablette mit ausrreichend Fl\u00fcssigkeit zu sich nehmen. Mit dieser unkomplizierten Einnahmerichtlinie tragen Sie dazu bei, Ihre Gesundheit zu f\u00f6rdern und Ihr Wohlbefinden zu steigern.<br \/>\n<div class=\"main-cross-sell\" data-asin=\"B08G8GQ8N1\">\n\n\t<div class=\"WooZone-cross-sell-loader\">\n\t\t<div>\n\t\t\t<div id=\"floatingBarsG\">\n\t\t\t\t<div class=\"blockG\" id=\"rotateG_01\"><\/div>\n\t\t\t\t<div class=\"blockG\" id=\"rotateG_02\"><\/div>\n\t\t\t\t<div class=\"blockG\" id=\"rotateG_03\"><\/div>\n\t\t\t\t<div class=\"blockG\" id=\"rotateG_04\"><\/div>\n\t\t\t\t<div class=\"blockG\" id=\"rotateG_05\"><\/div>\n\t\t\t\t<div class=\"blockG\" id=\"rotateG_06\"><\/div>\n\t\t\t\t<div class=\"blockG\" id=\"rotateG_07\"><\/div>\n\t\t\t\t<div class=\"blockG\" id=\"rotateG_08\"><\/div>\n\t\t\t<\/div>\n\t\t\t<div class=\"WooZone-cross-sell-loader-text\"><\/div>\n\t\t<\/div>\n\t<\/div>\n\n\t\t\n<\/div>\n<div style=\"clear:both;\"><\/div>\n","protected":false},"excerpt":{"rendered":"<p>ERFRISCHENDE UNTERST\u00dcTZUNG F\u00dcR M\u00dcDE BEINE: Healthspan Vene Vine bietet eine gezielte Formel, um m\u00fcde und schwere Beine zu entlasten, indem es die nat\u00fcrliche Venenfunktionen f\u00f6rdert.<br \/>\nHOCHDOSIERT: Mit einer gro\u00dfz\u00fcgigen Dosierung von 360 mg Roter Weinblatt-Extrakt in jeder Tablette spielt Healthspan Vene Vine eine entscheidende Rolle dabei, die Gesundheit der Beinvenen nachhaltig zu unterst\u00fctzen.<br \/>\nZUS\u00c4TZLICHES VITAMIN B1 &#038; C: Durch die Integration von Vitamin B1 und Vitamin C werden nicht nur die spezifischen Bed\u00fcrfnisse unterst\u00fctzt, sondern auch der optimale Nutzen f\u00fcr die Gesundheit der Beine gew\u00e4hrleistet.<\/p>\n","protected":false},"featured_media":11600,"comment_status":"open","ping_status":"closed","template":"","meta":{"_acf_changed":false},"product_brand":[],"product_cat":[245,249],"product_tag":[],"class_list":{"0":"post-11599","1":"product","2":"type-product","3":"status-publish","4":"has-post-thumbnail","6":"product_cat-gesundheit","7":"product_cat-vitamine-und-notfallmedizin","9":"first","10":"instock","11":"sale","12":"shipping-taxable","13":"product-type-external"},"acf":[],"yoast_head":"<!-- This site is optimized with the Yoast SEO plugin v27.3 - https:\/\/yoast.com\/product\/yoast-seo-wordpress\/ -->\n<title>Healthspan Vene Vine 360mg | Gegen m\u00fcde &amp; schwere Beine | Unterst\u00fctzt gesunde Beinvenenfunktionen | Roter Weinblatt-Extrakt | Zus\u00e4tzliche Vitamine B1 &amp; C | Vegan | 90 Tabletten - Notfallvorsorge - Krisenvorsorge<\/title>\n<meta name=\"robots\" content=\"index, follow, max-snippet:-1, max-image-preview:large, max-video-preview:-1\" \/>\n<link rel=\"canonical\" href=\"https:\/\/www.ralti.de\/?product=healthspan-vene-vine-360mg-gegen-mude-schwere-beine-unterstutzt-gesunde-beinvenenfunktionen-roter-weinblatt-extrakt-zusatzliche-vitamine-b1-c-vegan-90-tabletten\" \/>\n<meta property=\"og:locale\" content=\"de_DE\" \/>\n<meta property=\"og:type\" content=\"article\" \/>\n<meta property=\"og:title\" content=\"Healthspan Vene Vine 360mg | Gegen m\u00fcde &amp; schwere Beine | Unterst\u00fctzt gesunde Beinvenenfunktionen | Roter Weinblatt-Extrakt | Zus\u00e4tzliche Vitamine B1 &amp; C | Vegan | 90 Tabletten - Notfallvorsorge - Krisenvorsorge\" \/>\n<meta property=\"og:description\" content=\"ERFRISCHENDE UNTERST\u00dcTZUNG F\u00dcR M\u00dcDE BEINE: Healthspan Vene Vine bietet eine gezielte Formel, um m\u00fcde und schwere Beine zu entlasten, indem es die nat\u00fcrliche Venenfunktionen f\u00f6rdert. HOCHDOSIERT: Mit einer gro\u00dfz\u00fcgigen Dosierung von 360 mg Roter Weinblatt-Extrakt in jeder Tablette spielt Healthspan Vene Vine eine entscheidende Rolle dabei, die Gesundheit der Beinvenen nachhaltig zu unterst\u00fctzen. ZUS\u00c4TZLICHES VITAMIN B1 &amp; C: Durch die Integration von Vitamin B1 und Vitamin C werden nicht nur die spezifischen Bed\u00fcrfnisse unterst\u00fctzt, sondern auch der optimale Nutzen f\u00fcr die Gesundheit der Beine gew\u00e4hrleistet.\" \/>\n<meta property=\"og:url\" content=\"https:\/\/www.ralti.de\/?product=healthspan-vene-vine-360mg-gegen-mude-schwere-beine-unterstutzt-gesunde-beinvenenfunktionen-roter-weinblatt-extrakt-zusatzliche-vitamine-b1-c-vegan-90-tabletten\" \/>\n<meta property=\"og:site_name\" content=\"Notfallvorsorge - Krisenvorsorge\" \/>\n<meta property=\"og:image\" content=\"https:\/\/m.media-amazon.com\/images\/I\/41bso0-5GKL.jpg\" \/>\n\t<meta property=\"og:image:width\" content=\"500\" \/>\n\t<meta property=\"og:image:height\" content=\"500\" \/>\n\t<meta property=\"og:image:type\" content=\"image\/jpeg\" \/>\n<meta name=\"twitter:card\" content=\"summary_large_image\" \/>\n<meta name=\"twitter:label1\" content=\"Gesch\u00e4tzte Lesezeit\" \/>\n\t<meta name=\"twitter:data1\" content=\"1\u00a0Minute\" \/>\n<script type=\"application\/ld+json\" class=\"yoast-schema-graph\">{\"@context\":\"https:\\\/\\\/schema.org\",\"@graph\":[{\"@type\":\"WebPage\",\"@id\":\"https:\\\/\\\/www.ralti.de\\\/?product=healthspan-vene-vine-360mg-gegen-mude-schwere-beine-unterstutzt-gesunde-beinvenenfunktionen-roter-weinblatt-extrakt-zusatzliche-vitamine-b1-c-vegan-90-tabletten\",\"url\":\"https:\\\/\\\/www.ralti.de\\\/?product=healthspan-vene-vine-360mg-gegen-mude-schwere-beine-unterstutzt-gesunde-beinvenenfunktionen-roter-weinblatt-extrakt-zusatzliche-vitamine-b1-c-vegan-90-tabletten\",\"name\":\"Healthspan Vene Vine 360mg | Gegen m\u00fcde & schwere Beine | Unterst\u00fctzt gesunde Beinvenenfunktionen | Roter Weinblatt-Extrakt | Zus\u00e4tzliche Vitamine B1 & C | Vegan | 90 Tabletten - Notfallvorsorge - Krisenvorsorge\",\"isPartOf\":{\"@id\":\"https:\\\/\\\/www.ralti.de\\\/#website\"},\"primaryImageOfPage\":{\"@id\":\"https:\\\/\\\/www.ralti.de\\\/?product=healthspan-vene-vine-360mg-gegen-mude-schwere-beine-unterstutzt-gesunde-beinvenenfunktionen-roter-weinblatt-extrakt-zusatzliche-vitamine-b1-c-vegan-90-tabletten#primaryimage\"},\"image\":{\"@id\":\"https:\\\/\\\/www.ralti.de\\\/?product=healthspan-vene-vine-360mg-gegen-mude-schwere-beine-unterstutzt-gesunde-beinvenenfunktionen-roter-weinblatt-extrakt-zusatzliche-vitamine-b1-c-vegan-90-tabletten#primaryimage\"},\"thumbnailUrl\":\"https:\\\/\\\/m.media-amazon.com\\\/images\\\/I\\\/41bso0-5GKL.jpg\",\"datePublished\":\"2025-11-25T11:42:21+00:00\",\"breadcrumb\":{\"@id\":\"https:\\\/\\\/www.ralti.de\\\/?product=healthspan-vene-vine-360mg-gegen-mude-schwere-beine-unterstutzt-gesunde-beinvenenfunktionen-roter-weinblatt-extrakt-zusatzliche-vitamine-b1-c-vegan-90-tabletten#breadcrumb\"},\"inLanguage\":\"de\",\"potentialAction\":[{\"@type\":\"ReadAction\",\"target\":[\"https:\\\/\\\/www.ralti.de\\\/?product=healthspan-vene-vine-360mg-gegen-mude-schwere-beine-unterstutzt-gesunde-beinvenenfunktionen-roter-weinblatt-extrakt-zusatzliche-vitamine-b1-c-vegan-90-tabletten\"]}]},{\"@type\":\"ImageObject\",\"inLanguage\":\"de\",\"@id\":\"https:\\\/\\\/www.ralti.de\\\/?product=healthspan-vene-vine-360mg-gegen-mude-schwere-beine-unterstutzt-gesunde-beinvenenfunktionen-roter-weinblatt-extrakt-zusatzliche-vitamine-b1-c-vegan-90-tabletten#primaryimage\",\"url\":\"https:\\\/\\\/m.media-amazon.com\\\/images\\\/I\\\/41bso0-5GKL.jpg\",\"contentUrl\":\"https:\\\/\\\/m.media-amazon.com\\\/images\\\/I\\\/41bso0-5GKL.jpg\",\"width\":500,\"height\":500},{\"@type\":\"BreadcrumbList\",\"@id\":\"https:\\\/\\\/www.ralti.de\\\/?product=healthspan-vene-vine-360mg-gegen-mude-schwere-beine-unterstutzt-gesunde-beinvenenfunktionen-roter-weinblatt-extrakt-zusatzliche-vitamine-b1-c-vegan-90-tabletten#breadcrumb\",\"itemListElement\":[{\"@type\":\"ListItem\",\"position\":1,\"name\":\"Start\",\"item\":\"https:\\\/\\\/www.ralti.de\\\/\"},{\"@type\":\"ListItem\",\"position\":2,\"name\":\"Notfallartikel\",\"item\":\"https:\\\/\\\/www.ralti.de\\\/?page_id=14189\"},{\"@type\":\"ListItem\",\"position\":3,\"name\":\"Healthspan Vene Vine 360mg | Gegen m\u00fcde &#038; schwere Beine | Unterst\u00fctzt gesunde Beinvenenfunktionen | Roter Weinblatt-Extrakt | Zus\u00e4tzliche Vitamine B1 &#038; C | Vegan | 90 Tabletten\"}]},{\"@type\":\"WebSite\",\"@id\":\"https:\\\/\\\/www.ralti.de\\\/#website\",\"url\":\"https:\\\/\\\/www.ralti.de\\\/\",\"name\":\"Ralti.de\",\"description\":\"Hier viele gute Angebote\",\"publisher\":{\"@id\":\"https:\\\/\\\/www.ralti.de\\\/#organization\"},\"potentialAction\":[{\"@type\":\"SearchAction\",\"target\":{\"@type\":\"EntryPoint\",\"urlTemplate\":\"https:\\\/\\\/www.ralti.de\\\/?s={search_term_string}\"},\"query-input\":{\"@type\":\"PropertyValueSpecification\",\"valueRequired\":true,\"valueName\":\"search_term_string\"}}],\"inLanguage\":\"de\"},{\"@type\":\"Organization\",\"@id\":\"https:\\\/\\\/www.ralti.de\\\/#organization\",\"name\":\"Ralti.de\",\"url\":\"https:\\\/\\\/www.ralti.de\\\/\",\"logo\":{\"@type\":\"ImageObject\",\"inLanguage\":\"de\",\"@id\":\"https:\\\/\\\/www.ralti.de\\\/#\\\/schema\\\/logo\\\/image\\\/\",\"url\":\"https:\\\/\\\/www.ralti.de\\\/wp-content\\\/uploads\\\/2025\\\/11\\\/ralti.png\",\"contentUrl\":\"https:\\\/\\\/www.ralti.de\\\/wp-content\\\/uploads\\\/2025\\\/11\\\/ralti.png\",\"width\":240,\"height\":75,\"caption\":\"Ralti.de\"},\"image\":{\"@id\":\"https:\\\/\\\/www.ralti.de\\\/#\\\/schema\\\/logo\\\/image\\\/\"}}]}<\/script>\n<!-- \/ Yoast SEO plugin. -->","yoast_head_json":{"title":"Healthspan Vene Vine 360mg | Gegen m\u00fcde & schwere Beine | Unterst\u00fctzt gesunde Beinvenenfunktionen | Roter Weinblatt-Extrakt | Zus\u00e4tzliche Vitamine B1 & C | Vegan | 90 Tabletten - Notfallvorsorge - Krisenvorsorge","robots":{"index":"index","follow":"follow","max-snippet":"max-snippet:-1","max-image-preview":"max-image-preview:large","max-video-preview":"max-video-preview:-1"},"canonical":"https:\/\/www.ralti.de\/?product=healthspan-vene-vine-360mg-gegen-mude-schwere-beine-unterstutzt-gesunde-beinvenenfunktionen-roter-weinblatt-extrakt-zusatzliche-vitamine-b1-c-vegan-90-tabletten","og_locale":"de_DE","og_type":"article","og_title":"Healthspan Vene Vine 360mg | Gegen m\u00fcde & schwere Beine | Unterst\u00fctzt gesunde Beinvenenfunktionen | Roter Weinblatt-Extrakt | Zus\u00e4tzliche Vitamine B1 & C | Vegan | 90 Tabletten - Notfallvorsorge - Krisenvorsorge","og_description":"ERFRISCHENDE UNTERST\u00dcTZUNG F\u00dcR M\u00dcDE BEINE: Healthspan Vene Vine bietet eine gezielte Formel, um m\u00fcde und schwere Beine zu entlasten, indem es die nat\u00fcrliche Venenfunktionen f\u00f6rdert. HOCHDOSIERT: Mit einer gro\u00dfz\u00fcgigen Dosierung von 360 mg Roter Weinblatt-Extrakt in jeder Tablette spielt Healthspan Vene Vine eine entscheidende Rolle dabei, die Gesundheit der Beinvenen nachhaltig zu unterst\u00fctzen. ZUS\u00c4TZLICHES VITAMIN B1 & C: Durch die Integration von Vitamin B1 und Vitamin C werden nicht nur die spezifischen Bed\u00fcrfnisse unterst\u00fctzt, sondern auch der optimale Nutzen f\u00fcr die Gesundheit der Beine gew\u00e4hrleistet.","og_url":"https:\/\/www.ralti.de\/?product=healthspan-vene-vine-360mg-gegen-mude-schwere-beine-unterstutzt-gesunde-beinvenenfunktionen-roter-weinblatt-extrakt-zusatzliche-vitamine-b1-c-vegan-90-tabletten","og_site_name":"Notfallvorsorge - Krisenvorsorge","og_image":[{"width":500,"height":500,"url":"https:\/\/m.media-amazon.com\/images\/I\/41bso0-5GKL.jpg","type":"image\/jpeg"}],"twitter_card":"summary_large_image","twitter_misc":{"Gesch\u00e4tzte Lesezeit":"1\u00a0Minute"},"schema":{"@context":"https:\/\/schema.org","@graph":[{"@type":"WebPage","@id":"https:\/\/www.ralti.de\/?product=healthspan-vene-vine-360mg-gegen-mude-schwere-beine-unterstutzt-gesunde-beinvenenfunktionen-roter-weinblatt-extrakt-zusatzliche-vitamine-b1-c-vegan-90-tabletten","url":"https:\/\/www.ralti.de\/?product=healthspan-vene-vine-360mg-gegen-mude-schwere-beine-unterstutzt-gesunde-beinvenenfunktionen-roter-weinblatt-extrakt-zusatzliche-vitamine-b1-c-vegan-90-tabletten","name":"Healthspan Vene Vine 360mg | Gegen m\u00fcde & schwere Beine | Unterst\u00fctzt gesunde Beinvenenfunktionen | Roter Weinblatt-Extrakt | Zus\u00e4tzliche Vitamine B1 & C | Vegan | 90 Tabletten - Notfallvorsorge - Krisenvorsorge","isPartOf":{"@id":"https:\/\/www.ralti.de\/#website"},"primaryImageOfPage":{"@id":"https:\/\/www.ralti.de\/?product=healthspan-vene-vine-360mg-gegen-mude-schwere-beine-unterstutzt-gesunde-beinvenenfunktionen-roter-weinblatt-extrakt-zusatzliche-vitamine-b1-c-vegan-90-tabletten#primaryimage"},"image":{"@id":"https:\/\/www.ralti.de\/?product=healthspan-vene-vine-360mg-gegen-mude-schwere-beine-unterstutzt-gesunde-beinvenenfunktionen-roter-weinblatt-extrakt-zusatzliche-vitamine-b1-c-vegan-90-tabletten#primaryimage"},"thumbnailUrl":"https:\/\/m.media-amazon.com\/images\/I\/41bso0-5GKL.jpg","datePublished":"2025-11-25T11:42:21+00:00","breadcrumb":{"@id":"https:\/\/www.ralti.de\/?product=healthspan-vene-vine-360mg-gegen-mude-schwere-beine-unterstutzt-gesunde-beinvenenfunktionen-roter-weinblatt-extrakt-zusatzliche-vitamine-b1-c-vegan-90-tabletten#breadcrumb"},"inLanguage":"de","potentialAction":[{"@type":"ReadAction","target":["https:\/\/www.ralti.de\/?product=healthspan-vene-vine-360mg-gegen-mude-schwere-beine-unterstutzt-gesunde-beinvenenfunktionen-roter-weinblatt-extrakt-zusatzliche-vitamine-b1-c-vegan-90-tabletten"]}]},{"@type":"ImageObject","inLanguage":"de","@id":"https:\/\/www.ralti.de\/?product=healthspan-vene-vine-360mg-gegen-mude-schwere-beine-unterstutzt-gesunde-beinvenenfunktionen-roter-weinblatt-extrakt-zusatzliche-vitamine-b1-c-vegan-90-tabletten#primaryimage","url":"https:\/\/m.media-amazon.com\/images\/I\/41bso0-5GKL.jpg","contentUrl":"https:\/\/m.media-amazon.com\/images\/I\/41bso0-5GKL.jpg","width":500,"height":500},{"@type":"BreadcrumbList","@id":"https:\/\/www.ralti.de\/?product=healthspan-vene-vine-360mg-gegen-mude-schwere-beine-unterstutzt-gesunde-beinvenenfunktionen-roter-weinblatt-extrakt-zusatzliche-vitamine-b1-c-vegan-90-tabletten#breadcrumb","itemListElement":[{"@type":"ListItem","position":1,"name":"Start","item":"https:\/\/www.ralti.de\/"},{"@type":"ListItem","position":2,"name":"Notfallartikel","item":"https:\/\/www.ralti.de\/?page_id=14189"},{"@type":"ListItem","position":3,"name":"Healthspan Vene Vine 360mg | Gegen m\u00fcde &#038; schwere Beine | Unterst\u00fctzt gesunde Beinvenenfunktionen | Roter Weinblatt-Extrakt | Zus\u00e4tzliche Vitamine B1 &#038; C | Vegan | 90 Tabletten"}]},{"@type":"WebSite","@id":"https:\/\/www.ralti.de\/#website","url":"https:\/\/www.ralti.de\/","name":"Ralti.de","description":"Hier viele gute Angebote","publisher":{"@id":"https:\/\/www.ralti.de\/#organization"},"potentialAction":[{"@type":"SearchAction","target":{"@type":"EntryPoint","urlTemplate":"https:\/\/www.ralti.de\/?s={search_term_string}"},"query-input":{"@type":"PropertyValueSpecification","valueRequired":true,"valueName":"search_term_string"}}],"inLanguage":"de"},{"@type":"Organization","@id":"https:\/\/www.ralti.de\/#organization","name":"Ralti.de","url":"https:\/\/www.ralti.de\/","logo":{"@type":"ImageObject","inLanguage":"de","@id":"https:\/\/www.ralti.de\/#\/schema\/logo\/image\/","url":"https:\/\/www.ralti.de\/wp-content\/uploads\/2025\/11\/ralti.png","contentUrl":"https:\/\/www.ralti.de\/wp-content\/uploads\/2025\/11\/ralti.png","width":240,"height":75,"caption":"Ralti.de"},"image":{"@id":"https:\/\/www.ralti.de\/#\/schema\/logo\/image\/"}}]}},"_links":{"self":[{"href":"https:\/\/www.ralti.de\/index.php?rest_route=\/wp\/v2\/product\/11599","targetHints":{"allow":["GET"]}}],"collection":[{"href":"https:\/\/www.ralti.de\/index.php?rest_route=\/wp\/v2\/product"}],"about":[{"href":"https:\/\/www.ralti.de\/index.php?rest_route=\/wp\/v2\/types\/product"}],"replies":[{"embeddable":true,"href":"https:\/\/www.ralti.de\/index.php?rest_route=%2Fwp%2Fv2%2Fcomments&post=11599"}],"wp:featuredmedia":[{"embeddable":true,"href":"https:\/\/www.ralti.de\/index.php?rest_route=\/wp\/v2\/media\/11600"}],"wp:attachment":[{"href":"https:\/\/www.ralti.de\/index.php?rest_route=%2Fwp%2Fv2%2Fmedia&parent=11599"}],"wp:term":[{"taxonomy":"product_brand","embeddable":true,"href":"https:\/\/www.ralti.de\/index.php?rest_route=%2Fwp%2Fv2%2Fproduct_brand&post=11599"},{"taxonomy":"product_cat","embeddable":true,"href":"https:\/\/www.ralti.de\/index.php?rest_route=%2Fwp%2Fv2%2Fproduct_cat&post=11599"},{"taxonomy":"product_tag","embeddable":true,"href":"https:\/\/www.ralti.de\/index.php?rest_route=%2Fwp%2Fv2%2Fproduct_tag&post=11599"}],"curies":[{"name":"wp","href":"https:\/\/api.w.org\/{rel}","templated":true}]}}