{"id":11629,"date":"2025-11-25T11:42:29","date_gmt":"2025-11-25T11:42:29","guid":{"rendered":"https:\/\/www.ralti.de\/shop-2\/uncategorized\/multivitamin-centrum-fur-sie-60-st-hochwertiges-nahrungserganzungsmittel-mit-mikronahrstoffen-speziell-fur-frauen-vitamine-mineralstoffe-und-spurenelemente-zur-taglichen-komplettversorgung\/"},"modified":"2025-11-25T11:42:29","modified_gmt":"2025-11-25T11:42:29","slug":"multivitamin-centrum-fur-sie-60-st-hochwertiges-nahrungserganzungsmittel-mit-mikronahrstoffen-speziell-fur-frauen-vitamine-mineralstoffe-und-spurenelemente-zur-taglichen-komplettversorgung","status":"publish","type":"product","link":"https:\/\/www.ralti.de\/?product=multivitamin-centrum-fur-sie-60-st-hochwertiges-nahrungserganzungsmittel-mit-mikronahrstoffen-speziell-fur-frauen-vitamine-mineralstoffe-und-spurenelemente-zur-taglichen-komplettversorgung","title":{"rendered":"Multivitamin &#8211; Centrum F\u00fcr Sie, 60 St. &#8211; Hochwertiges Nahrungserg\u00e4nzungsmittel mit Mikron\u00e4hrstoffen speziell f\u00fcr Frauen &#8211; Vitamine, Mineralstoffe und Spurenelemente zur t\u00e4glichen Komplettversorgung"},"content":{"rendered":"<p><!-- show up to 2 reviews by default --> <\/p>\n<h3> <span>Produktbeschreibung<\/span> <\/h3>\n<p> <span>Centrum Multivitamin, Der menschliche K\u00f6rper ist ein biologisches Meisterwerk in dem hochkomplexe Prozesse ablaufen f\u00fcr die Mikron\u00e4hrstoffe in ausreichender Menge ben\u00f6tigt werden. Die Centrum Frauen-N\u00e4hrstoff-Formel F\u00fcr Sie enth\u00e4lt alle lebensnotwendigen Vitamine sowie wichtige Mineralstoffe und Spurenelemente. Die Formulierung ist speziell auf die Bed\u00fcrfnisse von Frauen abgestimmt &#8211; zur optimalen Erg\u00e4nzung Ihrer t\u00e4glichen Ern\u00e4hrung. Mit nur einer Tablette pro Tag decken Sie den Tagesbedarf vieler Vitamine, Mineralstoffe Spurenelemente. Das Ergebnis: Der K\u00f6rper wird durch die mit Sorgfalt zusammengestellte N\u00e4hrstoffformel ganzheitlich unterst\u00fctzt. Abwehrkr\u00e4fte: Vitamin C, Zink und Selen unterst\u00fctzen die normale Funktion des Immunsystems. Gehirn: Eisen tr\u00e4gt zu einer normalen kognitiven Funktion und Pantothens\u00e4ure zu einer normalen geistigen Leistung bei. Augen: Vitamin A tr\u00e4gt zur Erhaltung normaler Sehkraft bei. Vitalit\u00e4t und Energie: Vitamin B6 und B12 tragen zur Verringerung von M\u00fcdigkeit und Erm\u00fcdung bei. Knochen Gelenke: Vitamin D und Calcium tragen zur Erhaltung normaler Knochen bei. Haut Haare: Biotin tr\u00e4gt zur Erhaltung normaler Haut und Haare bei. Muskeln: Kalium und Magnesium tragen zu einer normalen Muskelfunktion bei. Zellschutz: Vitamin E und Kupfer tragen dazu bei, die Zellen vor oxidativem Stress zu sch\u00fctzen. Die Centrum Formulierungen werden auf Grundlage wissenschaftlicher Forschungen entwickelt und von N\u00e4hrstoffexperten formuliert. S\u00e4mtliche Mikron\u00e4hrstoffe sind auf Sicherheit gepr\u00fcft und zertifiziert. Centrum F\u00fcr Sie ist: &#8211; F\u00fcr Diabetiker geeignet ohne Anrechnung von Broteinheiten (BE) &#8211; glutenfrei &#8211; laktosefrei &#8211; glutenfrei<\/span> <\/p>\n<h3> <span>Inhaltsstoffe \/ Zutaten<\/span> <\/h3>\n<p> <span>Calciumhydrogenphosphat; Calciumcarbonat; Magnesiumoxid; F\u00fcllstoffe: E 460, E 464, E 1200; L-Ascorbins\u00e4ure; Trennmittel: E 468, E 470b, E 551, E 553b; Eisen-II-fumarat; DL-alpha-Tocopherylacetat; Nicotinamid; Calcium-D-Pantothenat; Zinkoxid; Pyridoxinhydrochlorid; Riboflavin; Thiaminmononitrat; pflanzliche \u00d6le (Kokos-, Palmkern\u00f6l); Beta-Carotin; Kupfersulfat; Retinylacetat; Pteroylmonoglutamins\u00e4ure; Chrom-III-chlorid; Natriummolybdat; Kaliumjodid; Natriumselenat; D-Biotin; Phyllochinon; Cholecalciferol; Cyanocobalamin; Farbstoffe: E 120, E 133.<\/span> <\/p>\n<div data-a-expander-name=\"toggle_description\" class=\"a-row a-expander-container a-expander-extend-container\">\n<div data-expanded=\"false\" class=\"a-expander-content a-expander-extend-content\">\n<h3> <span>Anschrift Hersteller\/Importeur<\/span> <\/h3>\n<p> <span>Haleon Germany GmbH, Barthstra\u00dfe 4, 80339, M\u00fcnchen, Deutschland<\/span> <\/p>\n<\/p><\/div>\n<p> <a aria-expanded=\"false\" role=\"button\" href=\"javascript:void(0)\" data-action=\"a-expander-toggle\" class=\"a-expander-header a-declarative a-expander-extend-header\" data-a-expander-toggle=\"{\" allowlinkdefault anzeigen><i class=\"a-icon a-icon-extender-expand\"><\/i><span class=\"a-expander-prompt\">Mehr<\/span><\/a> <\/div>\n<p>Die hochwertige Frauen-N\u00e4hrstoff-Formel versorgt Sie komplett mit lebensnotwendigen Vitaminen, Mineralstoffen und Spurenelementen<br \/>\nDie Formulierung mit Multivitaminen ist speziell f\u00fcr die Bed\u00fcrfnisse von Frauen entwickelt<br \/>\nDie Centrum Verpackungen werden derzeit sukzessive auf ein neues Design umgestellt; w\u00e4hrend der Umstellungszeit sind beide Versionen im Umlauf.<br \/>\nDie Tablettenfarbe ist etwas dunkler als zuvor.<br \/>\nglutenfrei &#8211; laktosefrei &#8211; gelatinefrei<br \/>\n<div class=\"main-cross-sell\" data-asin=\"B00E6D65YW\">\n\n\t<div class=\"WooZone-cross-sell-loader\">\n\t\t<div>\n\t\t\t<div id=\"floatingBarsG\">\n\t\t\t\t<div class=\"blockG\" id=\"rotateG_01\"><\/div>\n\t\t\t\t<div class=\"blockG\" id=\"rotateG_02\"><\/div>\n\t\t\t\t<div class=\"blockG\" id=\"rotateG_03\"><\/div>\n\t\t\t\t<div class=\"blockG\" id=\"rotateG_04\"><\/div>\n\t\t\t\t<div class=\"blockG\" id=\"rotateG_05\"><\/div>\n\t\t\t\t<div class=\"blockG\" id=\"rotateG_06\"><\/div>\n\t\t\t\t<div class=\"blockG\" id=\"rotateG_07\"><\/div>\n\t\t\t\t<div class=\"blockG\" id=\"rotateG_08\"><\/div>\n\t\t\t<\/div>\n\t\t\t<div class=\"WooZone-cross-sell-loader-text\"><\/div>\n\t\t<\/div>\n\t<\/div>\n\n\t\t\n<\/div>\n<div style=\"clear:both;\"><\/div>\n","protected":false},"excerpt":{"rendered":"<p>Die hochwertige Frauen-N\u00e4hrstoff-Formel versorgt Sie komplett mit lebensnotwendigen Vitaminen, Mineralstoffen und Spurenelementen<br \/>\nDie Formulierung mit Multivitaminen ist speziell f\u00fcr die Bed\u00fcrfnisse von Frauen entwickelt<br \/>\nDie Centrum Verpackungen werden derzeit sukzessive auf ein neues Design umgestellt; w\u00e4hrend der Umstellungszeit sind beide Versionen im Umlauf.<\/p>\n","protected":false},"featured_media":11630,"comment_status":"open","ping_status":"closed","template":"","meta":{"_acf_changed":false},"product_brand":[],"product_cat":[245,249],"product_tag":[],"class_list":{"0":"post-11629","1":"product","2":"type-product","3":"status-publish","4":"has-post-thumbnail","6":"product_cat-gesundheit","7":"product_cat-vitamine-und-notfallmedizin","9":"first","10":"instock","11":"sale","12":"shipping-taxable","13":"product-type-external"},"acf":[],"yoast_head":"<!-- This site is optimized with the Yoast SEO plugin v27.3 - https:\/\/yoast.com\/product\/yoast-seo-wordpress\/ -->\n<title>Multivitamin - Centrum F\u00fcr Sie, 60 St. - Hochwertiges Nahrungserg\u00e4nzungsmittel mit Mikron\u00e4hrstoffen speziell f\u00fcr Frauen - Vitamine, Mineralstoffe und Spurenelemente zur t\u00e4glichen Komplettversorgung - Notfallvorsorge - Krisenvorsorge<\/title>\n<meta name=\"robots\" content=\"index, follow, max-snippet:-1, max-image-preview:large, max-video-preview:-1\" \/>\n<link rel=\"canonical\" href=\"https:\/\/www.ralti.de\/?product=multivitamin-centrum-fur-sie-60-st-hochwertiges-nahrungserganzungsmittel-mit-mikronahrstoffen-speziell-fur-frauen-vitamine-mineralstoffe-und-spurenelemente-zur-taglichen-komplettversorgung\" \/>\n<meta property=\"og:locale\" content=\"de_DE\" \/>\n<meta property=\"og:type\" content=\"article\" \/>\n<meta property=\"og:title\" content=\"Multivitamin - Centrum F\u00fcr Sie, 60 St. - Hochwertiges Nahrungserg\u00e4nzungsmittel mit Mikron\u00e4hrstoffen speziell f\u00fcr Frauen - Vitamine, Mineralstoffe und Spurenelemente zur t\u00e4glichen Komplettversorgung - Notfallvorsorge - Krisenvorsorge\" \/>\n<meta property=\"og:description\" content=\"Die hochwertige Frauen-N\u00e4hrstoff-Formel versorgt Sie komplett mit lebensnotwendigen Vitaminen, Mineralstoffen und Spurenelementen Die Formulierung mit Multivitaminen ist speziell f\u00fcr die Bed\u00fcrfnisse von Frauen entwickelt Die Centrum Verpackungen werden derzeit sukzessive auf ein neues Design umgestellt; w\u00e4hrend der Umstellungszeit sind beide Versionen im Umlauf.\" \/>\n<meta property=\"og:url\" content=\"https:\/\/www.ralti.de\/?product=multivitamin-centrum-fur-sie-60-st-hochwertiges-nahrungserganzungsmittel-mit-mikronahrstoffen-speziell-fur-frauen-vitamine-mineralstoffe-und-spurenelemente-zur-taglichen-komplettversorgung\" \/>\n<meta property=\"og:site_name\" content=\"Notfallvorsorge - Krisenvorsorge\" \/>\n<meta property=\"og:image\" content=\"https:\/\/m.media-amazon.com\/images\/I\/41c2pbkJAOL.jpg\" \/>\n\t<meta property=\"og:image:width\" content=\"500\" \/>\n\t<meta property=\"og:image:height\" content=\"500\" \/>\n\t<meta property=\"og:image:type\" content=\"image\/jpeg\" \/>\n<meta name=\"twitter:card\" content=\"summary_large_image\" \/>\n<meta name=\"twitter:label1\" content=\"Gesch\u00e4tzte Lesezeit\" \/>\n\t<meta name=\"twitter:data1\" content=\"2\u00a0Minuten\" \/>\n<script type=\"application\/ld+json\" class=\"yoast-schema-graph\">{\"@context\":\"https:\\\/\\\/schema.org\",\"@graph\":[{\"@type\":\"WebPage\",\"@id\":\"https:\\\/\\\/www.ralti.de\\\/?product=multivitamin-centrum-fur-sie-60-st-hochwertiges-nahrungserganzungsmittel-mit-mikronahrstoffen-speziell-fur-frauen-vitamine-mineralstoffe-und-spurenelemente-zur-taglichen-komplettversorgung\",\"url\":\"https:\\\/\\\/www.ralti.de\\\/?product=multivitamin-centrum-fur-sie-60-st-hochwertiges-nahrungserganzungsmittel-mit-mikronahrstoffen-speziell-fur-frauen-vitamine-mineralstoffe-und-spurenelemente-zur-taglichen-komplettversorgung\",\"name\":\"Multivitamin - Centrum F\u00fcr Sie, 60 St. - Hochwertiges Nahrungserg\u00e4nzungsmittel mit Mikron\u00e4hrstoffen speziell f\u00fcr Frauen - Vitamine, Mineralstoffe und Spurenelemente zur t\u00e4glichen Komplettversorgung - Notfallvorsorge - Krisenvorsorge\",\"isPartOf\":{\"@id\":\"https:\\\/\\\/www.ralti.de\\\/#website\"},\"primaryImageOfPage\":{\"@id\":\"https:\\\/\\\/www.ralti.de\\\/?product=multivitamin-centrum-fur-sie-60-st-hochwertiges-nahrungserganzungsmittel-mit-mikronahrstoffen-speziell-fur-frauen-vitamine-mineralstoffe-und-spurenelemente-zur-taglichen-komplettversorgung#primaryimage\"},\"image\":{\"@id\":\"https:\\\/\\\/www.ralti.de\\\/?product=multivitamin-centrum-fur-sie-60-st-hochwertiges-nahrungserganzungsmittel-mit-mikronahrstoffen-speziell-fur-frauen-vitamine-mineralstoffe-und-spurenelemente-zur-taglichen-komplettversorgung#primaryimage\"},\"thumbnailUrl\":\"https:\\\/\\\/m.media-amazon.com\\\/images\\\/I\\\/41c2pbkJAOL.jpg\",\"datePublished\":\"2025-11-25T11:42:29+00:00\",\"breadcrumb\":{\"@id\":\"https:\\\/\\\/www.ralti.de\\\/?product=multivitamin-centrum-fur-sie-60-st-hochwertiges-nahrungserganzungsmittel-mit-mikronahrstoffen-speziell-fur-frauen-vitamine-mineralstoffe-und-spurenelemente-zur-taglichen-komplettversorgung#breadcrumb\"},\"inLanguage\":\"de\",\"potentialAction\":[{\"@type\":\"ReadAction\",\"target\":[\"https:\\\/\\\/www.ralti.de\\\/?product=multivitamin-centrum-fur-sie-60-st-hochwertiges-nahrungserganzungsmittel-mit-mikronahrstoffen-speziell-fur-frauen-vitamine-mineralstoffe-und-spurenelemente-zur-taglichen-komplettversorgung\"]}]},{\"@type\":\"ImageObject\",\"inLanguage\":\"de\",\"@id\":\"https:\\\/\\\/www.ralti.de\\\/?product=multivitamin-centrum-fur-sie-60-st-hochwertiges-nahrungserganzungsmittel-mit-mikronahrstoffen-speziell-fur-frauen-vitamine-mineralstoffe-und-spurenelemente-zur-taglichen-komplettversorgung#primaryimage\",\"url\":\"https:\\\/\\\/m.media-amazon.com\\\/images\\\/I\\\/41c2pbkJAOL.jpg\",\"contentUrl\":\"https:\\\/\\\/m.media-amazon.com\\\/images\\\/I\\\/41c2pbkJAOL.jpg\",\"width\":500,\"height\":500},{\"@type\":\"BreadcrumbList\",\"@id\":\"https:\\\/\\\/www.ralti.de\\\/?product=multivitamin-centrum-fur-sie-60-st-hochwertiges-nahrungserganzungsmittel-mit-mikronahrstoffen-speziell-fur-frauen-vitamine-mineralstoffe-und-spurenelemente-zur-taglichen-komplettversorgung#breadcrumb\",\"itemListElement\":[{\"@type\":\"ListItem\",\"position\":1,\"name\":\"Start\",\"item\":\"https:\\\/\\\/www.ralti.de\\\/\"},{\"@type\":\"ListItem\",\"position\":2,\"name\":\"Notfallartikel\",\"item\":\"https:\\\/\\\/www.ralti.de\\\/?page_id=14189\"},{\"@type\":\"ListItem\",\"position\":3,\"name\":\"Multivitamin &#8211; Centrum F\u00fcr Sie, 60 St. &#8211; Hochwertiges Nahrungserg\u00e4nzungsmittel mit Mikron\u00e4hrstoffen speziell f\u00fcr Frauen &#8211; Vitamine, Mineralstoffe und Spurenelemente zur t\u00e4glichen Komplettversorgung\"}]},{\"@type\":\"WebSite\",\"@id\":\"https:\\\/\\\/www.ralti.de\\\/#website\",\"url\":\"https:\\\/\\\/www.ralti.de\\\/\",\"name\":\"Ralti.de\",\"description\":\"Hier viele gute Angebote\",\"publisher\":{\"@id\":\"https:\\\/\\\/www.ralti.de\\\/#organization\"},\"potentialAction\":[{\"@type\":\"SearchAction\",\"target\":{\"@type\":\"EntryPoint\",\"urlTemplate\":\"https:\\\/\\\/www.ralti.de\\\/?s={search_term_string}\"},\"query-input\":{\"@type\":\"PropertyValueSpecification\",\"valueRequired\":true,\"valueName\":\"search_term_string\"}}],\"inLanguage\":\"de\"},{\"@type\":\"Organization\",\"@id\":\"https:\\\/\\\/www.ralti.de\\\/#organization\",\"name\":\"Ralti.de\",\"url\":\"https:\\\/\\\/www.ralti.de\\\/\",\"logo\":{\"@type\":\"ImageObject\",\"inLanguage\":\"de\",\"@id\":\"https:\\\/\\\/www.ralti.de\\\/#\\\/schema\\\/logo\\\/image\\\/\",\"url\":\"https:\\\/\\\/www.ralti.de\\\/wp-content\\\/uploads\\\/2025\\\/11\\\/ralti.png\",\"contentUrl\":\"https:\\\/\\\/www.ralti.de\\\/wp-content\\\/uploads\\\/2025\\\/11\\\/ralti.png\",\"width\":240,\"height\":75,\"caption\":\"Ralti.de\"},\"image\":{\"@id\":\"https:\\\/\\\/www.ralti.de\\\/#\\\/schema\\\/logo\\\/image\\\/\"}}]}<\/script>\n<!-- \/ Yoast SEO plugin. -->","yoast_head_json":{"title":"Multivitamin - Centrum F\u00fcr Sie, 60 St. - Hochwertiges Nahrungserg\u00e4nzungsmittel mit Mikron\u00e4hrstoffen speziell f\u00fcr Frauen - Vitamine, Mineralstoffe und Spurenelemente zur t\u00e4glichen Komplettversorgung - Notfallvorsorge - Krisenvorsorge","robots":{"index":"index","follow":"follow","max-snippet":"max-snippet:-1","max-image-preview":"max-image-preview:large","max-video-preview":"max-video-preview:-1"},"canonical":"https:\/\/www.ralti.de\/?product=multivitamin-centrum-fur-sie-60-st-hochwertiges-nahrungserganzungsmittel-mit-mikronahrstoffen-speziell-fur-frauen-vitamine-mineralstoffe-und-spurenelemente-zur-taglichen-komplettversorgung","og_locale":"de_DE","og_type":"article","og_title":"Multivitamin - Centrum F\u00fcr Sie, 60 St. - Hochwertiges Nahrungserg\u00e4nzungsmittel mit Mikron\u00e4hrstoffen speziell f\u00fcr Frauen - Vitamine, Mineralstoffe und Spurenelemente zur t\u00e4glichen Komplettversorgung - Notfallvorsorge - Krisenvorsorge","og_description":"Die hochwertige Frauen-N\u00e4hrstoff-Formel versorgt Sie komplett mit lebensnotwendigen Vitaminen, Mineralstoffen und Spurenelementen Die Formulierung mit Multivitaminen ist speziell f\u00fcr die Bed\u00fcrfnisse von Frauen entwickelt Die Centrum Verpackungen werden derzeit sukzessive auf ein neues Design umgestellt; w\u00e4hrend der Umstellungszeit sind beide Versionen im Umlauf.","og_url":"https:\/\/www.ralti.de\/?product=multivitamin-centrum-fur-sie-60-st-hochwertiges-nahrungserganzungsmittel-mit-mikronahrstoffen-speziell-fur-frauen-vitamine-mineralstoffe-und-spurenelemente-zur-taglichen-komplettversorgung","og_site_name":"Notfallvorsorge - Krisenvorsorge","og_image":[{"width":500,"height":500,"url":"https:\/\/m.media-amazon.com\/images\/I\/41c2pbkJAOL.jpg","type":"image\/jpeg"}],"twitter_card":"summary_large_image","twitter_misc":{"Gesch\u00e4tzte Lesezeit":"2\u00a0Minuten"},"schema":{"@context":"https:\/\/schema.org","@graph":[{"@type":"WebPage","@id":"https:\/\/www.ralti.de\/?product=multivitamin-centrum-fur-sie-60-st-hochwertiges-nahrungserganzungsmittel-mit-mikronahrstoffen-speziell-fur-frauen-vitamine-mineralstoffe-und-spurenelemente-zur-taglichen-komplettversorgung","url":"https:\/\/www.ralti.de\/?product=multivitamin-centrum-fur-sie-60-st-hochwertiges-nahrungserganzungsmittel-mit-mikronahrstoffen-speziell-fur-frauen-vitamine-mineralstoffe-und-spurenelemente-zur-taglichen-komplettversorgung","name":"Multivitamin - Centrum F\u00fcr Sie, 60 St. - Hochwertiges Nahrungserg\u00e4nzungsmittel mit Mikron\u00e4hrstoffen speziell f\u00fcr Frauen - Vitamine, Mineralstoffe und Spurenelemente zur t\u00e4glichen Komplettversorgung - Notfallvorsorge - Krisenvorsorge","isPartOf":{"@id":"https:\/\/www.ralti.de\/#website"},"primaryImageOfPage":{"@id":"https:\/\/www.ralti.de\/?product=multivitamin-centrum-fur-sie-60-st-hochwertiges-nahrungserganzungsmittel-mit-mikronahrstoffen-speziell-fur-frauen-vitamine-mineralstoffe-und-spurenelemente-zur-taglichen-komplettversorgung#primaryimage"},"image":{"@id":"https:\/\/www.ralti.de\/?product=multivitamin-centrum-fur-sie-60-st-hochwertiges-nahrungserganzungsmittel-mit-mikronahrstoffen-speziell-fur-frauen-vitamine-mineralstoffe-und-spurenelemente-zur-taglichen-komplettversorgung#primaryimage"},"thumbnailUrl":"https:\/\/m.media-amazon.com\/images\/I\/41c2pbkJAOL.jpg","datePublished":"2025-11-25T11:42:29+00:00","breadcrumb":{"@id":"https:\/\/www.ralti.de\/?product=multivitamin-centrum-fur-sie-60-st-hochwertiges-nahrungserganzungsmittel-mit-mikronahrstoffen-speziell-fur-frauen-vitamine-mineralstoffe-und-spurenelemente-zur-taglichen-komplettversorgung#breadcrumb"},"inLanguage":"de","potentialAction":[{"@type":"ReadAction","target":["https:\/\/www.ralti.de\/?product=multivitamin-centrum-fur-sie-60-st-hochwertiges-nahrungserganzungsmittel-mit-mikronahrstoffen-speziell-fur-frauen-vitamine-mineralstoffe-und-spurenelemente-zur-taglichen-komplettversorgung"]}]},{"@type":"ImageObject","inLanguage":"de","@id":"https:\/\/www.ralti.de\/?product=multivitamin-centrum-fur-sie-60-st-hochwertiges-nahrungserganzungsmittel-mit-mikronahrstoffen-speziell-fur-frauen-vitamine-mineralstoffe-und-spurenelemente-zur-taglichen-komplettversorgung#primaryimage","url":"https:\/\/m.media-amazon.com\/images\/I\/41c2pbkJAOL.jpg","contentUrl":"https:\/\/m.media-amazon.com\/images\/I\/41c2pbkJAOL.jpg","width":500,"height":500},{"@type":"BreadcrumbList","@id":"https:\/\/www.ralti.de\/?product=multivitamin-centrum-fur-sie-60-st-hochwertiges-nahrungserganzungsmittel-mit-mikronahrstoffen-speziell-fur-frauen-vitamine-mineralstoffe-und-spurenelemente-zur-taglichen-komplettversorgung#breadcrumb","itemListElement":[{"@type":"ListItem","position":1,"name":"Start","item":"https:\/\/www.ralti.de\/"},{"@type":"ListItem","position":2,"name":"Notfallartikel","item":"https:\/\/www.ralti.de\/?page_id=14189"},{"@type":"ListItem","position":3,"name":"Multivitamin &#8211; Centrum F\u00fcr Sie, 60 St. &#8211; Hochwertiges Nahrungserg\u00e4nzungsmittel mit Mikron\u00e4hrstoffen speziell f\u00fcr Frauen &#8211; Vitamine, Mineralstoffe und Spurenelemente zur t\u00e4glichen Komplettversorgung"}]},{"@type":"WebSite","@id":"https:\/\/www.ralti.de\/#website","url":"https:\/\/www.ralti.de\/","name":"Ralti.de","description":"Hier viele gute Angebote","publisher":{"@id":"https:\/\/www.ralti.de\/#organization"},"potentialAction":[{"@type":"SearchAction","target":{"@type":"EntryPoint","urlTemplate":"https:\/\/www.ralti.de\/?s={search_term_string}"},"query-input":{"@type":"PropertyValueSpecification","valueRequired":true,"valueName":"search_term_string"}}],"inLanguage":"de"},{"@type":"Organization","@id":"https:\/\/www.ralti.de\/#organization","name":"Ralti.de","url":"https:\/\/www.ralti.de\/","logo":{"@type":"ImageObject","inLanguage":"de","@id":"https:\/\/www.ralti.de\/#\/schema\/logo\/image\/","url":"https:\/\/www.ralti.de\/wp-content\/uploads\/2025\/11\/ralti.png","contentUrl":"https:\/\/www.ralti.de\/wp-content\/uploads\/2025\/11\/ralti.png","width":240,"height":75,"caption":"Ralti.de"},"image":{"@id":"https:\/\/www.ralti.de\/#\/schema\/logo\/image\/"}}]}},"_links":{"self":[{"href":"https:\/\/www.ralti.de\/index.php?rest_route=\/wp\/v2\/product\/11629","targetHints":{"allow":["GET"]}}],"collection":[{"href":"https:\/\/www.ralti.de\/index.php?rest_route=\/wp\/v2\/product"}],"about":[{"href":"https:\/\/www.ralti.de\/index.php?rest_route=\/wp\/v2\/types\/product"}],"replies":[{"embeddable":true,"href":"https:\/\/www.ralti.de\/index.php?rest_route=%2Fwp%2Fv2%2Fcomments&post=11629"}],"wp:featuredmedia":[{"embeddable":true,"href":"https:\/\/www.ralti.de\/index.php?rest_route=\/wp\/v2\/media\/11630"}],"wp:attachment":[{"href":"https:\/\/www.ralti.de\/index.php?rest_route=%2Fwp%2Fv2%2Fmedia&parent=11629"}],"wp:term":[{"taxonomy":"product_brand","embeddable":true,"href":"https:\/\/www.ralti.de\/index.php?rest_route=%2Fwp%2Fv2%2Fproduct_brand&post=11629"},{"taxonomy":"product_cat","embeddable":true,"href":"https:\/\/www.ralti.de\/index.php?rest_route=%2Fwp%2Fv2%2Fproduct_cat&post=11629"},{"taxonomy":"product_tag","embeddable":true,"href":"https:\/\/www.ralti.de\/index.php?rest_route=%2Fwp%2Fv2%2Fproduct_tag&post=11629"}],"curies":[{"name":"wp","href":"https:\/\/api.w.org\/{rel}","templated":true}]}}