{"id":12122,"date":"2025-11-25T11:54:16","date_gmt":"2025-11-25T11:54:16","guid":{"rendered":"https:\/\/www.ralti.de\/shop-2\/uncategorized\/home-gsm-wifi-alarmanlage-kabellos-abschreckung-einbrecher-fur-haussicherheit\/"},"modified":"2025-11-25T11:54:16","modified_gmt":"2025-11-25T11:54:16","slug":"home-gsm-wifi-alarmanlage-kabellos-abschreckung-einbrecher-fur-haussicherheit","status":"publish","type":"product","link":"https:\/\/www.ralti.de\/?product=home-gsm-wifi-alarmanlage-kabellos-abschreckung-einbrecher-fur-haussicherheit","title":{"rendered":"Home-GSM WiFi Alarmanlage kabellos Abschreckung Einbrecher f\u00fcr Haussicherheit"},"content":{"rendered":"<p>FERNBEDIENUNG Sie k\u00f6nnen dieses GSM-Alarmsystem \u00fcber ein Mobiltelefon von \u00fcberall aus steuern.<br \/>\nEINBRUCH ERSCHRECKEN Wenn jemand dieses System ausl\u00f6st, wird ein Alarm ausgel\u00f6st, der den Dieb abschreckt und au\u00dferdem ein Telefon erstellt oder eine Nachricht an jemanden sendet, bei dem Sie die Telefonnummer auf dem Hauptger\u00e4t speichern.<br \/>\nEINGEBAUTE BATTERIE Dieses System funktioniert gut, wenn jemand Dr\u00e4hte abschneidet oder das Ger\u00e4t ausschaltet. Sie brauchen sich keine Sorgen zu machen, wenn andere Leute in Ihr Haus eindringen, wenn Sie das Ger\u00e4t ausschalten.<br \/>\nHANDYFUNKTION Mit diesem Hauptger\u00e4t k\u00f6nnen die Handys wie ein Handy aussehen, sodass dies auch ein Ersatzhandy ist<br \/>\nNOTHILFE Sie k\u00f6nnen einen Alarmknopf auf der Fernbedienung dr\u00fccken, wenn ein Notfall eintritt. Dieses System geht sofort aus und macht ein Telefon.<br \/>\n<div class=\"main-cross-sell\" data-asin=\"B07VTRY1PK\">\n\n\t<div class=\"WooZone-cross-sell-loader\">\n\t\t<div>\n\t\t\t<div id=\"floatingBarsG\">\n\t\t\t\t<div class=\"blockG\" id=\"rotateG_01\"><\/div>\n\t\t\t\t<div class=\"blockG\" id=\"rotateG_02\"><\/div>\n\t\t\t\t<div class=\"blockG\" id=\"rotateG_03\"><\/div>\n\t\t\t\t<div class=\"blockG\" id=\"rotateG_04\"><\/div>\n\t\t\t\t<div class=\"blockG\" id=\"rotateG_05\"><\/div>\n\t\t\t\t<div class=\"blockG\" id=\"rotateG_06\"><\/div>\n\t\t\t\t<div class=\"blockG\" id=\"rotateG_07\"><\/div>\n\t\t\t\t<div class=\"blockG\" id=\"rotateG_08\"><\/div>\n\t\t\t<\/div>\n\t\t\t<div class=\"WooZone-cross-sell-loader-text\"><\/div>\n\t\t<\/div>\n\t<\/div>\n\n\t\t\n<\/div>\n<div style=\"clear:both;\"><\/div>\n","protected":false},"excerpt":{"rendered":"<p>FERNBEDIENUNG Sie k\u00f6nnen dieses GSM-Alarmsystem \u00fcber ein Mobiltelefon von \u00fcberall aus steuern.<br \/>\nEINBRUCH ERSCHRECKEN Wenn jemand dieses System ausl\u00f6st, wird ein Alarm ausgel\u00f6st, der den Dieb abschreckt und au\u00dferdem ein Telefon erstellt oder eine Nachricht an jemanden sendet, bei dem Sie die Telefonnummer auf dem Hauptger\u00e4t speichern.<br \/>\nEINGEBAUTE BATTERIE Dieses System funktioniert gut, wenn jemand Dr\u00e4hte abschneidet oder das Ger\u00e4t ausschaltet. Sie brauchen sich keine Sorgen zu machen, wenn andere Leute in Ihr Haus eindringen, wenn Sie das Ger\u00e4t ausschalten.<\/p>\n","protected":false},"featured_media":12123,"comment_status":"open","ping_status":"closed","template":"","meta":{"_acf_changed":false},"product_brand":[],"product_cat":[267,262],"product_tag":[],"class_list":{"0":"post-12122","1":"product","2":"type-product","3":"status-publish","4":"has-post-thumbnail","6":"product_cat-heimsicherheitssysteme","7":"product_cat-sicherheit","9":"first","10":"instock","11":"shipping-taxable","12":"product-type-external"},"acf":[],"yoast_head":"<!-- This site is optimized with the Yoast SEO plugin v27.5 - https:\/\/yoast.com\/product\/yoast-seo-wordpress\/ -->\n<title>Home-GSM WiFi Alarmanlage kabellos Abschreckung Einbrecher f\u00fcr Haussicherheit - Notfallvorsorge - Krisenvorsorge<\/title>\n<meta name=\"robots\" content=\"index, follow, max-snippet:-1, max-image-preview:large, max-video-preview:-1\" \/>\n<link rel=\"canonical\" href=\"https:\/\/www.ralti.de\/?product=home-gsm-wifi-alarmanlage-kabellos-abschreckung-einbrecher-fur-haussicherheit\" \/>\n<meta property=\"og:locale\" content=\"de_DE\" \/>\n<meta property=\"og:type\" content=\"article\" \/>\n<meta property=\"og:title\" content=\"Home-GSM WiFi Alarmanlage kabellos Abschreckung Einbrecher f\u00fcr Haussicherheit - Notfallvorsorge - Krisenvorsorge\" \/>\n<meta property=\"og:description\" content=\"FERNBEDIENUNG Sie k\u00f6nnen dieses GSM-Alarmsystem \u00fcber ein Mobiltelefon von \u00fcberall aus steuern. EINBRUCH ERSCHRECKEN Wenn jemand dieses System ausl\u00f6st, wird ein Alarm ausgel\u00f6st, der den Dieb abschreckt und au\u00dferdem ein Telefon erstellt oder eine Nachricht an jemanden sendet, bei dem Sie die Telefonnummer auf dem Hauptger\u00e4t speichern. EINGEBAUTE BATTERIE Dieses System funktioniert gut, wenn jemand Dr\u00e4hte abschneidet oder das Ger\u00e4t ausschaltet. Sie brauchen sich keine Sorgen zu machen, wenn andere Leute in Ihr Haus eindringen, wenn Sie das Ger\u00e4t ausschalten.\" \/>\n<meta property=\"og:url\" content=\"https:\/\/www.ralti.de\/?product=home-gsm-wifi-alarmanlage-kabellos-abschreckung-einbrecher-fur-haussicherheit\" \/>\n<meta property=\"og:site_name\" content=\"Notfallvorsorge - Krisenvorsorge\" \/>\n<meta property=\"og:image\" content=\"https:\/\/m.media-amazon.com\/images\/I\/4168-gSOOaL.jpg\" \/>\n\t<meta property=\"og:image:width\" content=\"500\" \/>\n\t<meta property=\"og:image:height\" content=\"500\" \/>\n\t<meta property=\"og:image:type\" content=\"image\/jpeg\" \/>\n<meta name=\"twitter:card\" content=\"summary_large_image\" \/>\n<meta name=\"twitter:label1\" content=\"Gesch\u00e4tzte Lesezeit\" \/>\n\t<meta name=\"twitter:data1\" content=\"1\u00a0Minute\" \/>\n<script type=\"application\/ld+json\" class=\"yoast-schema-graph\">{\"@context\":\"https:\\\/\\\/schema.org\",\"@graph\":[{\"@type\":\"WebPage\",\"@id\":\"https:\\\/\\\/www.ralti.de\\\/?product=home-gsm-wifi-alarmanlage-kabellos-abschreckung-einbrecher-fur-haussicherheit\",\"url\":\"https:\\\/\\\/www.ralti.de\\\/?product=home-gsm-wifi-alarmanlage-kabellos-abschreckung-einbrecher-fur-haussicherheit\",\"name\":\"Home-GSM WiFi Alarmanlage kabellos Abschreckung Einbrecher f\u00fcr Haussicherheit - Notfallvorsorge - Krisenvorsorge\",\"isPartOf\":{\"@id\":\"https:\\\/\\\/www.ralti.de\\\/#website\"},\"primaryImageOfPage\":{\"@id\":\"https:\\\/\\\/www.ralti.de\\\/?product=home-gsm-wifi-alarmanlage-kabellos-abschreckung-einbrecher-fur-haussicherheit#primaryimage\"},\"image\":{\"@id\":\"https:\\\/\\\/www.ralti.de\\\/?product=home-gsm-wifi-alarmanlage-kabellos-abschreckung-einbrecher-fur-haussicherheit#primaryimage\"},\"thumbnailUrl\":\"https:\\\/\\\/m.media-amazon.com\\\/images\\\/I\\\/4168-gSOOaL.jpg\",\"datePublished\":\"2025-11-25T11:54:16+00:00\",\"breadcrumb\":{\"@id\":\"https:\\\/\\\/www.ralti.de\\\/?product=home-gsm-wifi-alarmanlage-kabellos-abschreckung-einbrecher-fur-haussicherheit#breadcrumb\"},\"inLanguage\":\"de\",\"potentialAction\":[{\"@type\":\"ReadAction\",\"target\":[\"https:\\\/\\\/www.ralti.de\\\/?product=home-gsm-wifi-alarmanlage-kabellos-abschreckung-einbrecher-fur-haussicherheit\"]}]},{\"@type\":\"ImageObject\",\"inLanguage\":\"de\",\"@id\":\"https:\\\/\\\/www.ralti.de\\\/?product=home-gsm-wifi-alarmanlage-kabellos-abschreckung-einbrecher-fur-haussicherheit#primaryimage\",\"url\":\"https:\\\/\\\/m.media-amazon.com\\\/images\\\/I\\\/4168-gSOOaL.jpg\",\"contentUrl\":\"https:\\\/\\\/m.media-amazon.com\\\/images\\\/I\\\/4168-gSOOaL.jpg\",\"width\":500,\"height\":500},{\"@type\":\"BreadcrumbList\",\"@id\":\"https:\\\/\\\/www.ralti.de\\\/?product=home-gsm-wifi-alarmanlage-kabellos-abschreckung-einbrecher-fur-haussicherheit#breadcrumb\",\"itemListElement\":[{\"@type\":\"ListItem\",\"position\":1,\"name\":\"Start\",\"item\":\"https:\\\/\\\/www.ralti.de\\\/\"},{\"@type\":\"ListItem\",\"position\":2,\"name\":\"Notfallartikel\",\"item\":\"https:\\\/\\\/www.ralti.de\\\/?page_id=14189\"},{\"@type\":\"ListItem\",\"position\":3,\"name\":\"Home-GSM WiFi Alarmanlage kabellos Abschreckung Einbrecher f\u00fcr Haussicherheit\"}]},{\"@type\":\"WebSite\",\"@id\":\"https:\\\/\\\/www.ralti.de\\\/#website\",\"url\":\"https:\\\/\\\/www.ralti.de\\\/\",\"name\":\"Ralti.de\",\"description\":\"Hier viele gute Angebote\",\"publisher\":{\"@id\":\"https:\\\/\\\/www.ralti.de\\\/#organization\"},\"potentialAction\":[{\"@type\":\"SearchAction\",\"target\":{\"@type\":\"EntryPoint\",\"urlTemplate\":\"https:\\\/\\\/www.ralti.de\\\/?s={search_term_string}\"},\"query-input\":{\"@type\":\"PropertyValueSpecification\",\"valueRequired\":true,\"valueName\":\"search_term_string\"}}],\"inLanguage\":\"de\"},{\"@type\":\"Organization\",\"@id\":\"https:\\\/\\\/www.ralti.de\\\/#organization\",\"name\":\"Ralti.de\",\"url\":\"https:\\\/\\\/www.ralti.de\\\/\",\"logo\":{\"@type\":\"ImageObject\",\"inLanguage\":\"de\",\"@id\":\"https:\\\/\\\/www.ralti.de\\\/#\\\/schema\\\/logo\\\/image\\\/\",\"url\":\"https:\\\/\\\/www.ralti.de\\\/wp-content\\\/uploads\\\/2025\\\/11\\\/ralti.png\",\"contentUrl\":\"https:\\\/\\\/www.ralti.de\\\/wp-content\\\/uploads\\\/2025\\\/11\\\/ralti.png\",\"width\":240,\"height\":75,\"caption\":\"Ralti.de\"},\"image\":{\"@id\":\"https:\\\/\\\/www.ralti.de\\\/#\\\/schema\\\/logo\\\/image\\\/\"}}]}<\/script>\n<!-- \/ Yoast SEO plugin. -->","yoast_head_json":{"title":"Home-GSM WiFi Alarmanlage kabellos Abschreckung Einbrecher f\u00fcr Haussicherheit - Notfallvorsorge - Krisenvorsorge","robots":{"index":"index","follow":"follow","max-snippet":"max-snippet:-1","max-image-preview":"max-image-preview:large","max-video-preview":"max-video-preview:-1"},"canonical":"https:\/\/www.ralti.de\/?product=home-gsm-wifi-alarmanlage-kabellos-abschreckung-einbrecher-fur-haussicherheit","og_locale":"de_DE","og_type":"article","og_title":"Home-GSM WiFi Alarmanlage kabellos Abschreckung Einbrecher f\u00fcr Haussicherheit - Notfallvorsorge - Krisenvorsorge","og_description":"FERNBEDIENUNG Sie k\u00f6nnen dieses GSM-Alarmsystem \u00fcber ein Mobiltelefon von \u00fcberall aus steuern. EINBRUCH ERSCHRECKEN Wenn jemand dieses System ausl\u00f6st, wird ein Alarm ausgel\u00f6st, der den Dieb abschreckt und au\u00dferdem ein Telefon erstellt oder eine Nachricht an jemanden sendet, bei dem Sie die Telefonnummer auf dem Hauptger\u00e4t speichern. EINGEBAUTE BATTERIE Dieses System funktioniert gut, wenn jemand Dr\u00e4hte abschneidet oder das Ger\u00e4t ausschaltet. Sie brauchen sich keine Sorgen zu machen, wenn andere Leute in Ihr Haus eindringen, wenn Sie das Ger\u00e4t ausschalten.","og_url":"https:\/\/www.ralti.de\/?product=home-gsm-wifi-alarmanlage-kabellos-abschreckung-einbrecher-fur-haussicherheit","og_site_name":"Notfallvorsorge - Krisenvorsorge","og_image":[{"width":500,"height":500,"url":"https:\/\/m.media-amazon.com\/images\/I\/4168-gSOOaL.jpg","type":"image\/jpeg"}],"twitter_card":"summary_large_image","twitter_misc":{"Gesch\u00e4tzte Lesezeit":"1\u00a0Minute"},"schema":{"@context":"https:\/\/schema.org","@graph":[{"@type":"WebPage","@id":"https:\/\/www.ralti.de\/?product=home-gsm-wifi-alarmanlage-kabellos-abschreckung-einbrecher-fur-haussicherheit","url":"https:\/\/www.ralti.de\/?product=home-gsm-wifi-alarmanlage-kabellos-abschreckung-einbrecher-fur-haussicherheit","name":"Home-GSM WiFi Alarmanlage kabellos Abschreckung Einbrecher f\u00fcr Haussicherheit - Notfallvorsorge - Krisenvorsorge","isPartOf":{"@id":"https:\/\/www.ralti.de\/#website"},"primaryImageOfPage":{"@id":"https:\/\/www.ralti.de\/?product=home-gsm-wifi-alarmanlage-kabellos-abschreckung-einbrecher-fur-haussicherheit#primaryimage"},"image":{"@id":"https:\/\/www.ralti.de\/?product=home-gsm-wifi-alarmanlage-kabellos-abschreckung-einbrecher-fur-haussicherheit#primaryimage"},"thumbnailUrl":"https:\/\/m.media-amazon.com\/images\/I\/4168-gSOOaL.jpg","datePublished":"2025-11-25T11:54:16+00:00","breadcrumb":{"@id":"https:\/\/www.ralti.de\/?product=home-gsm-wifi-alarmanlage-kabellos-abschreckung-einbrecher-fur-haussicherheit#breadcrumb"},"inLanguage":"de","potentialAction":[{"@type":"ReadAction","target":["https:\/\/www.ralti.de\/?product=home-gsm-wifi-alarmanlage-kabellos-abschreckung-einbrecher-fur-haussicherheit"]}]},{"@type":"ImageObject","inLanguage":"de","@id":"https:\/\/www.ralti.de\/?product=home-gsm-wifi-alarmanlage-kabellos-abschreckung-einbrecher-fur-haussicherheit#primaryimage","url":"https:\/\/m.media-amazon.com\/images\/I\/4168-gSOOaL.jpg","contentUrl":"https:\/\/m.media-amazon.com\/images\/I\/4168-gSOOaL.jpg","width":500,"height":500},{"@type":"BreadcrumbList","@id":"https:\/\/www.ralti.de\/?product=home-gsm-wifi-alarmanlage-kabellos-abschreckung-einbrecher-fur-haussicherheit#breadcrumb","itemListElement":[{"@type":"ListItem","position":1,"name":"Start","item":"https:\/\/www.ralti.de\/"},{"@type":"ListItem","position":2,"name":"Notfallartikel","item":"https:\/\/www.ralti.de\/?page_id=14189"},{"@type":"ListItem","position":3,"name":"Home-GSM WiFi Alarmanlage kabellos Abschreckung Einbrecher f\u00fcr Haussicherheit"}]},{"@type":"WebSite","@id":"https:\/\/www.ralti.de\/#website","url":"https:\/\/www.ralti.de\/","name":"Ralti.de","description":"Hier viele gute Angebote","publisher":{"@id":"https:\/\/www.ralti.de\/#organization"},"potentialAction":[{"@type":"SearchAction","target":{"@type":"EntryPoint","urlTemplate":"https:\/\/www.ralti.de\/?s={search_term_string}"},"query-input":{"@type":"PropertyValueSpecification","valueRequired":true,"valueName":"search_term_string"}}],"inLanguage":"de"},{"@type":"Organization","@id":"https:\/\/www.ralti.de\/#organization","name":"Ralti.de","url":"https:\/\/www.ralti.de\/","logo":{"@type":"ImageObject","inLanguage":"de","@id":"https:\/\/www.ralti.de\/#\/schema\/logo\/image\/","url":"https:\/\/www.ralti.de\/wp-content\/uploads\/2025\/11\/ralti.png","contentUrl":"https:\/\/www.ralti.de\/wp-content\/uploads\/2025\/11\/ralti.png","width":240,"height":75,"caption":"Ralti.de"},"image":{"@id":"https:\/\/www.ralti.de\/#\/schema\/logo\/image\/"}}]}},"_links":{"self":[{"href":"https:\/\/www.ralti.de\/index.php?rest_route=\/wp\/v2\/product\/12122","targetHints":{"allow":["GET"]}}],"collection":[{"href":"https:\/\/www.ralti.de\/index.php?rest_route=\/wp\/v2\/product"}],"about":[{"href":"https:\/\/www.ralti.de\/index.php?rest_route=\/wp\/v2\/types\/product"}],"replies":[{"embeddable":true,"href":"https:\/\/www.ralti.de\/index.php?rest_route=%2Fwp%2Fv2%2Fcomments&post=12122"}],"wp:featuredmedia":[{"embeddable":true,"href":"https:\/\/www.ralti.de\/index.php?rest_route=\/wp\/v2\/media\/12123"}],"wp:attachment":[{"href":"https:\/\/www.ralti.de\/index.php?rest_route=%2Fwp%2Fv2%2Fmedia&parent=12122"}],"wp:term":[{"taxonomy":"product_brand","embeddable":true,"href":"https:\/\/www.ralti.de\/index.php?rest_route=%2Fwp%2Fv2%2Fproduct_brand&post=12122"},{"taxonomy":"product_cat","embeddable":true,"href":"https:\/\/www.ralti.de\/index.php?rest_route=%2Fwp%2Fv2%2Fproduct_cat&post=12122"},{"taxonomy":"product_tag","embeddable":true,"href":"https:\/\/www.ralti.de\/index.php?rest_route=%2Fwp%2Fv2%2Fproduct_tag&post=12122"}],"curies":[{"name":"wp","href":"https:\/\/api.w.org\/{rel}","templated":true}]}}