{"id":12182,"date":"2025-11-25T11:54:33","date_gmt":"2025-11-25T11:54:33","guid":{"rendered":"https:\/\/www.ralti.de\/shop-2\/uncategorized\/aqara-home-security-system-kit-y100-4-stuck-drahtloses-heim-alarmsystem-mit-2k-kamera-hub-g3-3-smart-sensors-lokale-automatisierung-24-7-alarm-unterstutzt-homekit-google-home-alexa\/"},"modified":"2025-11-25T11:54:33","modified_gmt":"2025-11-25T11:54:33","slug":"aqara-home-security-system-kit-y100-4-stuck-drahtloses-heim-alarmsystem-mit-2k-kamera-hub-g3-3-smart-sensors-lokale-automatisierung-24-7-alarm-unterstutzt-homekit-google-home-alexa","status":"publish","type":"product","link":"https:\/\/www.ralti.de\/?product=aqara-home-security-system-kit-y100-4-stuck-drahtloses-heim-alarmsystem-mit-2k-kamera-hub-g3-3-smart-sensors-lokale-automatisierung-24-7-alarm-unterstutzt-homekit-google-home-alexa","title":{"rendered":"Aqara Home Security System Kit Y100-4-St\u00fcck Drahtloses Heim-Alarmsystem mit 2K Kamera-Hub G3, 3 Smart Sensors, Lokale Automatisierung &#038; 24\/7-Alarm, Unterst\u00fctzt HomeKit, Google Home, Alexa"},"content":{"rendered":"<p>Dreifacher Schutz mit Vorkonfiguriertem Sicherheitssystem: Y100-Kit kombiniert eine 2K-Schwenk-Neige-Kamera mit KI-Erkennung (KI-basierte Gesichts-\/Tier- und Gestenerkennung) und drei intelligente Sensoren (Bewegung, Vibration, T\u00fcr\/Fenster) zu einer Reihe von Alarmsystemen zur \u00dcberwachung von Eindringlingen, wertvollen G\u00fctern und verd\u00e4chtigen Aktivit\u00e4ten. Alle Ger\u00e4te sind bereits miteinander gekoppelt und k\u00f6nnen sofort Cloud-Aufzeichnungen starten, wenn die Sensoren eine Aktivit\u00e4t erkennen &#8211; einfach einzurichten und ohne dass Sie lernen m\u00fcssen, wie man eine Verbindung zu einem Unterger\u00e4t herstellt. (Hinweis: Nur in der Aqara Home app)<br \/>\nCloud-Aufzeichnung &#038; Sicherheitsautomatisierung mit HomeGuardian: Bis zu 7 Tage kostenloser Cloud-Speicher. Genie\u00dfen Sie eine 30-t\u00e4gige Testversion der Cloud-Dienste von HomeGuardian, einschlie\u00dflich KI-Ereigniskennzeichnung, erweiterter 90-t\u00e4giger Videosicherung und SMS-\/E-Mail-Benachrichtigungen. [Nach der Testphase k\u00f6nnen Sie einen flexiblen Tarif ab 4,99 $ pro Monat w\u00e4hlen (jederzeit k\u00fcndbar). Der lokale Speicher mit microSD-Karte (nicht im Lieferumfang enthalten) unterst\u00fctzt auch die 24\/7-Aufzeichnung.<br \/>\nErweiterter Kamera Hub &#038; Matter Bridge: Der Aqara Kamera-Hub G3 bietet nicht nur lokale Erkennung und unterst\u00fctzt HomeKit Secure Video, sondern dient auch als Aqara Zigbee-Hub und Matter Bridge. Er kann bis zu 128 Aqara Zigbee-Unterger\u00e4te verbinden. In Kombination mit Aqara-Ger\u00e4ten wird ein umfassendes Smart Home-Automatisierungssystem geschaffen. Als Matter-Bridge ist es mit Apple Home, Alexa und Google Home kompatibel und kann \u00fcber diese \u00d6kosysteme mit Ger\u00e4ten von Drittanbietern integriert werden. (Hinweis: F\u00fcr Infrarot-Funktionen in Apple Home finden Sie Details im Abschnitt \u201eErweiterter Matter Bridging\u201c)<br \/>\nIntelligente Ereigniskennzeichnung &#038; Wiedergabe: Als Kit sind die Funktionen von Y100 so konzipiert, dass sie ein umfassendes Sicherheitssystem bilden, bei dem Kamera und Sensoren zusammenarbeiten, um die wichtigsten Sicherheitsereignisse zu erfassen. KI-basierte Ereigniskennzeichnung kategorisiert das Filmmaterial automatisch (z. B. \u201eBewegung erkannt\u201c, \u201eT\u00fcr ge\u00f6ffnet\u201c) und speichert kritische Clips separat. Vorf\u00e4lle k\u00f6nnen in Sekundenschnelle angezeigt &#8211; ohne stundenlanges Durchsuchen von Videomaterial (Hinweis: Nur in der Aqara Home app).<br \/>\nEinfache Montage &#038; Kein Bohren Erforderlich: In der Aqara Home app stehen Installationsvorschl\u00e4ge zur Verf\u00fcgung, die auf Ihrem Wohnungslayout basieren. Platzieren Sie die Sensoren mit besch\u00e4digungsfreiem Klebstoff und schlie\u00dfen Sie die G3-Kamera \u00fcber das USB-C-Kabel an (Adapter nicht im Lieferumfang enthalten). Die Sensoren laufen auf Batterien mit einer Lebensdauer von 5 Jahren (im Lieferumfang enthalten).<br \/>\n<div class=\"main-cross-sell\" data-asin=\"B0DWSGRVPK\">\n\n\t<div class=\"WooZone-cross-sell-loader\">\n\t\t<div>\n\t\t\t<div id=\"floatingBarsG\">\n\t\t\t\t<div class=\"blockG\" id=\"rotateG_01\"><\/div>\n\t\t\t\t<div class=\"blockG\" id=\"rotateG_02\"><\/div>\n\t\t\t\t<div class=\"blockG\" id=\"rotateG_03\"><\/div>\n\t\t\t\t<div class=\"blockG\" id=\"rotateG_04\"><\/div>\n\t\t\t\t<div class=\"blockG\" id=\"rotateG_05\"><\/div>\n\t\t\t\t<div class=\"blockG\" id=\"rotateG_06\"><\/div>\n\t\t\t\t<div class=\"blockG\" id=\"rotateG_07\"><\/div>\n\t\t\t\t<div class=\"blockG\" id=\"rotateG_08\"><\/div>\n\t\t\t<\/div>\n\t\t\t<div class=\"WooZone-cross-sell-loader-text\"><\/div>\n\t\t<\/div>\n\t<\/div>\n\n\t\t\n<\/div>\n<div style=\"clear:both;\"><\/div>\n","protected":false},"excerpt":{"rendered":"<p>Dreifacher Schutz mit Vorkonfiguriertem Sicherheitssystem: Y100-Kit kombiniert eine 2K-Schwenk-Neige-Kamera mit KI-Erkennung (KI-basierte Gesichts-\/Tier- und Gestenerkennung) und drei intelligente Sensoren (Bewegung, Vibration, T\u00fcr\/Fenster) zu einer Reihe von Alarmsystemen zur \u00dcberwachung von Eindringlingen, wertvollen G\u00fctern und verd\u00e4chtigen Aktivit\u00e4ten. Alle Ger\u00e4te sind bereits miteinander gekoppelt und k\u00f6nnen sofort Cloud-Aufzeichnungen starten, wenn die Sensoren eine Aktivit\u00e4t erkennen &#8211; einfach einzurichten und ohne dass Sie lernen m\u00fcssen, wie man eine Verbindung zu einem Unterger\u00e4t herstellt. (Hinweis: Nur in der Aqara Home app)<br \/>\nCloud-Aufzeichnung &#038; Sicherheitsautomatisierung mit HomeGuardian: Bis zu 7 Tage kostenloser Cloud-Speicher. Genie\u00dfen Sie eine 30-t\u00e4gige Testversion der Cloud-Dienste von HomeGuardian, einschlie\u00dflich KI-Ereigniskennzeichnung, erweiterter 90-t\u00e4giger Videosicherung und SMS-\/E-Mail-Benachrichtigungen. [Nach der Testphase k\u00f6nnen Sie einen flexiblen Tarif ab 4,99 $ pro Monat w\u00e4hlen (jederzeit k\u00fcndbar). Der lokale Speicher mit microSD-Karte (nicht im Lieferumfang enthalten) unterst\u00fctzt auch die 24\/7-Aufzeichnung.<br \/>\nErweiterter Kamera Hub &#038; Matter Bridge: Der Aqara Kamera-Hub G3 bietet nicht nur lokale Erkennung und unterst\u00fctzt HomeKit Secure Video, sondern dient auch als Aqara Zigbee-Hub und Matter Bridge. Er kann bis zu 128 Aqara Zigbee-Unterger\u00e4te verbinden. In Kombination mit Aqara-Ger\u00e4ten wird ein umfassendes Smart Home-Automatisierungssystem geschaffen. Als Matter-Bridge ist es mit Apple Home, Alexa und Google Home kompatibel und kann \u00fcber diese \u00d6kosysteme mit Ger\u00e4ten von Drittanbietern integriert werden. (Hinweis: F\u00fcr Infrarot-Funktionen in Apple Home finden Sie Details im Abschnitt \u201eErweiterter Matter Bridging\u201c)<\/p>\n","protected":false},"featured_media":12183,"comment_status":"open","ping_status":"closed","template":"","meta":{"_acf_changed":false},"product_brand":[],"product_cat":[267,262],"product_tag":[],"class_list":{"0":"post-12182","1":"product","2":"type-product","3":"status-publish","4":"has-post-thumbnail","6":"product_cat-heimsicherheitssysteme","7":"product_cat-sicherheit","9":"first","10":"instock","11":"sale","12":"shipping-taxable","13":"product-type-external"},"acf":[],"yoast_head":"<!-- This site is optimized with the Yoast SEO plugin v27.3 - https:\/\/yoast.com\/product\/yoast-seo-wordpress\/ -->\n<title>Aqara Home Security System Kit Y100-4-St\u00fcck Drahtloses Heim-Alarmsystem mit 2K Kamera-Hub G3, 3 Smart Sensors, Lokale Automatisierung &amp; 24\/7-Alarm, Unterst\u00fctzt HomeKit, Google Home, Alexa - Notfallvorsorge - Krisenvorsorge<\/title>\n<meta name=\"robots\" content=\"index, follow, max-snippet:-1, max-image-preview:large, max-video-preview:-1\" \/>\n<link rel=\"canonical\" href=\"https:\/\/www.ralti.de\/?product=aqara-home-security-system-kit-y100-4-stuck-drahtloses-heim-alarmsystem-mit-2k-kamera-hub-g3-3-smart-sensors-lokale-automatisierung-24-7-alarm-unterstutzt-homekit-google-home-alexa\" \/>\n<meta property=\"og:locale\" content=\"de_DE\" \/>\n<meta property=\"og:type\" content=\"article\" \/>\n<meta property=\"og:title\" content=\"Aqara Home Security System Kit Y100-4-St\u00fcck Drahtloses Heim-Alarmsystem mit 2K Kamera-Hub G3, 3 Smart Sensors, Lokale Automatisierung &amp; 24\/7-Alarm, Unterst\u00fctzt HomeKit, Google Home, Alexa - Notfallvorsorge - Krisenvorsorge\" \/>\n<meta property=\"og:description\" content=\"Dreifacher Schutz mit Vorkonfiguriertem Sicherheitssystem: Y100-Kit kombiniert eine 2K-Schwenk-Neige-Kamera mit KI-Erkennung (KI-basierte Gesichts-\/Tier- und Gestenerkennung) und drei intelligente Sensoren (Bewegung, Vibration, T\u00fcr\/Fenster) zu einer Reihe von Alarmsystemen zur \u00dcberwachung von Eindringlingen, wertvollen G\u00fctern und verd\u00e4chtigen Aktivit\u00e4ten. Alle Ger\u00e4te sind bereits miteinander gekoppelt und k\u00f6nnen sofort Cloud-Aufzeichnungen starten, wenn die Sensoren eine Aktivit\u00e4t erkennen - einfach einzurichten und ohne dass Sie lernen m\u00fcssen, wie man eine Verbindung zu einem Unterger\u00e4t herstellt. (Hinweis: Nur in der Aqara Home app) Cloud-Aufzeichnung &amp; Sicherheitsautomatisierung mit HomeGuardian: Bis zu 7 Tage kostenloser Cloud-Speicher. Genie\u00dfen Sie eine 30-t\u00e4gige Testversion der Cloud-Dienste von HomeGuardian, einschlie\u00dflich KI-Ereigniskennzeichnung, erweiterter 90-t\u00e4giger Videosicherung und SMS-\/E-Mail-Benachrichtigungen. [Nach der Testphase k\u00f6nnen Sie einen flexiblen Tarif ab 4,99 $ pro Monat w\u00e4hlen (jederzeit k\u00fcndbar). Der lokale Speicher mit microSD-Karte (nicht im Lieferumfang enthalten) unterst\u00fctzt auch die 24\/7-Aufzeichnung. Erweiterter Kamera Hub &amp; Matter Bridge: Der Aqara Kamera-Hub G3 bietet nicht nur lokale Erkennung und unterst\u00fctzt HomeKit Secure Video, sondern dient auch als Aqara Zigbee-Hub und Matter Bridge. Er kann bis zu 128 Aqara Zigbee-Unterger\u00e4te verbinden. In Kombination mit Aqara-Ger\u00e4ten wird ein umfassendes Smart Home-Automatisierungssystem geschaffen. Als Matter-Bridge ist es mit Apple Home, Alexa und Google Home kompatibel und kann \u00fcber diese \u00d6kosysteme mit Ger\u00e4ten von Drittanbietern integriert werden. (Hinweis: F\u00fcr Infrarot-Funktionen in Apple Home finden Sie Details im Abschnitt \u201eErweiterter Matter Bridging\u201c)\" \/>\n<meta property=\"og:url\" content=\"https:\/\/www.ralti.de\/?product=aqara-home-security-system-kit-y100-4-stuck-drahtloses-heim-alarmsystem-mit-2k-kamera-hub-g3-3-smart-sensors-lokale-automatisierung-24-7-alarm-unterstutzt-homekit-google-home-alexa\" \/>\n<meta property=\"og:site_name\" content=\"Notfallvorsorge - Krisenvorsorge\" \/>\n<meta property=\"og:image\" content=\"https:\/\/m.media-amazon.com\/images\/I\/31qKfKoclpL.jpg\" \/>\n\t<meta property=\"og:image:width\" content=\"500\" \/>\n\t<meta property=\"og:image:height\" content=\"500\" \/>\n\t<meta property=\"og:image:type\" content=\"image\/jpeg\" \/>\n<meta name=\"twitter:card\" content=\"summary_large_image\" \/>\n<meta name=\"twitter:label1\" content=\"Gesch\u00e4tzte Lesezeit\" \/>\n\t<meta name=\"twitter:data1\" content=\"2\u00a0Minuten\" \/>\n<script type=\"application\/ld+json\" class=\"yoast-schema-graph\">{\"@context\":\"https:\\\/\\\/schema.org\",\"@graph\":[{\"@type\":\"WebPage\",\"@id\":\"https:\\\/\\\/www.ralti.de\\\/?product=aqara-home-security-system-kit-y100-4-stuck-drahtloses-heim-alarmsystem-mit-2k-kamera-hub-g3-3-smart-sensors-lokale-automatisierung-24-7-alarm-unterstutzt-homekit-google-home-alexa\",\"url\":\"https:\\\/\\\/www.ralti.de\\\/?product=aqara-home-security-system-kit-y100-4-stuck-drahtloses-heim-alarmsystem-mit-2k-kamera-hub-g3-3-smart-sensors-lokale-automatisierung-24-7-alarm-unterstutzt-homekit-google-home-alexa\",\"name\":\"Aqara Home Security System Kit Y100-4-St\u00fcck Drahtloses Heim-Alarmsystem mit 2K Kamera-Hub G3, 3 Smart Sensors, Lokale Automatisierung & 24\\\/7-Alarm, Unterst\u00fctzt HomeKit, Google Home, Alexa - Notfallvorsorge - Krisenvorsorge\",\"isPartOf\":{\"@id\":\"https:\\\/\\\/www.ralti.de\\\/#website\"},\"primaryImageOfPage\":{\"@id\":\"https:\\\/\\\/www.ralti.de\\\/?product=aqara-home-security-system-kit-y100-4-stuck-drahtloses-heim-alarmsystem-mit-2k-kamera-hub-g3-3-smart-sensors-lokale-automatisierung-24-7-alarm-unterstutzt-homekit-google-home-alexa#primaryimage\"},\"image\":{\"@id\":\"https:\\\/\\\/www.ralti.de\\\/?product=aqara-home-security-system-kit-y100-4-stuck-drahtloses-heim-alarmsystem-mit-2k-kamera-hub-g3-3-smart-sensors-lokale-automatisierung-24-7-alarm-unterstutzt-homekit-google-home-alexa#primaryimage\"},\"thumbnailUrl\":\"https:\\\/\\\/m.media-amazon.com\\\/images\\\/I\\\/31qKfKoclpL.jpg\",\"datePublished\":\"2025-11-25T11:54:33+00:00\",\"breadcrumb\":{\"@id\":\"https:\\\/\\\/www.ralti.de\\\/?product=aqara-home-security-system-kit-y100-4-stuck-drahtloses-heim-alarmsystem-mit-2k-kamera-hub-g3-3-smart-sensors-lokale-automatisierung-24-7-alarm-unterstutzt-homekit-google-home-alexa#breadcrumb\"},\"inLanguage\":\"de\",\"potentialAction\":[{\"@type\":\"ReadAction\",\"target\":[\"https:\\\/\\\/www.ralti.de\\\/?product=aqara-home-security-system-kit-y100-4-stuck-drahtloses-heim-alarmsystem-mit-2k-kamera-hub-g3-3-smart-sensors-lokale-automatisierung-24-7-alarm-unterstutzt-homekit-google-home-alexa\"]}]},{\"@type\":\"ImageObject\",\"inLanguage\":\"de\",\"@id\":\"https:\\\/\\\/www.ralti.de\\\/?product=aqara-home-security-system-kit-y100-4-stuck-drahtloses-heim-alarmsystem-mit-2k-kamera-hub-g3-3-smart-sensors-lokale-automatisierung-24-7-alarm-unterstutzt-homekit-google-home-alexa#primaryimage\",\"url\":\"https:\\\/\\\/m.media-amazon.com\\\/images\\\/I\\\/31qKfKoclpL.jpg\",\"contentUrl\":\"https:\\\/\\\/m.media-amazon.com\\\/images\\\/I\\\/31qKfKoclpL.jpg\",\"width\":500,\"height\":500},{\"@type\":\"BreadcrumbList\",\"@id\":\"https:\\\/\\\/www.ralti.de\\\/?product=aqara-home-security-system-kit-y100-4-stuck-drahtloses-heim-alarmsystem-mit-2k-kamera-hub-g3-3-smart-sensors-lokale-automatisierung-24-7-alarm-unterstutzt-homekit-google-home-alexa#breadcrumb\",\"itemListElement\":[{\"@type\":\"ListItem\",\"position\":1,\"name\":\"Start\",\"item\":\"https:\\\/\\\/www.ralti.de\\\/\"},{\"@type\":\"ListItem\",\"position\":2,\"name\":\"Notfallartikel\",\"item\":\"https:\\\/\\\/www.ralti.de\\\/?page_id=14189\"},{\"@type\":\"ListItem\",\"position\":3,\"name\":\"Aqara Home Security System Kit Y100-4-St\u00fcck Drahtloses Heim-Alarmsystem mit 2K Kamera-Hub G3, 3 Smart Sensors, Lokale Automatisierung &#038; 24\\\/7-Alarm, Unterst\u00fctzt HomeKit, Google Home, Alexa\"}]},{\"@type\":\"WebSite\",\"@id\":\"https:\\\/\\\/www.ralti.de\\\/#website\",\"url\":\"https:\\\/\\\/www.ralti.de\\\/\",\"name\":\"Ralti.de\",\"description\":\"Hier viele gute Angebote\",\"publisher\":{\"@id\":\"https:\\\/\\\/www.ralti.de\\\/#organization\"},\"potentialAction\":[{\"@type\":\"SearchAction\",\"target\":{\"@type\":\"EntryPoint\",\"urlTemplate\":\"https:\\\/\\\/www.ralti.de\\\/?s={search_term_string}\"},\"query-input\":{\"@type\":\"PropertyValueSpecification\",\"valueRequired\":true,\"valueName\":\"search_term_string\"}}],\"inLanguage\":\"de\"},{\"@type\":\"Organization\",\"@id\":\"https:\\\/\\\/www.ralti.de\\\/#organization\",\"name\":\"Ralti.de\",\"url\":\"https:\\\/\\\/www.ralti.de\\\/\",\"logo\":{\"@type\":\"ImageObject\",\"inLanguage\":\"de\",\"@id\":\"https:\\\/\\\/www.ralti.de\\\/#\\\/schema\\\/logo\\\/image\\\/\",\"url\":\"https:\\\/\\\/www.ralti.de\\\/wp-content\\\/uploads\\\/2025\\\/11\\\/ralti.png\",\"contentUrl\":\"https:\\\/\\\/www.ralti.de\\\/wp-content\\\/uploads\\\/2025\\\/11\\\/ralti.png\",\"width\":240,\"height\":75,\"caption\":\"Ralti.de\"},\"image\":{\"@id\":\"https:\\\/\\\/www.ralti.de\\\/#\\\/schema\\\/logo\\\/image\\\/\"}}]}<\/script>\n<!-- \/ Yoast SEO plugin. -->","yoast_head_json":{"title":"Aqara Home Security System Kit Y100-4-St\u00fcck Drahtloses Heim-Alarmsystem mit 2K Kamera-Hub G3, 3 Smart Sensors, Lokale Automatisierung & 24\/7-Alarm, Unterst\u00fctzt HomeKit, Google Home, Alexa - Notfallvorsorge - Krisenvorsorge","robots":{"index":"index","follow":"follow","max-snippet":"max-snippet:-1","max-image-preview":"max-image-preview:large","max-video-preview":"max-video-preview:-1"},"canonical":"https:\/\/www.ralti.de\/?product=aqara-home-security-system-kit-y100-4-stuck-drahtloses-heim-alarmsystem-mit-2k-kamera-hub-g3-3-smart-sensors-lokale-automatisierung-24-7-alarm-unterstutzt-homekit-google-home-alexa","og_locale":"de_DE","og_type":"article","og_title":"Aqara Home Security System Kit Y100-4-St\u00fcck Drahtloses Heim-Alarmsystem mit 2K Kamera-Hub G3, 3 Smart Sensors, Lokale Automatisierung & 24\/7-Alarm, Unterst\u00fctzt HomeKit, Google Home, Alexa - Notfallvorsorge - Krisenvorsorge","og_description":"Dreifacher Schutz mit Vorkonfiguriertem Sicherheitssystem: Y100-Kit kombiniert eine 2K-Schwenk-Neige-Kamera mit KI-Erkennung (KI-basierte Gesichts-\/Tier- und Gestenerkennung) und drei intelligente Sensoren (Bewegung, Vibration, T\u00fcr\/Fenster) zu einer Reihe von Alarmsystemen zur \u00dcberwachung von Eindringlingen, wertvollen G\u00fctern und verd\u00e4chtigen Aktivit\u00e4ten. Alle Ger\u00e4te sind bereits miteinander gekoppelt und k\u00f6nnen sofort Cloud-Aufzeichnungen starten, wenn die Sensoren eine Aktivit\u00e4t erkennen - einfach einzurichten und ohne dass Sie lernen m\u00fcssen, wie man eine Verbindung zu einem Unterger\u00e4t herstellt. (Hinweis: Nur in der Aqara Home app) Cloud-Aufzeichnung & Sicherheitsautomatisierung mit HomeGuardian: Bis zu 7 Tage kostenloser Cloud-Speicher. Genie\u00dfen Sie eine 30-t\u00e4gige Testversion der Cloud-Dienste von HomeGuardian, einschlie\u00dflich KI-Ereigniskennzeichnung, erweiterter 90-t\u00e4giger Videosicherung und SMS-\/E-Mail-Benachrichtigungen. [Nach der Testphase k\u00f6nnen Sie einen flexiblen Tarif ab 4,99 $ pro Monat w\u00e4hlen (jederzeit k\u00fcndbar). Der lokale Speicher mit microSD-Karte (nicht im Lieferumfang enthalten) unterst\u00fctzt auch die 24\/7-Aufzeichnung. Erweiterter Kamera Hub & Matter Bridge: Der Aqara Kamera-Hub G3 bietet nicht nur lokale Erkennung und unterst\u00fctzt HomeKit Secure Video, sondern dient auch als Aqara Zigbee-Hub und Matter Bridge. Er kann bis zu 128 Aqara Zigbee-Unterger\u00e4te verbinden. In Kombination mit Aqara-Ger\u00e4ten wird ein umfassendes Smart Home-Automatisierungssystem geschaffen. Als Matter-Bridge ist es mit Apple Home, Alexa und Google Home kompatibel und kann \u00fcber diese \u00d6kosysteme mit Ger\u00e4ten von Drittanbietern integriert werden. (Hinweis: F\u00fcr Infrarot-Funktionen in Apple Home finden Sie Details im Abschnitt \u201eErweiterter Matter Bridging\u201c)","og_url":"https:\/\/www.ralti.de\/?product=aqara-home-security-system-kit-y100-4-stuck-drahtloses-heim-alarmsystem-mit-2k-kamera-hub-g3-3-smart-sensors-lokale-automatisierung-24-7-alarm-unterstutzt-homekit-google-home-alexa","og_site_name":"Notfallvorsorge - Krisenvorsorge","og_image":[{"width":500,"height":500,"url":"https:\/\/m.media-amazon.com\/images\/I\/31qKfKoclpL.jpg","type":"image\/jpeg"}],"twitter_card":"summary_large_image","twitter_misc":{"Gesch\u00e4tzte Lesezeit":"2\u00a0Minuten"},"schema":{"@context":"https:\/\/schema.org","@graph":[{"@type":"WebPage","@id":"https:\/\/www.ralti.de\/?product=aqara-home-security-system-kit-y100-4-stuck-drahtloses-heim-alarmsystem-mit-2k-kamera-hub-g3-3-smart-sensors-lokale-automatisierung-24-7-alarm-unterstutzt-homekit-google-home-alexa","url":"https:\/\/www.ralti.de\/?product=aqara-home-security-system-kit-y100-4-stuck-drahtloses-heim-alarmsystem-mit-2k-kamera-hub-g3-3-smart-sensors-lokale-automatisierung-24-7-alarm-unterstutzt-homekit-google-home-alexa","name":"Aqara Home Security System Kit Y100-4-St\u00fcck Drahtloses Heim-Alarmsystem mit 2K Kamera-Hub G3, 3 Smart Sensors, Lokale Automatisierung & 24\/7-Alarm, Unterst\u00fctzt HomeKit, Google Home, Alexa - Notfallvorsorge - Krisenvorsorge","isPartOf":{"@id":"https:\/\/www.ralti.de\/#website"},"primaryImageOfPage":{"@id":"https:\/\/www.ralti.de\/?product=aqara-home-security-system-kit-y100-4-stuck-drahtloses-heim-alarmsystem-mit-2k-kamera-hub-g3-3-smart-sensors-lokale-automatisierung-24-7-alarm-unterstutzt-homekit-google-home-alexa#primaryimage"},"image":{"@id":"https:\/\/www.ralti.de\/?product=aqara-home-security-system-kit-y100-4-stuck-drahtloses-heim-alarmsystem-mit-2k-kamera-hub-g3-3-smart-sensors-lokale-automatisierung-24-7-alarm-unterstutzt-homekit-google-home-alexa#primaryimage"},"thumbnailUrl":"https:\/\/m.media-amazon.com\/images\/I\/31qKfKoclpL.jpg","datePublished":"2025-11-25T11:54:33+00:00","breadcrumb":{"@id":"https:\/\/www.ralti.de\/?product=aqara-home-security-system-kit-y100-4-stuck-drahtloses-heim-alarmsystem-mit-2k-kamera-hub-g3-3-smart-sensors-lokale-automatisierung-24-7-alarm-unterstutzt-homekit-google-home-alexa#breadcrumb"},"inLanguage":"de","potentialAction":[{"@type":"ReadAction","target":["https:\/\/www.ralti.de\/?product=aqara-home-security-system-kit-y100-4-stuck-drahtloses-heim-alarmsystem-mit-2k-kamera-hub-g3-3-smart-sensors-lokale-automatisierung-24-7-alarm-unterstutzt-homekit-google-home-alexa"]}]},{"@type":"ImageObject","inLanguage":"de","@id":"https:\/\/www.ralti.de\/?product=aqara-home-security-system-kit-y100-4-stuck-drahtloses-heim-alarmsystem-mit-2k-kamera-hub-g3-3-smart-sensors-lokale-automatisierung-24-7-alarm-unterstutzt-homekit-google-home-alexa#primaryimage","url":"https:\/\/m.media-amazon.com\/images\/I\/31qKfKoclpL.jpg","contentUrl":"https:\/\/m.media-amazon.com\/images\/I\/31qKfKoclpL.jpg","width":500,"height":500},{"@type":"BreadcrumbList","@id":"https:\/\/www.ralti.de\/?product=aqara-home-security-system-kit-y100-4-stuck-drahtloses-heim-alarmsystem-mit-2k-kamera-hub-g3-3-smart-sensors-lokale-automatisierung-24-7-alarm-unterstutzt-homekit-google-home-alexa#breadcrumb","itemListElement":[{"@type":"ListItem","position":1,"name":"Start","item":"https:\/\/www.ralti.de\/"},{"@type":"ListItem","position":2,"name":"Notfallartikel","item":"https:\/\/www.ralti.de\/?page_id=14189"},{"@type":"ListItem","position":3,"name":"Aqara Home Security System Kit Y100-4-St\u00fcck Drahtloses Heim-Alarmsystem mit 2K Kamera-Hub G3, 3 Smart Sensors, Lokale Automatisierung &#038; 24\/7-Alarm, Unterst\u00fctzt HomeKit, Google Home, Alexa"}]},{"@type":"WebSite","@id":"https:\/\/www.ralti.de\/#website","url":"https:\/\/www.ralti.de\/","name":"Ralti.de","description":"Hier viele gute Angebote","publisher":{"@id":"https:\/\/www.ralti.de\/#organization"},"potentialAction":[{"@type":"SearchAction","target":{"@type":"EntryPoint","urlTemplate":"https:\/\/www.ralti.de\/?s={search_term_string}"},"query-input":{"@type":"PropertyValueSpecification","valueRequired":true,"valueName":"search_term_string"}}],"inLanguage":"de"},{"@type":"Organization","@id":"https:\/\/www.ralti.de\/#organization","name":"Ralti.de","url":"https:\/\/www.ralti.de\/","logo":{"@type":"ImageObject","inLanguage":"de","@id":"https:\/\/www.ralti.de\/#\/schema\/logo\/image\/","url":"https:\/\/www.ralti.de\/wp-content\/uploads\/2025\/11\/ralti.png","contentUrl":"https:\/\/www.ralti.de\/wp-content\/uploads\/2025\/11\/ralti.png","width":240,"height":75,"caption":"Ralti.de"},"image":{"@id":"https:\/\/www.ralti.de\/#\/schema\/logo\/image\/"}}]}},"_links":{"self":[{"href":"https:\/\/www.ralti.de\/index.php?rest_route=\/wp\/v2\/product\/12182","targetHints":{"allow":["GET"]}}],"collection":[{"href":"https:\/\/www.ralti.de\/index.php?rest_route=\/wp\/v2\/product"}],"about":[{"href":"https:\/\/www.ralti.de\/index.php?rest_route=\/wp\/v2\/types\/product"}],"replies":[{"embeddable":true,"href":"https:\/\/www.ralti.de\/index.php?rest_route=%2Fwp%2Fv2%2Fcomments&post=12182"}],"wp:featuredmedia":[{"embeddable":true,"href":"https:\/\/www.ralti.de\/index.php?rest_route=\/wp\/v2\/media\/12183"}],"wp:attachment":[{"href":"https:\/\/www.ralti.de\/index.php?rest_route=%2Fwp%2Fv2%2Fmedia&parent=12182"}],"wp:term":[{"taxonomy":"product_brand","embeddable":true,"href":"https:\/\/www.ralti.de\/index.php?rest_route=%2Fwp%2Fv2%2Fproduct_brand&post=12182"},{"taxonomy":"product_cat","embeddable":true,"href":"https:\/\/www.ralti.de\/index.php?rest_route=%2Fwp%2Fv2%2Fproduct_cat&post=12182"},{"taxonomy":"product_tag","embeddable":true,"href":"https:\/\/www.ralti.de\/index.php?rest_route=%2Fwp%2Fv2%2Fproduct_tag&post=12182"}],"curies":[{"name":"wp","href":"https:\/\/api.w.org\/{rel}","templated":true}]}}