{"id":13158,"date":"2025-11-25T12:07:38","date_gmt":"2025-11-25T12:07:38","guid":{"rendered":"https:\/\/www.ralti.de\/shop-2\/uncategorized\/ultraleicht-hangematte-outdoor-300kg-tragkraft-reise-hangematte-camping-atmungsaktiv-schnelltrocknendes-tragbare-fallschirm-nylon-fur-rucksackreisen-wandern-garten\/"},"modified":"2025-11-25T12:07:38","modified_gmt":"2025-11-25T12:07:38","slug":"ultraleicht-hangematte-outdoor-300kg-tragkraft-reise-hangematte-camping-atmungsaktiv-schnelltrocknendes-tragbare-fallschirm-nylon-fur-rucksackreisen-wandern-garten","status":"publish","type":"product","link":"https:\/\/www.ralti.de\/?product=ultraleicht-hangematte-outdoor-300kg-tragkraft-reise-hangematte-camping-atmungsaktiv-schnelltrocknendes-tragbare-fallschirm-nylon-fur-rucksackreisen-wandern-garten","title":{"rendered":"Ultraleicht H\u00e4ngematte Outdoor 300KG Tragkraft | Reise H\u00e4ngematte Camping Atmungsaktiv Schnelltrocknendes | Tragbare Fallschirm Nylon f\u00fcr Rucksackreisen, Wandern, Garten"},"content":{"rendered":"<p>FALLSCHIRM-NYLONGEWEBE: H\u00e4ngematte outdoor besteht aus hochwertigem 210T-Nylongewebe, das eine hervorragende Verschlei\u00dffestigkeit, Rei\u00dffestigkeit und Schmutzbest\u00e4ndigkeit aufweist. Leicht zu reinigen und trocknet nach dem Waschen schnell. Die flache Schlaffl\u00e4che ist weich und atmungsaktiv, passt sich Ihrer K\u00f6rperform an, reduziert Druckstellen und sorgt f\u00fcr maximale Entspannung. Der superweiche Griff sorgt f\u00fcr ein fantastisches Erlebnis beim Entspannen in der hammock.<br \/>\nANTI-ROLL-DESIGN: Outdoor h\u00e4ngematte ist mit einer l\u00e4ngeren Seite und einer k\u00fcrzeren Seite entworfen. Durch die Platzierung der l\u00e4ngeren Seite unten und der k\u00fcrzeren Seite oben entsteht eine gr\u00f6\u00dfere, flachere Schlaffl\u00e4che und minimiert das Risiko, dass die H\u00e4ngematte umkippt. Der Komfort und die Zuverl\u00e4ssigkeit von h\u00e4ngematte camping erm\u00f6glichen es Ihnen, die Ruhe der Natur zu genie\u00dfen und eine angenehme Schlafumgebung zu genie\u00dfen.<br \/>\nINSTALLATION IN 1 MINUTE: Die Installation camping h\u00e4ngematte war noch nie so einfach! Unsere reiseh\u00e4ngematte wird mit zwei 2 m langen Gurten und 2 D-f\u00f6rmigen Karabinern geliefert. Sie verf\u00fcgt \u00fcber 5 unabh\u00e4ngige Schlaufen, sodass Sie sich nicht die M\u00fche machen m\u00fcssen, Knoten zu kn\u00fcpfen. Einfach anklemmen und auf die gew\u00fcnschte H\u00f6he einstellen, ohne dass die H\u00e4ngematte besch\u00e4digt wird B\u00e4ume. Das einzigartige Anti-Roll-Design minimiert das Risiko eines Umkippens.<br \/>\nLEICHT UND TRAGBAR: Diese ultraleichte reise h\u00e4ngematte wiegt nur etwa 580 Gramm (einschlie\u00dflich Karabiner und robuster Gurte) und entspricht im zusammengeklappten Zustand der Gr\u00f6\u00dfe einer Wasserflasche, wodurch sie \u00e4u\u00dferst bequem zu tragen und leicht zu verstauen ist h\u00e4ngematte moskitonetz in einem Rucksack. Oder h\u00e4ngen Sie es einfach an Ihren Rucksack und nehmen Sie es mit, wohin Sie wollen, perfekt f\u00fcr diejenigen, die gerne mit leichtem Gep\u00e4ck reisen.<br \/>\nTRAGF\u00c4HIGKEIT 300 KG: H\u00e4ngemattenzelt verf\u00fcgt \u00fcber verst\u00e4rkte N\u00e4hte und superstarke Nylongurte(Zwei Farben werden zuf\u00e4llig versendet) f\u00fcr zuverl\u00e4ssigen Halt. Nach dem Test erreicht die Tragf\u00e4higkeit 300 kg. Die aufgeklappte Gr\u00f6\u00dfe betr\u00e4gt 270 cm lang x 140 cm breit. Es bietet Platz f\u00fcr 2 nebeneinander sitzende Erwachsene oder 4 Kinder, nicht \u00fcberf\u00fcllt. Zelt h\u00e4ngematte ist der perfekte Begleiter beim Camping, Wandern, Reisen und \u00dcberleben und eignet sich auch gut zum Aufh\u00e4ngen in Ihrem Garten.<br \/>\n<div class=\"main-cross-sell\" data-asin=\"B0CTHS2QZS\">\n\n\t<div class=\"WooZone-cross-sell-loader\">\n\t\t<div>\n\t\t\t<div id=\"floatingBarsG\">\n\t\t\t\t<div class=\"blockG\" id=\"rotateG_01\"><\/div>\n\t\t\t\t<div class=\"blockG\" id=\"rotateG_02\"><\/div>\n\t\t\t\t<div class=\"blockG\" id=\"rotateG_03\"><\/div>\n\t\t\t\t<div class=\"blockG\" id=\"rotateG_04\"><\/div>\n\t\t\t\t<div class=\"blockG\" id=\"rotateG_05\"><\/div>\n\t\t\t\t<div class=\"blockG\" id=\"rotateG_06\"><\/div>\n\t\t\t\t<div class=\"blockG\" id=\"rotateG_07\"><\/div>\n\t\t\t\t<div class=\"blockG\" id=\"rotateG_08\"><\/div>\n\t\t\t<\/div>\n\t\t\t<div class=\"WooZone-cross-sell-loader-text\"><\/div>\n\t\t<\/div>\n\t<\/div>\n\n\t\t\n<\/div>\n<div style=\"clear:both;\"><\/div>\n","protected":false},"excerpt":{"rendered":"<p>FALLSCHIRM-NYLONGEWEBE: H\u00e4ngematte outdoor besteht aus hochwertigem 210T-Nylongewebe, das eine hervorragende Verschlei\u00dffestigkeit, Rei\u00dffestigkeit und Schmutzbest\u00e4ndigkeit aufweist. Leicht zu reinigen und trocknet nach dem Waschen schnell. Die flache Schlaffl\u00e4che ist weich und atmungsaktiv, passt sich Ihrer K\u00f6rperform an, reduziert Druckstellen und sorgt f\u00fcr maximale Entspannung. Der superweiche Griff sorgt f\u00fcr ein fantastisches Erlebnis beim Entspannen in der hammock.<br \/>\nANTI-ROLL-DESIGN: Outdoor h\u00e4ngematte ist mit einer l\u00e4ngeren Seite und einer k\u00fcrzeren Seite entworfen. Durch die Platzierung der l\u00e4ngeren Seite unten und der k\u00fcrzeren Seite oben entsteht eine gr\u00f6\u00dfere, flachere Schlaffl\u00e4che und minimiert das Risiko, dass die H\u00e4ngematte umkippt. Der Komfort und die Zuverl\u00e4ssigkeit von h\u00e4ngematte camping erm\u00f6glichen es Ihnen, die Ruhe der Natur zu genie\u00dfen und eine angenehme Schlafumgebung zu genie\u00dfen.<br \/>\nINSTALLATION IN 1 MINUTE: Die Installation camping h\u00e4ngematte war noch nie so einfach! Unsere reiseh\u00e4ngematte wird mit zwei 2 m langen Gurten und 2 D-f\u00f6rmigen Karabinern geliefert. Sie verf\u00fcgt \u00fcber 5 unabh\u00e4ngige Schlaufen, sodass Sie sich nicht die M\u00fche machen m\u00fcssen, Knoten zu kn\u00fcpfen. Einfach anklemmen und auf die gew\u00fcnschte H\u00f6he einstellen, ohne dass die H\u00e4ngematte besch\u00e4digt wird B\u00e4ume. Das einzigartige Anti-Roll-Design minimiert das Risiko eines Umkippens.<\/p>\n","protected":false},"featured_media":13159,"comment_status":"open","ping_status":"closed","template":"","meta":{"_acf_changed":false},"product_brand":[],"product_cat":[272,268],"product_tag":[],"class_list":{"0":"post-13158","1":"product","2":"type-product","3":"status-publish","4":"has-post-thumbnail","6":"product_cat-hangematten","7":"product_cat-unterschlupf","9":"first","10":"instock","11":"sale","12":"shipping-taxable","13":"product-type-external"},"acf":[],"yoast_head":"<!-- This site is optimized with the Yoast SEO plugin v27.3 - https:\/\/yoast.com\/product\/yoast-seo-wordpress\/ -->\n<title>Ultraleicht H\u00e4ngematte Outdoor 300KG Tragkraft | Reise H\u00e4ngematte Camping Atmungsaktiv Schnelltrocknendes | Tragbare Fallschirm Nylon f\u00fcr Rucksackreisen, Wandern, Garten - Notfallvorsorge - Krisenvorsorge<\/title>\n<meta name=\"robots\" content=\"index, follow, max-snippet:-1, max-image-preview:large, max-video-preview:-1\" \/>\n<link rel=\"canonical\" href=\"https:\/\/www.ralti.de\/?product=ultraleicht-hangematte-outdoor-300kg-tragkraft-reise-hangematte-camping-atmungsaktiv-schnelltrocknendes-tragbare-fallschirm-nylon-fur-rucksackreisen-wandern-garten\" \/>\n<meta property=\"og:locale\" content=\"de_DE\" \/>\n<meta property=\"og:type\" content=\"article\" \/>\n<meta property=\"og:title\" content=\"Ultraleicht H\u00e4ngematte Outdoor 300KG Tragkraft | Reise H\u00e4ngematte Camping Atmungsaktiv Schnelltrocknendes | Tragbare Fallschirm Nylon f\u00fcr Rucksackreisen, Wandern, Garten - Notfallvorsorge - Krisenvorsorge\" \/>\n<meta property=\"og:description\" content=\"FALLSCHIRM-NYLONGEWEBE: H\u00e4ngematte outdoor besteht aus hochwertigem 210T-Nylongewebe, das eine hervorragende Verschlei\u00dffestigkeit, Rei\u00dffestigkeit und Schmutzbest\u00e4ndigkeit aufweist. Leicht zu reinigen und trocknet nach dem Waschen schnell. Die flache Schlaffl\u00e4che ist weich und atmungsaktiv, passt sich Ihrer K\u00f6rperform an, reduziert Druckstellen und sorgt f\u00fcr maximale Entspannung. Der superweiche Griff sorgt f\u00fcr ein fantastisches Erlebnis beim Entspannen in der hammock. ANTI-ROLL-DESIGN: Outdoor h\u00e4ngematte ist mit einer l\u00e4ngeren Seite und einer k\u00fcrzeren Seite entworfen. Durch die Platzierung der l\u00e4ngeren Seite unten und der k\u00fcrzeren Seite oben entsteht eine gr\u00f6\u00dfere, flachere Schlaffl\u00e4che und minimiert das Risiko, dass die H\u00e4ngematte umkippt. Der Komfort und die Zuverl\u00e4ssigkeit von h\u00e4ngematte camping erm\u00f6glichen es Ihnen, die Ruhe der Natur zu genie\u00dfen und eine angenehme Schlafumgebung zu genie\u00dfen. INSTALLATION IN 1 MINUTE: Die Installation camping h\u00e4ngematte war noch nie so einfach! Unsere reiseh\u00e4ngematte wird mit zwei 2 m langen Gurten und 2 D-f\u00f6rmigen Karabinern geliefert. Sie verf\u00fcgt \u00fcber 5 unabh\u00e4ngige Schlaufen, sodass Sie sich nicht die M\u00fche machen m\u00fcssen, Knoten zu kn\u00fcpfen. Einfach anklemmen und auf die gew\u00fcnschte H\u00f6he einstellen, ohne dass die H\u00e4ngematte besch\u00e4digt wird B\u00e4ume. Das einzigartige Anti-Roll-Design minimiert das Risiko eines Umkippens.\" \/>\n<meta property=\"og:url\" content=\"https:\/\/www.ralti.de\/?product=ultraleicht-hangematte-outdoor-300kg-tragkraft-reise-hangematte-camping-atmungsaktiv-schnelltrocknendes-tragbare-fallschirm-nylon-fur-rucksackreisen-wandern-garten\" \/>\n<meta property=\"og:site_name\" content=\"Notfallvorsorge - Krisenvorsorge\" \/>\n<meta property=\"og:image\" content=\"https:\/\/m.media-amazon.com\/images\/I\/41LvlVheTJL.jpg\" \/>\n\t<meta property=\"og:image:width\" content=\"500\" \/>\n\t<meta property=\"og:image:height\" content=\"500\" \/>\n\t<meta property=\"og:image:type\" content=\"image\/jpeg\" \/>\n<meta name=\"twitter:card\" content=\"summary_large_image\" \/>\n<meta name=\"twitter:label1\" content=\"Gesch\u00e4tzte Lesezeit\" \/>\n\t<meta name=\"twitter:data1\" content=\"2\u00a0Minuten\" \/>\n<script type=\"application\/ld+json\" class=\"yoast-schema-graph\">{\"@context\":\"https:\\\/\\\/schema.org\",\"@graph\":[{\"@type\":\"WebPage\",\"@id\":\"https:\\\/\\\/www.ralti.de\\\/?product=ultraleicht-hangematte-outdoor-300kg-tragkraft-reise-hangematte-camping-atmungsaktiv-schnelltrocknendes-tragbare-fallschirm-nylon-fur-rucksackreisen-wandern-garten\",\"url\":\"https:\\\/\\\/www.ralti.de\\\/?product=ultraleicht-hangematte-outdoor-300kg-tragkraft-reise-hangematte-camping-atmungsaktiv-schnelltrocknendes-tragbare-fallschirm-nylon-fur-rucksackreisen-wandern-garten\",\"name\":\"Ultraleicht H\u00e4ngematte Outdoor 300KG Tragkraft | Reise H\u00e4ngematte Camping Atmungsaktiv Schnelltrocknendes | Tragbare Fallschirm Nylon f\u00fcr Rucksackreisen, Wandern, Garten - Notfallvorsorge - Krisenvorsorge\",\"isPartOf\":{\"@id\":\"https:\\\/\\\/www.ralti.de\\\/#website\"},\"primaryImageOfPage\":{\"@id\":\"https:\\\/\\\/www.ralti.de\\\/?product=ultraleicht-hangematte-outdoor-300kg-tragkraft-reise-hangematte-camping-atmungsaktiv-schnelltrocknendes-tragbare-fallschirm-nylon-fur-rucksackreisen-wandern-garten#primaryimage\"},\"image\":{\"@id\":\"https:\\\/\\\/www.ralti.de\\\/?product=ultraleicht-hangematte-outdoor-300kg-tragkraft-reise-hangematte-camping-atmungsaktiv-schnelltrocknendes-tragbare-fallschirm-nylon-fur-rucksackreisen-wandern-garten#primaryimage\"},\"thumbnailUrl\":\"https:\\\/\\\/m.media-amazon.com\\\/images\\\/I\\\/41LvlVheTJL.jpg\",\"datePublished\":\"2025-11-25T12:07:38+00:00\",\"breadcrumb\":{\"@id\":\"https:\\\/\\\/www.ralti.de\\\/?product=ultraleicht-hangematte-outdoor-300kg-tragkraft-reise-hangematte-camping-atmungsaktiv-schnelltrocknendes-tragbare-fallschirm-nylon-fur-rucksackreisen-wandern-garten#breadcrumb\"},\"inLanguage\":\"de\",\"potentialAction\":[{\"@type\":\"ReadAction\",\"target\":[\"https:\\\/\\\/www.ralti.de\\\/?product=ultraleicht-hangematte-outdoor-300kg-tragkraft-reise-hangematte-camping-atmungsaktiv-schnelltrocknendes-tragbare-fallschirm-nylon-fur-rucksackreisen-wandern-garten\"]}]},{\"@type\":\"ImageObject\",\"inLanguage\":\"de\",\"@id\":\"https:\\\/\\\/www.ralti.de\\\/?product=ultraleicht-hangematte-outdoor-300kg-tragkraft-reise-hangematte-camping-atmungsaktiv-schnelltrocknendes-tragbare-fallschirm-nylon-fur-rucksackreisen-wandern-garten#primaryimage\",\"url\":\"https:\\\/\\\/m.media-amazon.com\\\/images\\\/I\\\/41LvlVheTJL.jpg\",\"contentUrl\":\"https:\\\/\\\/m.media-amazon.com\\\/images\\\/I\\\/41LvlVheTJL.jpg\",\"width\":500,\"height\":500},{\"@type\":\"BreadcrumbList\",\"@id\":\"https:\\\/\\\/www.ralti.de\\\/?product=ultraleicht-hangematte-outdoor-300kg-tragkraft-reise-hangematte-camping-atmungsaktiv-schnelltrocknendes-tragbare-fallschirm-nylon-fur-rucksackreisen-wandern-garten#breadcrumb\",\"itemListElement\":[{\"@type\":\"ListItem\",\"position\":1,\"name\":\"Start\",\"item\":\"https:\\\/\\\/www.ralti.de\\\/\"},{\"@type\":\"ListItem\",\"position\":2,\"name\":\"Notfallartikel\",\"item\":\"https:\\\/\\\/www.ralti.de\\\/?page_id=14189\"},{\"@type\":\"ListItem\",\"position\":3,\"name\":\"Ultraleicht H\u00e4ngematte Outdoor 300KG Tragkraft | Reise H\u00e4ngematte Camping Atmungsaktiv Schnelltrocknendes | Tragbare Fallschirm Nylon f\u00fcr Rucksackreisen, Wandern, Garten\"}]},{\"@type\":\"WebSite\",\"@id\":\"https:\\\/\\\/www.ralti.de\\\/#website\",\"url\":\"https:\\\/\\\/www.ralti.de\\\/\",\"name\":\"Ralti.de\",\"description\":\"Hier viele gute Angebote\",\"publisher\":{\"@id\":\"https:\\\/\\\/www.ralti.de\\\/#organization\"},\"potentialAction\":[{\"@type\":\"SearchAction\",\"target\":{\"@type\":\"EntryPoint\",\"urlTemplate\":\"https:\\\/\\\/www.ralti.de\\\/?s={search_term_string}\"},\"query-input\":{\"@type\":\"PropertyValueSpecification\",\"valueRequired\":true,\"valueName\":\"search_term_string\"}}],\"inLanguage\":\"de\"},{\"@type\":\"Organization\",\"@id\":\"https:\\\/\\\/www.ralti.de\\\/#organization\",\"name\":\"Ralti.de\",\"url\":\"https:\\\/\\\/www.ralti.de\\\/\",\"logo\":{\"@type\":\"ImageObject\",\"inLanguage\":\"de\",\"@id\":\"https:\\\/\\\/www.ralti.de\\\/#\\\/schema\\\/logo\\\/image\\\/\",\"url\":\"https:\\\/\\\/www.ralti.de\\\/wp-content\\\/uploads\\\/2025\\\/11\\\/ralti.png\",\"contentUrl\":\"https:\\\/\\\/www.ralti.de\\\/wp-content\\\/uploads\\\/2025\\\/11\\\/ralti.png\",\"width\":240,\"height\":75,\"caption\":\"Ralti.de\"},\"image\":{\"@id\":\"https:\\\/\\\/www.ralti.de\\\/#\\\/schema\\\/logo\\\/image\\\/\"}}]}<\/script>\n<!-- \/ Yoast SEO plugin. -->","yoast_head_json":{"title":"Ultraleicht H\u00e4ngematte Outdoor 300KG Tragkraft | Reise H\u00e4ngematte Camping Atmungsaktiv Schnelltrocknendes | Tragbare Fallschirm Nylon f\u00fcr Rucksackreisen, Wandern, Garten - Notfallvorsorge - Krisenvorsorge","robots":{"index":"index","follow":"follow","max-snippet":"max-snippet:-1","max-image-preview":"max-image-preview:large","max-video-preview":"max-video-preview:-1"},"canonical":"https:\/\/www.ralti.de\/?product=ultraleicht-hangematte-outdoor-300kg-tragkraft-reise-hangematte-camping-atmungsaktiv-schnelltrocknendes-tragbare-fallschirm-nylon-fur-rucksackreisen-wandern-garten","og_locale":"de_DE","og_type":"article","og_title":"Ultraleicht H\u00e4ngematte Outdoor 300KG Tragkraft | Reise H\u00e4ngematte Camping Atmungsaktiv Schnelltrocknendes | Tragbare Fallschirm Nylon f\u00fcr Rucksackreisen, Wandern, Garten - Notfallvorsorge - Krisenvorsorge","og_description":"FALLSCHIRM-NYLONGEWEBE: H\u00e4ngematte outdoor besteht aus hochwertigem 210T-Nylongewebe, das eine hervorragende Verschlei\u00dffestigkeit, Rei\u00dffestigkeit und Schmutzbest\u00e4ndigkeit aufweist. Leicht zu reinigen und trocknet nach dem Waschen schnell. Die flache Schlaffl\u00e4che ist weich und atmungsaktiv, passt sich Ihrer K\u00f6rperform an, reduziert Druckstellen und sorgt f\u00fcr maximale Entspannung. Der superweiche Griff sorgt f\u00fcr ein fantastisches Erlebnis beim Entspannen in der hammock. ANTI-ROLL-DESIGN: Outdoor h\u00e4ngematte ist mit einer l\u00e4ngeren Seite und einer k\u00fcrzeren Seite entworfen. Durch die Platzierung der l\u00e4ngeren Seite unten und der k\u00fcrzeren Seite oben entsteht eine gr\u00f6\u00dfere, flachere Schlaffl\u00e4che und minimiert das Risiko, dass die H\u00e4ngematte umkippt. Der Komfort und die Zuverl\u00e4ssigkeit von h\u00e4ngematte camping erm\u00f6glichen es Ihnen, die Ruhe der Natur zu genie\u00dfen und eine angenehme Schlafumgebung zu genie\u00dfen. INSTALLATION IN 1 MINUTE: Die Installation camping h\u00e4ngematte war noch nie so einfach! Unsere reiseh\u00e4ngematte wird mit zwei 2 m langen Gurten und 2 D-f\u00f6rmigen Karabinern geliefert. Sie verf\u00fcgt \u00fcber 5 unabh\u00e4ngige Schlaufen, sodass Sie sich nicht die M\u00fche machen m\u00fcssen, Knoten zu kn\u00fcpfen. Einfach anklemmen und auf die gew\u00fcnschte H\u00f6he einstellen, ohne dass die H\u00e4ngematte besch\u00e4digt wird B\u00e4ume. Das einzigartige Anti-Roll-Design minimiert das Risiko eines Umkippens.","og_url":"https:\/\/www.ralti.de\/?product=ultraleicht-hangematte-outdoor-300kg-tragkraft-reise-hangematte-camping-atmungsaktiv-schnelltrocknendes-tragbare-fallschirm-nylon-fur-rucksackreisen-wandern-garten","og_site_name":"Notfallvorsorge - Krisenvorsorge","og_image":[{"width":500,"height":500,"url":"https:\/\/m.media-amazon.com\/images\/I\/41LvlVheTJL.jpg","type":"image\/jpeg"}],"twitter_card":"summary_large_image","twitter_misc":{"Gesch\u00e4tzte Lesezeit":"2\u00a0Minuten"},"schema":{"@context":"https:\/\/schema.org","@graph":[{"@type":"WebPage","@id":"https:\/\/www.ralti.de\/?product=ultraleicht-hangematte-outdoor-300kg-tragkraft-reise-hangematte-camping-atmungsaktiv-schnelltrocknendes-tragbare-fallschirm-nylon-fur-rucksackreisen-wandern-garten","url":"https:\/\/www.ralti.de\/?product=ultraleicht-hangematte-outdoor-300kg-tragkraft-reise-hangematte-camping-atmungsaktiv-schnelltrocknendes-tragbare-fallschirm-nylon-fur-rucksackreisen-wandern-garten","name":"Ultraleicht H\u00e4ngematte Outdoor 300KG Tragkraft | Reise H\u00e4ngematte Camping Atmungsaktiv Schnelltrocknendes | Tragbare Fallschirm Nylon f\u00fcr Rucksackreisen, Wandern, Garten - Notfallvorsorge - Krisenvorsorge","isPartOf":{"@id":"https:\/\/www.ralti.de\/#website"},"primaryImageOfPage":{"@id":"https:\/\/www.ralti.de\/?product=ultraleicht-hangematte-outdoor-300kg-tragkraft-reise-hangematte-camping-atmungsaktiv-schnelltrocknendes-tragbare-fallschirm-nylon-fur-rucksackreisen-wandern-garten#primaryimage"},"image":{"@id":"https:\/\/www.ralti.de\/?product=ultraleicht-hangematte-outdoor-300kg-tragkraft-reise-hangematte-camping-atmungsaktiv-schnelltrocknendes-tragbare-fallschirm-nylon-fur-rucksackreisen-wandern-garten#primaryimage"},"thumbnailUrl":"https:\/\/m.media-amazon.com\/images\/I\/41LvlVheTJL.jpg","datePublished":"2025-11-25T12:07:38+00:00","breadcrumb":{"@id":"https:\/\/www.ralti.de\/?product=ultraleicht-hangematte-outdoor-300kg-tragkraft-reise-hangematte-camping-atmungsaktiv-schnelltrocknendes-tragbare-fallschirm-nylon-fur-rucksackreisen-wandern-garten#breadcrumb"},"inLanguage":"de","potentialAction":[{"@type":"ReadAction","target":["https:\/\/www.ralti.de\/?product=ultraleicht-hangematte-outdoor-300kg-tragkraft-reise-hangematte-camping-atmungsaktiv-schnelltrocknendes-tragbare-fallschirm-nylon-fur-rucksackreisen-wandern-garten"]}]},{"@type":"ImageObject","inLanguage":"de","@id":"https:\/\/www.ralti.de\/?product=ultraleicht-hangematte-outdoor-300kg-tragkraft-reise-hangematte-camping-atmungsaktiv-schnelltrocknendes-tragbare-fallschirm-nylon-fur-rucksackreisen-wandern-garten#primaryimage","url":"https:\/\/m.media-amazon.com\/images\/I\/41LvlVheTJL.jpg","contentUrl":"https:\/\/m.media-amazon.com\/images\/I\/41LvlVheTJL.jpg","width":500,"height":500},{"@type":"BreadcrumbList","@id":"https:\/\/www.ralti.de\/?product=ultraleicht-hangematte-outdoor-300kg-tragkraft-reise-hangematte-camping-atmungsaktiv-schnelltrocknendes-tragbare-fallschirm-nylon-fur-rucksackreisen-wandern-garten#breadcrumb","itemListElement":[{"@type":"ListItem","position":1,"name":"Start","item":"https:\/\/www.ralti.de\/"},{"@type":"ListItem","position":2,"name":"Notfallartikel","item":"https:\/\/www.ralti.de\/?page_id=14189"},{"@type":"ListItem","position":3,"name":"Ultraleicht H\u00e4ngematte Outdoor 300KG Tragkraft | Reise H\u00e4ngematte Camping Atmungsaktiv Schnelltrocknendes | Tragbare Fallschirm Nylon f\u00fcr Rucksackreisen, Wandern, Garten"}]},{"@type":"WebSite","@id":"https:\/\/www.ralti.de\/#website","url":"https:\/\/www.ralti.de\/","name":"Ralti.de","description":"Hier viele gute Angebote","publisher":{"@id":"https:\/\/www.ralti.de\/#organization"},"potentialAction":[{"@type":"SearchAction","target":{"@type":"EntryPoint","urlTemplate":"https:\/\/www.ralti.de\/?s={search_term_string}"},"query-input":{"@type":"PropertyValueSpecification","valueRequired":true,"valueName":"search_term_string"}}],"inLanguage":"de"},{"@type":"Organization","@id":"https:\/\/www.ralti.de\/#organization","name":"Ralti.de","url":"https:\/\/www.ralti.de\/","logo":{"@type":"ImageObject","inLanguage":"de","@id":"https:\/\/www.ralti.de\/#\/schema\/logo\/image\/","url":"https:\/\/www.ralti.de\/wp-content\/uploads\/2025\/11\/ralti.png","contentUrl":"https:\/\/www.ralti.de\/wp-content\/uploads\/2025\/11\/ralti.png","width":240,"height":75,"caption":"Ralti.de"},"image":{"@id":"https:\/\/www.ralti.de\/#\/schema\/logo\/image\/"}}]}},"_links":{"self":[{"href":"https:\/\/www.ralti.de\/index.php?rest_route=\/wp\/v2\/product\/13158","targetHints":{"allow":["GET"]}}],"collection":[{"href":"https:\/\/www.ralti.de\/index.php?rest_route=\/wp\/v2\/product"}],"about":[{"href":"https:\/\/www.ralti.de\/index.php?rest_route=\/wp\/v2\/types\/product"}],"replies":[{"embeddable":true,"href":"https:\/\/www.ralti.de\/index.php?rest_route=%2Fwp%2Fv2%2Fcomments&post=13158"}],"wp:featuredmedia":[{"embeddable":true,"href":"https:\/\/www.ralti.de\/index.php?rest_route=\/wp\/v2\/media\/13159"}],"wp:attachment":[{"href":"https:\/\/www.ralti.de\/index.php?rest_route=%2Fwp%2Fv2%2Fmedia&parent=13158"}],"wp:term":[{"taxonomy":"product_brand","embeddable":true,"href":"https:\/\/www.ralti.de\/index.php?rest_route=%2Fwp%2Fv2%2Fproduct_brand&post=13158"},{"taxonomy":"product_cat","embeddable":true,"href":"https:\/\/www.ralti.de\/index.php?rest_route=%2Fwp%2Fv2%2Fproduct_cat&post=13158"},{"taxonomy":"product_tag","embeddable":true,"href":"https:\/\/www.ralti.de\/index.php?rest_route=%2Fwp%2Fv2%2Fproduct_tag&post=13158"}],"curies":[{"name":"wp","href":"https:\/\/api.w.org\/{rel}","templated":true}]}}