{"id":13356,"date":"2025-11-25T12:09:31","date_gmt":"2025-11-25T12:09:31","guid":{"rendered":"https:\/\/www.ralti.de\/shop-2\/uncategorized\/abus-pfefferspray-sds80-zur-tierabwehr-bis-zu-5-m-zielgenaues-abwehrspray-mit-jet-spruhstrahl-zur-selbstverteidigung-bei-tierangriffen-funktioniert-auch-kopfuber\/"},"modified":"2025-11-25T12:09:31","modified_gmt":"2025-11-25T12:09:31","slug":"abus-pfefferspray-sds80-zur-tierabwehr-bis-zu-5-m-zielgenaues-abwehrspray-mit-jet-spruhstrahl-zur-selbstverteidigung-bei-tierangriffen-funktioniert-auch-kopfuber","status":"publish","type":"product","link":"https:\/\/www.ralti.de\/?product=abus-pfefferspray-sds80-zur-tierabwehr-bis-zu-5-m-zielgenaues-abwehrspray-mit-jet-spruhstrahl-zur-selbstverteidigung-bei-tierangriffen-funktioniert-auch-kopfuber","title":{"rendered":"ABUS Pfefferspray SDS80 zur Tierabwehr &#8211; bis zu 5 m zielgenaues Abwehrspray mit Jet-Spr\u00fchstrahl zur Selbstverteidigung bei Tierangriffen &#8211; funktioniert auch kopf\u00fcber"},"content":{"rendered":"<p>In Deutschland frei verk\u00e4ufliches Pfefferspray: Das Verteidigungsspray ist ausschlie\u00dflich zur Tierabwehr und nur f\u00fcr den deutschen Markt bestimmt &#8211; zur effektiven Hilfe gegen Tierangriffe beim Joggen, Wandern, Spazieren etc.<br \/>\nBis zu 5 Meter Spr\u00fchweite: dank konzentriertem Jet-Spr\u00fchstrahl &#8211; kann zielgenau angewendet werden &#8211; dabei hat das Tierabwehrspray insgesamt 8 Sekunden Spr\u00fchdauer<br \/>\nFunktioniert auch kopf\u00fcber: ausgekl\u00fcgelte 360\u00b0-Spr\u00fch-Technologie f\u00fcr ein kr\u00e4ftiges Spr\u00fchen aus allen Lagen &#8211; zuverl\u00e4ssige Funktion im Verteidigungsfall bietet Sicherheit<br \/>\nIn Polizeieins\u00e4tzen bew\u00e4hrter Reizstoff: das Spray enth\u00e4lt Oleoresin Capsicum (OC) f\u00fcr eine sofortige und sp\u00fcrbare Wirkung &#8211; in deutschen Laboren gepr\u00fcft und entwickelt<br \/>\nSichere Anwendung: Federdeckelsicherung sch\u00fctzt vor versehentlichem Ausl\u00f6sen &#8211; trotz einfacher Handhabung optional auch mit einem Fl\u00e4schchen Trainingsspray erh\u00e4ltlich, um im Notfall sicher zu agieren<br \/>\n<div class=\"main-cross-sell\" data-asin=\"B074JDQFZF\">\n\n\t<div class=\"WooZone-cross-sell-loader\">\n\t\t<div>\n\t\t\t<div id=\"floatingBarsG\">\n\t\t\t\t<div class=\"blockG\" id=\"rotateG_01\"><\/div>\n\t\t\t\t<div class=\"blockG\" id=\"rotateG_02\"><\/div>\n\t\t\t\t<div class=\"blockG\" id=\"rotateG_03\"><\/div>\n\t\t\t\t<div class=\"blockG\" id=\"rotateG_04\"><\/div>\n\t\t\t\t<div class=\"blockG\" id=\"rotateG_05\"><\/div>\n\t\t\t\t<div class=\"blockG\" id=\"rotateG_06\"><\/div>\n\t\t\t\t<div class=\"blockG\" id=\"rotateG_07\"><\/div>\n\t\t\t\t<div class=\"blockG\" id=\"rotateG_08\"><\/div>\n\t\t\t<\/div>\n\t\t\t<div class=\"WooZone-cross-sell-loader-text\"><\/div>\n\t\t<\/div>\n\t<\/div>\n\n\t\t\n<\/div>\n<div style=\"clear:both;\"><\/div>\n","protected":false},"excerpt":{"rendered":"<p>In Deutschland frei verk\u00e4ufliches Pfefferspray: Das Verteidigungsspray ist ausschlie\u00dflich zur Tierabwehr und nur f\u00fcr den deutschen Markt bestimmt &#8211; zur effektiven Hilfe gegen Tierangriffe beim Joggen, Wandern, Spazieren etc.<br \/>\nBis zu 5 Meter Spr\u00fchweite: dank konzentriertem Jet-Spr\u00fchstrahl &#8211; kann zielgenau angewendet werden &#8211; dabei hat das Tierabwehrspray insgesamt 8 Sekunden Spr\u00fchdauer<br \/>\nFunktioniert auch kopf\u00fcber: ausgekl\u00fcgelte 360\u00b0-Spr\u00fch-Technologie f\u00fcr ein kr\u00e4ftiges Spr\u00fchen aus allen Lagen &#8211; zuverl\u00e4ssige Funktion im Verteidigungsfall bietet Sicherheit<\/p>\n","protected":false},"featured_media":13357,"comment_status":"open","ping_status":"closed","template":"","meta":{"_acf_changed":false},"product_brand":[],"product_cat":[266,262],"product_tag":[],"class_list":{"0":"post-13356","1":"product","2":"type-product","3":"status-publish","4":"has-post-thumbnail","6":"product_cat-pfefferspray","7":"product_cat-sicherheit","9":"first","10":"instock","11":"sale","12":"shipping-taxable","13":"product-type-external"},"acf":[],"yoast_head":"<!-- This site is optimized with the Yoast SEO plugin v27.3 - https:\/\/yoast.com\/product\/yoast-seo-wordpress\/ -->\n<title>ABUS Pfefferspray SDS80 zur Tierabwehr - bis zu 5 m zielgenaues Abwehrspray mit Jet-Spr\u00fchstrahl zur Selbstverteidigung bei Tierangriffen - funktioniert auch kopf\u00fcber - Notfallvorsorge - Krisenvorsorge<\/title>\n<meta name=\"robots\" content=\"index, follow, max-snippet:-1, max-image-preview:large, max-video-preview:-1\" \/>\n<link rel=\"canonical\" href=\"https:\/\/www.ralti.de\/?product=abus-pfefferspray-sds80-zur-tierabwehr-bis-zu-5-m-zielgenaues-abwehrspray-mit-jet-spruhstrahl-zur-selbstverteidigung-bei-tierangriffen-funktioniert-auch-kopfuber\" \/>\n<meta property=\"og:locale\" content=\"de_DE\" \/>\n<meta property=\"og:type\" content=\"article\" \/>\n<meta property=\"og:title\" content=\"ABUS Pfefferspray SDS80 zur Tierabwehr - bis zu 5 m zielgenaues Abwehrspray mit Jet-Spr\u00fchstrahl zur Selbstverteidigung bei Tierangriffen - funktioniert auch kopf\u00fcber - Notfallvorsorge - Krisenvorsorge\" \/>\n<meta property=\"og:description\" content=\"In Deutschland frei verk\u00e4ufliches Pfefferspray: Das Verteidigungsspray ist ausschlie\u00dflich zur Tierabwehr und nur f\u00fcr den deutschen Markt bestimmt - zur effektiven Hilfe gegen Tierangriffe beim Joggen, Wandern, Spazieren etc. Bis zu 5 Meter Spr\u00fchweite: dank konzentriertem Jet-Spr\u00fchstrahl - kann zielgenau angewendet werden - dabei hat das Tierabwehrspray insgesamt 8 Sekunden Spr\u00fchdauer Funktioniert auch kopf\u00fcber: ausgekl\u00fcgelte 360\u00b0-Spr\u00fch-Technologie f\u00fcr ein kr\u00e4ftiges Spr\u00fchen aus allen Lagen - zuverl\u00e4ssige Funktion im Verteidigungsfall bietet Sicherheit\" \/>\n<meta property=\"og:url\" content=\"https:\/\/www.ralti.de\/?product=abus-pfefferspray-sds80-zur-tierabwehr-bis-zu-5-m-zielgenaues-abwehrspray-mit-jet-spruhstrahl-zur-selbstverteidigung-bei-tierangriffen-funktioniert-auch-kopfuber\" \/>\n<meta property=\"og:site_name\" content=\"Notfallvorsorge - Krisenvorsorge\" \/>\n<meta property=\"og:image\" content=\"https:\/\/m.media-amazon.com\/images\/I\/41gbzEPLJXL.jpg\" \/>\n\t<meta property=\"og:image:width\" content=\"500\" \/>\n\t<meta property=\"og:image:height\" content=\"500\" \/>\n\t<meta property=\"og:image:type\" content=\"image\/jpeg\" \/>\n<meta name=\"twitter:card\" content=\"summary_large_image\" \/>\n<meta name=\"twitter:label1\" content=\"Gesch\u00e4tzte Lesezeit\" \/>\n\t<meta name=\"twitter:data1\" content=\"1\u00a0Minute\" \/>\n<script type=\"application\/ld+json\" class=\"yoast-schema-graph\">{\"@context\":\"https:\\\/\\\/schema.org\",\"@graph\":[{\"@type\":\"WebPage\",\"@id\":\"https:\\\/\\\/www.ralti.de\\\/?product=abus-pfefferspray-sds80-zur-tierabwehr-bis-zu-5-m-zielgenaues-abwehrspray-mit-jet-spruhstrahl-zur-selbstverteidigung-bei-tierangriffen-funktioniert-auch-kopfuber\",\"url\":\"https:\\\/\\\/www.ralti.de\\\/?product=abus-pfefferspray-sds80-zur-tierabwehr-bis-zu-5-m-zielgenaues-abwehrspray-mit-jet-spruhstrahl-zur-selbstverteidigung-bei-tierangriffen-funktioniert-auch-kopfuber\",\"name\":\"ABUS Pfefferspray SDS80 zur Tierabwehr - bis zu 5 m zielgenaues Abwehrspray mit Jet-Spr\u00fchstrahl zur Selbstverteidigung bei Tierangriffen - funktioniert auch kopf\u00fcber - Notfallvorsorge - Krisenvorsorge\",\"isPartOf\":{\"@id\":\"https:\\\/\\\/www.ralti.de\\\/#website\"},\"primaryImageOfPage\":{\"@id\":\"https:\\\/\\\/www.ralti.de\\\/?product=abus-pfefferspray-sds80-zur-tierabwehr-bis-zu-5-m-zielgenaues-abwehrspray-mit-jet-spruhstrahl-zur-selbstverteidigung-bei-tierangriffen-funktioniert-auch-kopfuber#primaryimage\"},\"image\":{\"@id\":\"https:\\\/\\\/www.ralti.de\\\/?product=abus-pfefferspray-sds80-zur-tierabwehr-bis-zu-5-m-zielgenaues-abwehrspray-mit-jet-spruhstrahl-zur-selbstverteidigung-bei-tierangriffen-funktioniert-auch-kopfuber#primaryimage\"},\"thumbnailUrl\":\"https:\\\/\\\/m.media-amazon.com\\\/images\\\/I\\\/41gbzEPLJXL.jpg\",\"datePublished\":\"2025-11-25T12:09:31+00:00\",\"breadcrumb\":{\"@id\":\"https:\\\/\\\/www.ralti.de\\\/?product=abus-pfefferspray-sds80-zur-tierabwehr-bis-zu-5-m-zielgenaues-abwehrspray-mit-jet-spruhstrahl-zur-selbstverteidigung-bei-tierangriffen-funktioniert-auch-kopfuber#breadcrumb\"},\"inLanguage\":\"de\",\"potentialAction\":[{\"@type\":\"ReadAction\",\"target\":[\"https:\\\/\\\/www.ralti.de\\\/?product=abus-pfefferspray-sds80-zur-tierabwehr-bis-zu-5-m-zielgenaues-abwehrspray-mit-jet-spruhstrahl-zur-selbstverteidigung-bei-tierangriffen-funktioniert-auch-kopfuber\"]}]},{\"@type\":\"ImageObject\",\"inLanguage\":\"de\",\"@id\":\"https:\\\/\\\/www.ralti.de\\\/?product=abus-pfefferspray-sds80-zur-tierabwehr-bis-zu-5-m-zielgenaues-abwehrspray-mit-jet-spruhstrahl-zur-selbstverteidigung-bei-tierangriffen-funktioniert-auch-kopfuber#primaryimage\",\"url\":\"https:\\\/\\\/m.media-amazon.com\\\/images\\\/I\\\/41gbzEPLJXL.jpg\",\"contentUrl\":\"https:\\\/\\\/m.media-amazon.com\\\/images\\\/I\\\/41gbzEPLJXL.jpg\",\"width\":500,\"height\":500},{\"@type\":\"BreadcrumbList\",\"@id\":\"https:\\\/\\\/www.ralti.de\\\/?product=abus-pfefferspray-sds80-zur-tierabwehr-bis-zu-5-m-zielgenaues-abwehrspray-mit-jet-spruhstrahl-zur-selbstverteidigung-bei-tierangriffen-funktioniert-auch-kopfuber#breadcrumb\",\"itemListElement\":[{\"@type\":\"ListItem\",\"position\":1,\"name\":\"Start\",\"item\":\"https:\\\/\\\/www.ralti.de\\\/\"},{\"@type\":\"ListItem\",\"position\":2,\"name\":\"Notfallartikel\",\"item\":\"https:\\\/\\\/www.ralti.de\\\/?page_id=14189\"},{\"@type\":\"ListItem\",\"position\":3,\"name\":\"ABUS Pfefferspray SDS80 zur Tierabwehr &#8211; bis zu 5 m zielgenaues Abwehrspray mit Jet-Spr\u00fchstrahl zur Selbstverteidigung bei Tierangriffen &#8211; funktioniert auch kopf\u00fcber\"}]},{\"@type\":\"WebSite\",\"@id\":\"https:\\\/\\\/www.ralti.de\\\/#website\",\"url\":\"https:\\\/\\\/www.ralti.de\\\/\",\"name\":\"Ralti.de\",\"description\":\"Hier viele gute Angebote\",\"publisher\":{\"@id\":\"https:\\\/\\\/www.ralti.de\\\/#organization\"},\"potentialAction\":[{\"@type\":\"SearchAction\",\"target\":{\"@type\":\"EntryPoint\",\"urlTemplate\":\"https:\\\/\\\/www.ralti.de\\\/?s={search_term_string}\"},\"query-input\":{\"@type\":\"PropertyValueSpecification\",\"valueRequired\":true,\"valueName\":\"search_term_string\"}}],\"inLanguage\":\"de\"},{\"@type\":\"Organization\",\"@id\":\"https:\\\/\\\/www.ralti.de\\\/#organization\",\"name\":\"Ralti.de\",\"url\":\"https:\\\/\\\/www.ralti.de\\\/\",\"logo\":{\"@type\":\"ImageObject\",\"inLanguage\":\"de\",\"@id\":\"https:\\\/\\\/www.ralti.de\\\/#\\\/schema\\\/logo\\\/image\\\/\",\"url\":\"https:\\\/\\\/www.ralti.de\\\/wp-content\\\/uploads\\\/2025\\\/11\\\/ralti.png\",\"contentUrl\":\"https:\\\/\\\/www.ralti.de\\\/wp-content\\\/uploads\\\/2025\\\/11\\\/ralti.png\",\"width\":240,\"height\":75,\"caption\":\"Ralti.de\"},\"image\":{\"@id\":\"https:\\\/\\\/www.ralti.de\\\/#\\\/schema\\\/logo\\\/image\\\/\"}}]}<\/script>\n<!-- \/ Yoast SEO plugin. -->","yoast_head_json":{"title":"ABUS Pfefferspray SDS80 zur Tierabwehr - bis zu 5 m zielgenaues Abwehrspray mit Jet-Spr\u00fchstrahl zur Selbstverteidigung bei Tierangriffen - funktioniert auch kopf\u00fcber - Notfallvorsorge - Krisenvorsorge","robots":{"index":"index","follow":"follow","max-snippet":"max-snippet:-1","max-image-preview":"max-image-preview:large","max-video-preview":"max-video-preview:-1"},"canonical":"https:\/\/www.ralti.de\/?product=abus-pfefferspray-sds80-zur-tierabwehr-bis-zu-5-m-zielgenaues-abwehrspray-mit-jet-spruhstrahl-zur-selbstverteidigung-bei-tierangriffen-funktioniert-auch-kopfuber","og_locale":"de_DE","og_type":"article","og_title":"ABUS Pfefferspray SDS80 zur Tierabwehr - bis zu 5 m zielgenaues Abwehrspray mit Jet-Spr\u00fchstrahl zur Selbstverteidigung bei Tierangriffen - funktioniert auch kopf\u00fcber - Notfallvorsorge - Krisenvorsorge","og_description":"In Deutschland frei verk\u00e4ufliches Pfefferspray: Das Verteidigungsspray ist ausschlie\u00dflich zur Tierabwehr und nur f\u00fcr den deutschen Markt bestimmt - zur effektiven Hilfe gegen Tierangriffe beim Joggen, Wandern, Spazieren etc. Bis zu 5 Meter Spr\u00fchweite: dank konzentriertem Jet-Spr\u00fchstrahl - kann zielgenau angewendet werden - dabei hat das Tierabwehrspray insgesamt 8 Sekunden Spr\u00fchdauer Funktioniert auch kopf\u00fcber: ausgekl\u00fcgelte 360\u00b0-Spr\u00fch-Technologie f\u00fcr ein kr\u00e4ftiges Spr\u00fchen aus allen Lagen - zuverl\u00e4ssige Funktion im Verteidigungsfall bietet Sicherheit","og_url":"https:\/\/www.ralti.de\/?product=abus-pfefferspray-sds80-zur-tierabwehr-bis-zu-5-m-zielgenaues-abwehrspray-mit-jet-spruhstrahl-zur-selbstverteidigung-bei-tierangriffen-funktioniert-auch-kopfuber","og_site_name":"Notfallvorsorge - Krisenvorsorge","og_image":[{"width":500,"height":500,"url":"https:\/\/m.media-amazon.com\/images\/I\/41gbzEPLJXL.jpg","type":"image\/jpeg"}],"twitter_card":"summary_large_image","twitter_misc":{"Gesch\u00e4tzte Lesezeit":"1\u00a0Minute"},"schema":{"@context":"https:\/\/schema.org","@graph":[{"@type":"WebPage","@id":"https:\/\/www.ralti.de\/?product=abus-pfefferspray-sds80-zur-tierabwehr-bis-zu-5-m-zielgenaues-abwehrspray-mit-jet-spruhstrahl-zur-selbstverteidigung-bei-tierangriffen-funktioniert-auch-kopfuber","url":"https:\/\/www.ralti.de\/?product=abus-pfefferspray-sds80-zur-tierabwehr-bis-zu-5-m-zielgenaues-abwehrspray-mit-jet-spruhstrahl-zur-selbstverteidigung-bei-tierangriffen-funktioniert-auch-kopfuber","name":"ABUS Pfefferspray SDS80 zur Tierabwehr - bis zu 5 m zielgenaues Abwehrspray mit Jet-Spr\u00fchstrahl zur Selbstverteidigung bei Tierangriffen - funktioniert auch kopf\u00fcber - Notfallvorsorge - Krisenvorsorge","isPartOf":{"@id":"https:\/\/www.ralti.de\/#website"},"primaryImageOfPage":{"@id":"https:\/\/www.ralti.de\/?product=abus-pfefferspray-sds80-zur-tierabwehr-bis-zu-5-m-zielgenaues-abwehrspray-mit-jet-spruhstrahl-zur-selbstverteidigung-bei-tierangriffen-funktioniert-auch-kopfuber#primaryimage"},"image":{"@id":"https:\/\/www.ralti.de\/?product=abus-pfefferspray-sds80-zur-tierabwehr-bis-zu-5-m-zielgenaues-abwehrspray-mit-jet-spruhstrahl-zur-selbstverteidigung-bei-tierangriffen-funktioniert-auch-kopfuber#primaryimage"},"thumbnailUrl":"https:\/\/m.media-amazon.com\/images\/I\/41gbzEPLJXL.jpg","datePublished":"2025-11-25T12:09:31+00:00","breadcrumb":{"@id":"https:\/\/www.ralti.de\/?product=abus-pfefferspray-sds80-zur-tierabwehr-bis-zu-5-m-zielgenaues-abwehrspray-mit-jet-spruhstrahl-zur-selbstverteidigung-bei-tierangriffen-funktioniert-auch-kopfuber#breadcrumb"},"inLanguage":"de","potentialAction":[{"@type":"ReadAction","target":["https:\/\/www.ralti.de\/?product=abus-pfefferspray-sds80-zur-tierabwehr-bis-zu-5-m-zielgenaues-abwehrspray-mit-jet-spruhstrahl-zur-selbstverteidigung-bei-tierangriffen-funktioniert-auch-kopfuber"]}]},{"@type":"ImageObject","inLanguage":"de","@id":"https:\/\/www.ralti.de\/?product=abus-pfefferspray-sds80-zur-tierabwehr-bis-zu-5-m-zielgenaues-abwehrspray-mit-jet-spruhstrahl-zur-selbstverteidigung-bei-tierangriffen-funktioniert-auch-kopfuber#primaryimage","url":"https:\/\/m.media-amazon.com\/images\/I\/41gbzEPLJXL.jpg","contentUrl":"https:\/\/m.media-amazon.com\/images\/I\/41gbzEPLJXL.jpg","width":500,"height":500},{"@type":"BreadcrumbList","@id":"https:\/\/www.ralti.de\/?product=abus-pfefferspray-sds80-zur-tierabwehr-bis-zu-5-m-zielgenaues-abwehrspray-mit-jet-spruhstrahl-zur-selbstverteidigung-bei-tierangriffen-funktioniert-auch-kopfuber#breadcrumb","itemListElement":[{"@type":"ListItem","position":1,"name":"Start","item":"https:\/\/www.ralti.de\/"},{"@type":"ListItem","position":2,"name":"Notfallartikel","item":"https:\/\/www.ralti.de\/?page_id=14189"},{"@type":"ListItem","position":3,"name":"ABUS Pfefferspray SDS80 zur Tierabwehr &#8211; bis zu 5 m zielgenaues Abwehrspray mit Jet-Spr\u00fchstrahl zur Selbstverteidigung bei Tierangriffen &#8211; funktioniert auch kopf\u00fcber"}]},{"@type":"WebSite","@id":"https:\/\/www.ralti.de\/#website","url":"https:\/\/www.ralti.de\/","name":"Ralti.de","description":"Hier viele gute Angebote","publisher":{"@id":"https:\/\/www.ralti.de\/#organization"},"potentialAction":[{"@type":"SearchAction","target":{"@type":"EntryPoint","urlTemplate":"https:\/\/www.ralti.de\/?s={search_term_string}"},"query-input":{"@type":"PropertyValueSpecification","valueRequired":true,"valueName":"search_term_string"}}],"inLanguage":"de"},{"@type":"Organization","@id":"https:\/\/www.ralti.de\/#organization","name":"Ralti.de","url":"https:\/\/www.ralti.de\/","logo":{"@type":"ImageObject","inLanguage":"de","@id":"https:\/\/www.ralti.de\/#\/schema\/logo\/image\/","url":"https:\/\/www.ralti.de\/wp-content\/uploads\/2025\/11\/ralti.png","contentUrl":"https:\/\/www.ralti.de\/wp-content\/uploads\/2025\/11\/ralti.png","width":240,"height":75,"caption":"Ralti.de"},"image":{"@id":"https:\/\/www.ralti.de\/#\/schema\/logo\/image\/"}}]}},"_links":{"self":[{"href":"https:\/\/www.ralti.de\/index.php?rest_route=\/wp\/v2\/product\/13356","targetHints":{"allow":["GET"]}}],"collection":[{"href":"https:\/\/www.ralti.de\/index.php?rest_route=\/wp\/v2\/product"}],"about":[{"href":"https:\/\/www.ralti.de\/index.php?rest_route=\/wp\/v2\/types\/product"}],"replies":[{"embeddable":true,"href":"https:\/\/www.ralti.de\/index.php?rest_route=%2Fwp%2Fv2%2Fcomments&post=13356"}],"wp:featuredmedia":[{"embeddable":true,"href":"https:\/\/www.ralti.de\/index.php?rest_route=\/wp\/v2\/media\/13357"}],"wp:attachment":[{"href":"https:\/\/www.ralti.de\/index.php?rest_route=%2Fwp%2Fv2%2Fmedia&parent=13356"}],"wp:term":[{"taxonomy":"product_brand","embeddable":true,"href":"https:\/\/www.ralti.de\/index.php?rest_route=%2Fwp%2Fv2%2Fproduct_brand&post=13356"},{"taxonomy":"product_cat","embeddable":true,"href":"https:\/\/www.ralti.de\/index.php?rest_route=%2Fwp%2Fv2%2Fproduct_cat&post=13356"},{"taxonomy":"product_tag","embeddable":true,"href":"https:\/\/www.ralti.de\/index.php?rest_route=%2Fwp%2Fv2%2Fproduct_tag&post=13356"}],"curies":[{"name":"wp","href":"https:\/\/api.w.org\/{rel}","templated":true}]}}