{"id":13362,"date":"2025-11-25T12:10:29","date_gmt":"2025-11-25T12:10:29","guid":{"rendered":"https:\/\/www.ralti.de\/shop-2\/uncategorized\/high-peak-pavillongartenzeltfestivalzeltfreistehend-2-reisverschluss-moskitonetzwande-2-eingenahte-stoffwande-stahl-fiberglass-gestange-mit-abs-winkel-einfacher-aufbau-leicht-kleines-packmas\/"},"modified":"2025-11-25T12:10:29","modified_gmt":"2025-11-25T12:10:29","slug":"high-peak-pavillongartenzeltfestivalzeltfreistehend-2-reisverschluss-moskitonetzwande-2-eingenahte-stoffwande-stahl-fiberglass-gestange-mit-abs-winkel-einfacher-aufbau-leicht-kleines-packmas","status":"publish","type":"product","link":"https:\/\/www.ralti.de\/?product=high-peak-pavillongartenzeltfestivalzeltfreistehend-2-reisverschluss-moskitonetzwande-2-eingenahte-stoffwande-stahl-fiberglass-gestange-mit-abs-winkel-einfacher-aufbau-leicht-kleines-packmas","title":{"rendered":"High Peak Pavillon,Gartenzelt,Festivalzelt,freistehend, 2 Rei\u00dfverschluss Moskitonetzw\u00e4nde, 2 eingen\u00e4hte Stoffw\u00e4nde, Stahl-Fiberglass Gest\u00e4nge mit ABS Winkel, einfacher Aufbau, leicht, kleines Packma\u00df"},"content":{"rendered":"<p><!-- show up to 2 reviews by default --> <\/p>\n<h3> <span>Produktbeschreibung<\/span> <\/h3>\n<p> <span>Der Pavillon bietet auf 9 m2 Schutz vor Sonne und Wind. Die 2 Moskitonetz- Seitenteile werden mittels Rei\u00dfverschluss eingezogen und halten Insekten fern. Die Gest\u00e4nge B\u00f6gen mit ABS Kunststoffwinkeln sorgen f\u00fcr eine optimale Raumausnutzung. Mit leichtem Gewicht, kleinem Pack Ma\u00df und schnellem Aufbau perfekt f\u00fcr jede Gartenparty und Festival<\/span> <\/p>\n<h3> <span>Warnhinweise<\/span> <\/h3>\n<p> <span>Achtung: Verankern Sie den Vorhang richtig, vermeiden Sie die Verwendung bei windigen Bedingungen, halten Sie es von W\u00e4rmequellen fern, achten Sie auf den Rei\u00dfverschluss.<\/span> <\/p>\n<p>H\u00e4lt k\u00fchl und bequem<br \/>\nBringt Ihnen einen zus\u00e4tzlichen Komfort<br \/>\nHochwertige Material<br \/>\nLanglebig<br \/>\n<div class=\"main-cross-sell\" data-asin=\"B0941R4W4V\">\n\n\t<div class=\"WooZone-cross-sell-loader\">\n\t\t<div>\n\t\t\t<div id=\"floatingBarsG\">\n\t\t\t\t<div class=\"blockG\" id=\"rotateG_01\"><\/div>\n\t\t\t\t<div class=\"blockG\" id=\"rotateG_02\"><\/div>\n\t\t\t\t<div class=\"blockG\" id=\"rotateG_03\"><\/div>\n\t\t\t\t<div class=\"blockG\" id=\"rotateG_04\"><\/div>\n\t\t\t\t<div class=\"blockG\" id=\"rotateG_05\"><\/div>\n\t\t\t\t<div class=\"blockG\" id=\"rotateG_06\"><\/div>\n\t\t\t\t<div class=\"blockG\" id=\"rotateG_07\"><\/div>\n\t\t\t\t<div class=\"blockG\" id=\"rotateG_08\"><\/div>\n\t\t\t<\/div>\n\t\t\t<div class=\"WooZone-cross-sell-loader-text\"><\/div>\n\t\t<\/div>\n\t<\/div>\n\n\t\t\n<\/div>\n<div style=\"clear:both;\"><\/div>\n","protected":false},"excerpt":{"rendered":"<p>H\u00e4lt k\u00fchl und bequem<br \/>\nBringt Ihnen einen zus\u00e4tzlichen Komfort<br \/>\nHochwertige Material<\/p>\n","protected":false},"featured_media":13363,"comment_status":"open","ping_status":"closed","template":"","meta":{"_acf_changed":false},"product_brand":[],"product_cat":[271,268],"product_tag":[],"class_list":{"0":"post-13362","1":"product","2":"type-product","3":"status-publish","4":"has-post-thumbnail","6":"product_cat-tragbare-unterkunfte","7":"product_cat-unterschlupf","9":"first","10":"instock","11":"shipping-taxable","12":"product-type-external"},"acf":[],"yoast_head":"<!-- This site is optimized with the Yoast SEO plugin v27.3 - https:\/\/yoast.com\/product\/yoast-seo-wordpress\/ -->\n<title>High Peak Pavillon,Gartenzelt,Festivalzelt,freistehend, 2 Rei\u00dfverschluss Moskitonetzw\u00e4nde, 2 eingen\u00e4hte Stoffw\u00e4nde, Stahl-Fiberglass Gest\u00e4nge mit ABS Winkel, einfacher Aufbau, leicht, kleines Packma\u00df - Notfallvorsorge - Krisenvorsorge<\/title>\n<meta name=\"robots\" content=\"index, follow, max-snippet:-1, max-image-preview:large, max-video-preview:-1\" \/>\n<link rel=\"canonical\" href=\"https:\/\/www.ralti.de\/?product=high-peak-pavillongartenzeltfestivalzeltfreistehend-2-reisverschluss-moskitonetzwande-2-eingenahte-stoffwande-stahl-fiberglass-gestange-mit-abs-winkel-einfacher-aufbau-leicht-kleines-packmas\" \/>\n<meta property=\"og:locale\" content=\"de_DE\" \/>\n<meta property=\"og:type\" content=\"article\" \/>\n<meta property=\"og:title\" content=\"High Peak Pavillon,Gartenzelt,Festivalzelt,freistehend, 2 Rei\u00dfverschluss Moskitonetzw\u00e4nde, 2 eingen\u00e4hte Stoffw\u00e4nde, Stahl-Fiberglass Gest\u00e4nge mit ABS Winkel, einfacher Aufbau, leicht, kleines Packma\u00df - Notfallvorsorge - Krisenvorsorge\" \/>\n<meta property=\"og:description\" content=\"H\u00e4lt k\u00fchl und bequem Bringt Ihnen einen zus\u00e4tzlichen Komfort Hochwertige Material\" \/>\n<meta property=\"og:url\" content=\"https:\/\/www.ralti.de\/?product=high-peak-pavillongartenzeltfestivalzeltfreistehend-2-reisverschluss-moskitonetzwande-2-eingenahte-stoffwande-stahl-fiberglass-gestange-mit-abs-winkel-einfacher-aufbau-leicht-kleines-packmas\" \/>\n<meta property=\"og:site_name\" content=\"Notfallvorsorge - Krisenvorsorge\" \/>\n<meta property=\"og:image\" content=\"https:\/\/m.media-amazon.com\/images\/I\/31c67jTrcsL.jpg\" \/>\n\t<meta property=\"og:image:width\" content=\"500\" \/>\n\t<meta property=\"og:image:height\" content=\"500\" \/>\n\t<meta property=\"og:image:type\" content=\"image\/jpeg\" \/>\n<meta name=\"twitter:card\" content=\"summary_large_image\" \/>\n<meta name=\"twitter:label1\" content=\"Gesch\u00e4tzte Lesezeit\" \/>\n\t<meta name=\"twitter:data1\" content=\"1\u00a0Minute\" \/>\n<script type=\"application\/ld+json\" class=\"yoast-schema-graph\">{\"@context\":\"https:\\\/\\\/schema.org\",\"@graph\":[{\"@type\":\"WebPage\",\"@id\":\"https:\\\/\\\/www.ralti.de\\\/?product=high-peak-pavillongartenzeltfestivalzeltfreistehend-2-reisverschluss-moskitonetzwande-2-eingenahte-stoffwande-stahl-fiberglass-gestange-mit-abs-winkel-einfacher-aufbau-leicht-kleines-packmas\",\"url\":\"https:\\\/\\\/www.ralti.de\\\/?product=high-peak-pavillongartenzeltfestivalzeltfreistehend-2-reisverschluss-moskitonetzwande-2-eingenahte-stoffwande-stahl-fiberglass-gestange-mit-abs-winkel-einfacher-aufbau-leicht-kleines-packmas\",\"name\":\"High Peak Pavillon,Gartenzelt,Festivalzelt,freistehend, 2 Rei\u00dfverschluss Moskitonetzw\u00e4nde, 2 eingen\u00e4hte Stoffw\u00e4nde, Stahl-Fiberglass Gest\u00e4nge mit ABS Winkel, einfacher Aufbau, leicht, kleines Packma\u00df - Notfallvorsorge - Krisenvorsorge\",\"isPartOf\":{\"@id\":\"https:\\\/\\\/www.ralti.de\\\/#website\"},\"primaryImageOfPage\":{\"@id\":\"https:\\\/\\\/www.ralti.de\\\/?product=high-peak-pavillongartenzeltfestivalzeltfreistehend-2-reisverschluss-moskitonetzwande-2-eingenahte-stoffwande-stahl-fiberglass-gestange-mit-abs-winkel-einfacher-aufbau-leicht-kleines-packmas#primaryimage\"},\"image\":{\"@id\":\"https:\\\/\\\/www.ralti.de\\\/?product=high-peak-pavillongartenzeltfestivalzeltfreistehend-2-reisverschluss-moskitonetzwande-2-eingenahte-stoffwande-stahl-fiberglass-gestange-mit-abs-winkel-einfacher-aufbau-leicht-kleines-packmas#primaryimage\"},\"thumbnailUrl\":\"https:\\\/\\\/m.media-amazon.com\\\/images\\\/I\\\/31c67jTrcsL.jpg\",\"datePublished\":\"2025-11-25T12:10:29+00:00\",\"breadcrumb\":{\"@id\":\"https:\\\/\\\/www.ralti.de\\\/?product=high-peak-pavillongartenzeltfestivalzeltfreistehend-2-reisverschluss-moskitonetzwande-2-eingenahte-stoffwande-stahl-fiberglass-gestange-mit-abs-winkel-einfacher-aufbau-leicht-kleines-packmas#breadcrumb\"},\"inLanguage\":\"de\",\"potentialAction\":[{\"@type\":\"ReadAction\",\"target\":[\"https:\\\/\\\/www.ralti.de\\\/?product=high-peak-pavillongartenzeltfestivalzeltfreistehend-2-reisverschluss-moskitonetzwande-2-eingenahte-stoffwande-stahl-fiberglass-gestange-mit-abs-winkel-einfacher-aufbau-leicht-kleines-packmas\"]}]},{\"@type\":\"ImageObject\",\"inLanguage\":\"de\",\"@id\":\"https:\\\/\\\/www.ralti.de\\\/?product=high-peak-pavillongartenzeltfestivalzeltfreistehend-2-reisverschluss-moskitonetzwande-2-eingenahte-stoffwande-stahl-fiberglass-gestange-mit-abs-winkel-einfacher-aufbau-leicht-kleines-packmas#primaryimage\",\"url\":\"https:\\\/\\\/m.media-amazon.com\\\/images\\\/I\\\/31c67jTrcsL.jpg\",\"contentUrl\":\"https:\\\/\\\/m.media-amazon.com\\\/images\\\/I\\\/31c67jTrcsL.jpg\",\"width\":500,\"height\":500},{\"@type\":\"BreadcrumbList\",\"@id\":\"https:\\\/\\\/www.ralti.de\\\/?product=high-peak-pavillongartenzeltfestivalzeltfreistehend-2-reisverschluss-moskitonetzwande-2-eingenahte-stoffwande-stahl-fiberglass-gestange-mit-abs-winkel-einfacher-aufbau-leicht-kleines-packmas#breadcrumb\",\"itemListElement\":[{\"@type\":\"ListItem\",\"position\":1,\"name\":\"Start\",\"item\":\"https:\\\/\\\/www.ralti.de\\\/\"},{\"@type\":\"ListItem\",\"position\":2,\"name\":\"Notfallartikel\",\"item\":\"https:\\\/\\\/www.ralti.de\\\/?page_id=14189\"},{\"@type\":\"ListItem\",\"position\":3,\"name\":\"High Peak Pavillon,Gartenzelt,Festivalzelt,freistehend, 2 Rei\u00dfverschluss Moskitonetzw\u00e4nde, 2 eingen\u00e4hte Stoffw\u00e4nde, Stahl-Fiberglass Gest\u00e4nge mit ABS Winkel, einfacher Aufbau, leicht, kleines Packma\u00df\"}]},{\"@type\":\"WebSite\",\"@id\":\"https:\\\/\\\/www.ralti.de\\\/#website\",\"url\":\"https:\\\/\\\/www.ralti.de\\\/\",\"name\":\"Ralti.de\",\"description\":\"Hier viele gute Angebote\",\"publisher\":{\"@id\":\"https:\\\/\\\/www.ralti.de\\\/#organization\"},\"potentialAction\":[{\"@type\":\"SearchAction\",\"target\":{\"@type\":\"EntryPoint\",\"urlTemplate\":\"https:\\\/\\\/www.ralti.de\\\/?s={search_term_string}\"},\"query-input\":{\"@type\":\"PropertyValueSpecification\",\"valueRequired\":true,\"valueName\":\"search_term_string\"}}],\"inLanguage\":\"de\"},{\"@type\":\"Organization\",\"@id\":\"https:\\\/\\\/www.ralti.de\\\/#organization\",\"name\":\"Ralti.de\",\"url\":\"https:\\\/\\\/www.ralti.de\\\/\",\"logo\":{\"@type\":\"ImageObject\",\"inLanguage\":\"de\",\"@id\":\"https:\\\/\\\/www.ralti.de\\\/#\\\/schema\\\/logo\\\/image\\\/\",\"url\":\"https:\\\/\\\/www.ralti.de\\\/wp-content\\\/uploads\\\/2025\\\/11\\\/ralti.png\",\"contentUrl\":\"https:\\\/\\\/www.ralti.de\\\/wp-content\\\/uploads\\\/2025\\\/11\\\/ralti.png\",\"width\":240,\"height\":75,\"caption\":\"Ralti.de\"},\"image\":{\"@id\":\"https:\\\/\\\/www.ralti.de\\\/#\\\/schema\\\/logo\\\/image\\\/\"}}]}<\/script>\n<!-- \/ Yoast SEO plugin. -->","yoast_head_json":{"title":"High Peak Pavillon,Gartenzelt,Festivalzelt,freistehend, 2 Rei\u00dfverschluss Moskitonetzw\u00e4nde, 2 eingen\u00e4hte Stoffw\u00e4nde, Stahl-Fiberglass Gest\u00e4nge mit ABS Winkel, einfacher Aufbau, leicht, kleines Packma\u00df - Notfallvorsorge - Krisenvorsorge","robots":{"index":"index","follow":"follow","max-snippet":"max-snippet:-1","max-image-preview":"max-image-preview:large","max-video-preview":"max-video-preview:-1"},"canonical":"https:\/\/www.ralti.de\/?product=high-peak-pavillongartenzeltfestivalzeltfreistehend-2-reisverschluss-moskitonetzwande-2-eingenahte-stoffwande-stahl-fiberglass-gestange-mit-abs-winkel-einfacher-aufbau-leicht-kleines-packmas","og_locale":"de_DE","og_type":"article","og_title":"High Peak Pavillon,Gartenzelt,Festivalzelt,freistehend, 2 Rei\u00dfverschluss Moskitonetzw\u00e4nde, 2 eingen\u00e4hte Stoffw\u00e4nde, Stahl-Fiberglass Gest\u00e4nge mit ABS Winkel, einfacher Aufbau, leicht, kleines Packma\u00df - Notfallvorsorge - Krisenvorsorge","og_description":"H\u00e4lt k\u00fchl und bequem Bringt Ihnen einen zus\u00e4tzlichen Komfort Hochwertige Material","og_url":"https:\/\/www.ralti.de\/?product=high-peak-pavillongartenzeltfestivalzeltfreistehend-2-reisverschluss-moskitonetzwande-2-eingenahte-stoffwande-stahl-fiberglass-gestange-mit-abs-winkel-einfacher-aufbau-leicht-kleines-packmas","og_site_name":"Notfallvorsorge - Krisenvorsorge","og_image":[{"width":500,"height":500,"url":"https:\/\/m.media-amazon.com\/images\/I\/31c67jTrcsL.jpg","type":"image\/jpeg"}],"twitter_card":"summary_large_image","twitter_misc":{"Gesch\u00e4tzte Lesezeit":"1\u00a0Minute"},"schema":{"@context":"https:\/\/schema.org","@graph":[{"@type":"WebPage","@id":"https:\/\/www.ralti.de\/?product=high-peak-pavillongartenzeltfestivalzeltfreistehend-2-reisverschluss-moskitonetzwande-2-eingenahte-stoffwande-stahl-fiberglass-gestange-mit-abs-winkel-einfacher-aufbau-leicht-kleines-packmas","url":"https:\/\/www.ralti.de\/?product=high-peak-pavillongartenzeltfestivalzeltfreistehend-2-reisverschluss-moskitonetzwande-2-eingenahte-stoffwande-stahl-fiberglass-gestange-mit-abs-winkel-einfacher-aufbau-leicht-kleines-packmas","name":"High Peak Pavillon,Gartenzelt,Festivalzelt,freistehend, 2 Rei\u00dfverschluss Moskitonetzw\u00e4nde, 2 eingen\u00e4hte Stoffw\u00e4nde, Stahl-Fiberglass Gest\u00e4nge mit ABS Winkel, einfacher Aufbau, leicht, kleines Packma\u00df - Notfallvorsorge - Krisenvorsorge","isPartOf":{"@id":"https:\/\/www.ralti.de\/#website"},"primaryImageOfPage":{"@id":"https:\/\/www.ralti.de\/?product=high-peak-pavillongartenzeltfestivalzeltfreistehend-2-reisverschluss-moskitonetzwande-2-eingenahte-stoffwande-stahl-fiberglass-gestange-mit-abs-winkel-einfacher-aufbau-leicht-kleines-packmas#primaryimage"},"image":{"@id":"https:\/\/www.ralti.de\/?product=high-peak-pavillongartenzeltfestivalzeltfreistehend-2-reisverschluss-moskitonetzwande-2-eingenahte-stoffwande-stahl-fiberglass-gestange-mit-abs-winkel-einfacher-aufbau-leicht-kleines-packmas#primaryimage"},"thumbnailUrl":"https:\/\/m.media-amazon.com\/images\/I\/31c67jTrcsL.jpg","datePublished":"2025-11-25T12:10:29+00:00","breadcrumb":{"@id":"https:\/\/www.ralti.de\/?product=high-peak-pavillongartenzeltfestivalzeltfreistehend-2-reisverschluss-moskitonetzwande-2-eingenahte-stoffwande-stahl-fiberglass-gestange-mit-abs-winkel-einfacher-aufbau-leicht-kleines-packmas#breadcrumb"},"inLanguage":"de","potentialAction":[{"@type":"ReadAction","target":["https:\/\/www.ralti.de\/?product=high-peak-pavillongartenzeltfestivalzeltfreistehend-2-reisverschluss-moskitonetzwande-2-eingenahte-stoffwande-stahl-fiberglass-gestange-mit-abs-winkel-einfacher-aufbau-leicht-kleines-packmas"]}]},{"@type":"ImageObject","inLanguage":"de","@id":"https:\/\/www.ralti.de\/?product=high-peak-pavillongartenzeltfestivalzeltfreistehend-2-reisverschluss-moskitonetzwande-2-eingenahte-stoffwande-stahl-fiberglass-gestange-mit-abs-winkel-einfacher-aufbau-leicht-kleines-packmas#primaryimage","url":"https:\/\/m.media-amazon.com\/images\/I\/31c67jTrcsL.jpg","contentUrl":"https:\/\/m.media-amazon.com\/images\/I\/31c67jTrcsL.jpg","width":500,"height":500},{"@type":"BreadcrumbList","@id":"https:\/\/www.ralti.de\/?product=high-peak-pavillongartenzeltfestivalzeltfreistehend-2-reisverschluss-moskitonetzwande-2-eingenahte-stoffwande-stahl-fiberglass-gestange-mit-abs-winkel-einfacher-aufbau-leicht-kleines-packmas#breadcrumb","itemListElement":[{"@type":"ListItem","position":1,"name":"Start","item":"https:\/\/www.ralti.de\/"},{"@type":"ListItem","position":2,"name":"Notfallartikel","item":"https:\/\/www.ralti.de\/?page_id=14189"},{"@type":"ListItem","position":3,"name":"High Peak Pavillon,Gartenzelt,Festivalzelt,freistehend, 2 Rei\u00dfverschluss Moskitonetzw\u00e4nde, 2 eingen\u00e4hte Stoffw\u00e4nde, Stahl-Fiberglass Gest\u00e4nge mit ABS Winkel, einfacher Aufbau, leicht, kleines Packma\u00df"}]},{"@type":"WebSite","@id":"https:\/\/www.ralti.de\/#website","url":"https:\/\/www.ralti.de\/","name":"Ralti.de","description":"Hier viele gute Angebote","publisher":{"@id":"https:\/\/www.ralti.de\/#organization"},"potentialAction":[{"@type":"SearchAction","target":{"@type":"EntryPoint","urlTemplate":"https:\/\/www.ralti.de\/?s={search_term_string}"},"query-input":{"@type":"PropertyValueSpecification","valueRequired":true,"valueName":"search_term_string"}}],"inLanguage":"de"},{"@type":"Organization","@id":"https:\/\/www.ralti.de\/#organization","name":"Ralti.de","url":"https:\/\/www.ralti.de\/","logo":{"@type":"ImageObject","inLanguage":"de","@id":"https:\/\/www.ralti.de\/#\/schema\/logo\/image\/","url":"https:\/\/www.ralti.de\/wp-content\/uploads\/2025\/11\/ralti.png","contentUrl":"https:\/\/www.ralti.de\/wp-content\/uploads\/2025\/11\/ralti.png","width":240,"height":75,"caption":"Ralti.de"},"image":{"@id":"https:\/\/www.ralti.de\/#\/schema\/logo\/image\/"}}]}},"_links":{"self":[{"href":"https:\/\/www.ralti.de\/index.php?rest_route=\/wp\/v2\/product\/13362","targetHints":{"allow":["GET"]}}],"collection":[{"href":"https:\/\/www.ralti.de\/index.php?rest_route=\/wp\/v2\/product"}],"about":[{"href":"https:\/\/www.ralti.de\/index.php?rest_route=\/wp\/v2\/types\/product"}],"replies":[{"embeddable":true,"href":"https:\/\/www.ralti.de\/index.php?rest_route=%2Fwp%2Fv2%2Fcomments&post=13362"}],"wp:featuredmedia":[{"embeddable":true,"href":"https:\/\/www.ralti.de\/index.php?rest_route=\/wp\/v2\/media\/13363"}],"wp:attachment":[{"href":"https:\/\/www.ralti.de\/index.php?rest_route=%2Fwp%2Fv2%2Fmedia&parent=13362"}],"wp:term":[{"taxonomy":"product_brand","embeddable":true,"href":"https:\/\/www.ralti.de\/index.php?rest_route=%2Fwp%2Fv2%2Fproduct_brand&post=13362"},{"taxonomy":"product_cat","embeddable":true,"href":"https:\/\/www.ralti.de\/index.php?rest_route=%2Fwp%2Fv2%2Fproduct_cat&post=13362"},{"taxonomy":"product_tag","embeddable":true,"href":"https:\/\/www.ralti.de\/index.php?rest_route=%2Fwp%2Fv2%2Fproduct_tag&post=13362"}],"curies":[{"name":"wp","href":"https:\/\/api.w.org\/{rel}","templated":true}]}}