{"id":13405,"date":"2025-11-25T12:10:41","date_gmt":"2025-11-25T12:10:41","guid":{"rendered":"https:\/\/www.ralti.de\/shop-2\/uncategorized\/vevor-tragbares-pop-up-spruhfarbenzelt-farbkabine-diy-spruhmalerei\/"},"modified":"2025-11-25T12:10:41","modified_gmt":"2025-11-25T12:10:41","slug":"vevor-tragbares-pop-up-spruhfarbenzelt-farbkabine-diy-spruhmalerei","status":"publish","type":"product","link":"https:\/\/www.ralti.de\/?product=vevor-tragbares-pop-up-spruhfarbenzelt-farbkabine-diy-spruhmalerei","title":{"rendered":"VEVOR tragbares Pop-Up-Spr\u00fchfarbenzelt Farbkabine DIY Spr\u00fchmalerei"},"content":{"rendered":"<p>Schnell auf- und abgebaut: Einfach auf eine ebene Fl\u00e4che stellen und in Sekundenschnelle ohne komplizierte Aufbauarbeiten aufbauen. Nach Gebrauch l\u00e4sst er sich schnell und platzsparend zu einem kleinen Kreis zusammenfalten.<br \/>\n\u00dcberall tragbar: Dieses tragbare Lackierzelt wird mit einer Aufbewahrungstasche geliefert, damit Sie es \u00fcberall hin mitnehmen k\u00f6nnen. Es ist sowohl f\u00fcr den Innen- als auch f\u00fcr den Au\u00dfenbereich geeignet. Es kann auf dem Boden oder auf einer Tischplatte aufgestellt werden.<br \/>\nGer\u00e4umiger Innenraum: Mit einer Gr\u00f6\u00dfe von 40 x 35 x 40 Zoll (101,6 x 88,9 x 101,6 cm) bietet dieses Pop-Up-Spritzzelt 15 % mehr Platz als herk\u00f6mmliche Modelle und sorgt f\u00fcr eine ger\u00e4umige Arbeitsumgebung. Es bietet Platz f\u00fcr gr\u00f6\u00dfere M\u00f6bel und Teile.<br \/>\nSorgen Sie f\u00fcr frische Luft im Inneren: Das hintere Abluftfenster verbessert die Luftzirkulation im Lackierzelt, verhindert Gasansammlungen und verbessert die Arbeitsumgebung. Es verhindert auch, dass sich Farbnebel auf bereits gespritzten Fl\u00e4chen absetzt, und sorgt daf\u00fcr, dass jeder Anstrich glatter und gleichm\u00e4\u00dfiger wird.<br \/>\nVielseitig einsetzbar: Der kompakte und dennoch ger\u00e4umige Innenraum des Spritzschutzes eignet sich perfekt f\u00fcr mittelgro\u00dfe bis kleine M\u00f6bel, Kunsthandwerk und verschiedene Teile. Verwenden Sie dieses Lackierzelt in der Garage, auf dem Rasen, auf der Terrasse oder in Innenr\u00e4umen.<br \/>\n<div class=\"main-cross-sell\" data-asin=\"B0DCBMZQCM\">\n\n\t<div class=\"WooZone-cross-sell-loader\">\n\t\t<div>\n\t\t\t<div id=\"floatingBarsG\">\n\t\t\t\t<div class=\"blockG\" id=\"rotateG_01\"><\/div>\n\t\t\t\t<div class=\"blockG\" id=\"rotateG_02\"><\/div>\n\t\t\t\t<div class=\"blockG\" id=\"rotateG_03\"><\/div>\n\t\t\t\t<div class=\"blockG\" id=\"rotateG_04\"><\/div>\n\t\t\t\t<div class=\"blockG\" id=\"rotateG_05\"><\/div>\n\t\t\t\t<div class=\"blockG\" id=\"rotateG_06\"><\/div>\n\t\t\t\t<div class=\"blockG\" id=\"rotateG_07\"><\/div>\n\t\t\t\t<div class=\"blockG\" id=\"rotateG_08\"><\/div>\n\t\t\t<\/div>\n\t\t\t<div class=\"WooZone-cross-sell-loader-text\"><\/div>\n\t\t<\/div>\n\t<\/div>\n\n\t\t\n<\/div>\n<div style=\"clear:both;\"><\/div>\n","protected":false},"excerpt":{"rendered":"<p>Schnell auf- und abgebaut: Einfach auf eine ebene Fl\u00e4che stellen und in Sekundenschnelle ohne komplizierte Aufbauarbeiten aufbauen. Nach Gebrauch l\u00e4sst er sich schnell und platzsparend zu einem kleinen Kreis zusammenfalten.<br \/>\n\u00dcberall tragbar: Dieses tragbare Lackierzelt wird mit einer Aufbewahrungstasche geliefert, damit Sie es \u00fcberall hin mitnehmen k\u00f6nnen. Es ist sowohl f\u00fcr den Innen- als auch f\u00fcr den Au\u00dfenbereich geeignet. Es kann auf dem Boden oder auf einer Tischplatte aufgestellt werden.<br \/>\nGer\u00e4umiger Innenraum: Mit einer Gr\u00f6\u00dfe von 40 x 35 x 40 Zoll (101,6 x 88,9 x 101,6 cm) bietet dieses Pop-Up-Spritzzelt 15 % mehr Platz als herk\u00f6mmliche Modelle und sorgt f\u00fcr eine ger\u00e4umige Arbeitsumgebung. Es bietet Platz f\u00fcr gr\u00f6\u00dfere M\u00f6bel und Teile.<\/p>\n","protected":false},"featured_media":13406,"comment_status":"open","ping_status":"closed","template":"","meta":{"_acf_changed":false},"product_brand":[],"product_cat":[271,268],"product_tag":[],"class_list":{"0":"post-13405","1":"product","2":"type-product","3":"status-publish","4":"has-post-thumbnail","6":"product_cat-tragbare-unterkunfte","7":"product_cat-unterschlupf","9":"first","10":"instock","11":"shipping-taxable","12":"product-type-external"},"acf":[],"yoast_head":"<!-- This site is optimized with the Yoast SEO plugin v27.5 - https:\/\/yoast.com\/product\/yoast-seo-wordpress\/ -->\n<title>VEVOR tragbares Pop-Up-Spr\u00fchfarbenzelt Farbkabine DIY Spr\u00fchmalerei - Notfallvorsorge - Krisenvorsorge<\/title>\n<meta name=\"robots\" content=\"index, follow, max-snippet:-1, max-image-preview:large, max-video-preview:-1\" \/>\n<link rel=\"canonical\" href=\"https:\/\/www.ralti.de\/?product=vevor-tragbares-pop-up-spruhfarbenzelt-farbkabine-diy-spruhmalerei\" \/>\n<meta property=\"og:locale\" content=\"de_DE\" \/>\n<meta property=\"og:type\" content=\"article\" \/>\n<meta property=\"og:title\" content=\"VEVOR tragbares Pop-Up-Spr\u00fchfarbenzelt Farbkabine DIY Spr\u00fchmalerei - Notfallvorsorge - Krisenvorsorge\" \/>\n<meta property=\"og:description\" content=\"Schnell auf- und abgebaut: Einfach auf eine ebene Fl\u00e4che stellen und in Sekundenschnelle ohne komplizierte Aufbauarbeiten aufbauen. Nach Gebrauch l\u00e4sst er sich schnell und platzsparend zu einem kleinen Kreis zusammenfalten. \u00dcberall tragbar: Dieses tragbare Lackierzelt wird mit einer Aufbewahrungstasche geliefert, damit Sie es \u00fcberall hin mitnehmen k\u00f6nnen. Es ist sowohl f\u00fcr den Innen- als auch f\u00fcr den Au\u00dfenbereich geeignet. Es kann auf dem Boden oder auf einer Tischplatte aufgestellt werden. Ger\u00e4umiger Innenraum: Mit einer Gr\u00f6\u00dfe von 40 x 35 x 40 Zoll (101,6 x 88,9 x 101,6 cm) bietet dieses Pop-Up-Spritzzelt 15 % mehr Platz als herk\u00f6mmliche Modelle und sorgt f\u00fcr eine ger\u00e4umige Arbeitsumgebung. Es bietet Platz f\u00fcr gr\u00f6\u00dfere M\u00f6bel und Teile.\" \/>\n<meta property=\"og:url\" content=\"https:\/\/www.ralti.de\/?product=vevor-tragbares-pop-up-spruhfarbenzelt-farbkabine-diy-spruhmalerei\" \/>\n<meta property=\"og:site_name\" content=\"Notfallvorsorge - Krisenvorsorge\" \/>\n<meta property=\"og:image\" content=\"https:\/\/m.media-amazon.com\/images\/I\/31Pxy7bF1tL.jpg\" \/>\n\t<meta property=\"og:image:width\" content=\"500\" \/>\n\t<meta property=\"og:image:height\" content=\"500\" \/>\n\t<meta property=\"og:image:type\" content=\"image\/jpeg\" \/>\n<meta name=\"twitter:card\" content=\"summary_large_image\" \/>\n<meta name=\"twitter:label1\" content=\"Gesch\u00e4tzte Lesezeit\" \/>\n\t<meta name=\"twitter:data1\" content=\"1\u00a0Minute\" \/>\n<script type=\"application\/ld+json\" class=\"yoast-schema-graph\">{\"@context\":\"https:\\\/\\\/schema.org\",\"@graph\":[{\"@type\":\"WebPage\",\"@id\":\"https:\\\/\\\/www.ralti.de\\\/?product=vevor-tragbares-pop-up-spruhfarbenzelt-farbkabine-diy-spruhmalerei\",\"url\":\"https:\\\/\\\/www.ralti.de\\\/?product=vevor-tragbares-pop-up-spruhfarbenzelt-farbkabine-diy-spruhmalerei\",\"name\":\"VEVOR tragbares Pop-Up-Spr\u00fchfarbenzelt Farbkabine DIY Spr\u00fchmalerei - Notfallvorsorge - Krisenvorsorge\",\"isPartOf\":{\"@id\":\"https:\\\/\\\/www.ralti.de\\\/#website\"},\"primaryImageOfPage\":{\"@id\":\"https:\\\/\\\/www.ralti.de\\\/?product=vevor-tragbares-pop-up-spruhfarbenzelt-farbkabine-diy-spruhmalerei#primaryimage\"},\"image\":{\"@id\":\"https:\\\/\\\/www.ralti.de\\\/?product=vevor-tragbares-pop-up-spruhfarbenzelt-farbkabine-diy-spruhmalerei#primaryimage\"},\"thumbnailUrl\":\"https:\\\/\\\/m.media-amazon.com\\\/images\\\/I\\\/31Pxy7bF1tL.jpg\",\"datePublished\":\"2025-11-25T12:10:41+00:00\",\"breadcrumb\":{\"@id\":\"https:\\\/\\\/www.ralti.de\\\/?product=vevor-tragbares-pop-up-spruhfarbenzelt-farbkabine-diy-spruhmalerei#breadcrumb\"},\"inLanguage\":\"de\",\"potentialAction\":[{\"@type\":\"ReadAction\",\"target\":[\"https:\\\/\\\/www.ralti.de\\\/?product=vevor-tragbares-pop-up-spruhfarbenzelt-farbkabine-diy-spruhmalerei\"]}]},{\"@type\":\"ImageObject\",\"inLanguage\":\"de\",\"@id\":\"https:\\\/\\\/www.ralti.de\\\/?product=vevor-tragbares-pop-up-spruhfarbenzelt-farbkabine-diy-spruhmalerei#primaryimage\",\"url\":\"https:\\\/\\\/m.media-amazon.com\\\/images\\\/I\\\/31Pxy7bF1tL.jpg\",\"contentUrl\":\"https:\\\/\\\/m.media-amazon.com\\\/images\\\/I\\\/31Pxy7bF1tL.jpg\",\"width\":500,\"height\":500},{\"@type\":\"BreadcrumbList\",\"@id\":\"https:\\\/\\\/www.ralti.de\\\/?product=vevor-tragbares-pop-up-spruhfarbenzelt-farbkabine-diy-spruhmalerei#breadcrumb\",\"itemListElement\":[{\"@type\":\"ListItem\",\"position\":1,\"name\":\"Start\",\"item\":\"https:\\\/\\\/www.ralti.de\\\/\"},{\"@type\":\"ListItem\",\"position\":2,\"name\":\"Notfallartikel\",\"item\":\"https:\\\/\\\/www.ralti.de\\\/?page_id=14189\"},{\"@type\":\"ListItem\",\"position\":3,\"name\":\"VEVOR tragbares Pop-Up-Spr\u00fchfarbenzelt Farbkabine DIY Spr\u00fchmalerei\"}]},{\"@type\":\"WebSite\",\"@id\":\"https:\\\/\\\/www.ralti.de\\\/#website\",\"url\":\"https:\\\/\\\/www.ralti.de\\\/\",\"name\":\"Ralti.de\",\"description\":\"Hier viele gute Angebote\",\"publisher\":{\"@id\":\"https:\\\/\\\/www.ralti.de\\\/#organization\"},\"potentialAction\":[{\"@type\":\"SearchAction\",\"target\":{\"@type\":\"EntryPoint\",\"urlTemplate\":\"https:\\\/\\\/www.ralti.de\\\/?s={search_term_string}\"},\"query-input\":{\"@type\":\"PropertyValueSpecification\",\"valueRequired\":true,\"valueName\":\"search_term_string\"}}],\"inLanguage\":\"de\"},{\"@type\":\"Organization\",\"@id\":\"https:\\\/\\\/www.ralti.de\\\/#organization\",\"name\":\"Ralti.de\",\"url\":\"https:\\\/\\\/www.ralti.de\\\/\",\"logo\":{\"@type\":\"ImageObject\",\"inLanguage\":\"de\",\"@id\":\"https:\\\/\\\/www.ralti.de\\\/#\\\/schema\\\/logo\\\/image\\\/\",\"url\":\"https:\\\/\\\/www.ralti.de\\\/wp-content\\\/uploads\\\/2025\\\/11\\\/ralti.png\",\"contentUrl\":\"https:\\\/\\\/www.ralti.de\\\/wp-content\\\/uploads\\\/2025\\\/11\\\/ralti.png\",\"width\":240,\"height\":75,\"caption\":\"Ralti.de\"},\"image\":{\"@id\":\"https:\\\/\\\/www.ralti.de\\\/#\\\/schema\\\/logo\\\/image\\\/\"}}]}<\/script>\n<!-- \/ Yoast SEO plugin. -->","yoast_head_json":{"title":"VEVOR tragbares Pop-Up-Spr\u00fchfarbenzelt Farbkabine DIY Spr\u00fchmalerei - Notfallvorsorge - Krisenvorsorge","robots":{"index":"index","follow":"follow","max-snippet":"max-snippet:-1","max-image-preview":"max-image-preview:large","max-video-preview":"max-video-preview:-1"},"canonical":"https:\/\/www.ralti.de\/?product=vevor-tragbares-pop-up-spruhfarbenzelt-farbkabine-diy-spruhmalerei","og_locale":"de_DE","og_type":"article","og_title":"VEVOR tragbares Pop-Up-Spr\u00fchfarbenzelt Farbkabine DIY Spr\u00fchmalerei - Notfallvorsorge - Krisenvorsorge","og_description":"Schnell auf- und abgebaut: Einfach auf eine ebene Fl\u00e4che stellen und in Sekundenschnelle ohne komplizierte Aufbauarbeiten aufbauen. Nach Gebrauch l\u00e4sst er sich schnell und platzsparend zu einem kleinen Kreis zusammenfalten. \u00dcberall tragbar: Dieses tragbare Lackierzelt wird mit einer Aufbewahrungstasche geliefert, damit Sie es \u00fcberall hin mitnehmen k\u00f6nnen. Es ist sowohl f\u00fcr den Innen- als auch f\u00fcr den Au\u00dfenbereich geeignet. Es kann auf dem Boden oder auf einer Tischplatte aufgestellt werden. Ger\u00e4umiger Innenraum: Mit einer Gr\u00f6\u00dfe von 40 x 35 x 40 Zoll (101,6 x 88,9 x 101,6 cm) bietet dieses Pop-Up-Spritzzelt 15 % mehr Platz als herk\u00f6mmliche Modelle und sorgt f\u00fcr eine ger\u00e4umige Arbeitsumgebung. Es bietet Platz f\u00fcr gr\u00f6\u00dfere M\u00f6bel und Teile.","og_url":"https:\/\/www.ralti.de\/?product=vevor-tragbares-pop-up-spruhfarbenzelt-farbkabine-diy-spruhmalerei","og_site_name":"Notfallvorsorge - Krisenvorsorge","og_image":[{"width":500,"height":500,"url":"https:\/\/m.media-amazon.com\/images\/I\/31Pxy7bF1tL.jpg","type":"image\/jpeg"}],"twitter_card":"summary_large_image","twitter_misc":{"Gesch\u00e4tzte Lesezeit":"1\u00a0Minute"},"schema":{"@context":"https:\/\/schema.org","@graph":[{"@type":"WebPage","@id":"https:\/\/www.ralti.de\/?product=vevor-tragbares-pop-up-spruhfarbenzelt-farbkabine-diy-spruhmalerei","url":"https:\/\/www.ralti.de\/?product=vevor-tragbares-pop-up-spruhfarbenzelt-farbkabine-diy-spruhmalerei","name":"VEVOR tragbares Pop-Up-Spr\u00fchfarbenzelt Farbkabine DIY Spr\u00fchmalerei - Notfallvorsorge - Krisenvorsorge","isPartOf":{"@id":"https:\/\/www.ralti.de\/#website"},"primaryImageOfPage":{"@id":"https:\/\/www.ralti.de\/?product=vevor-tragbares-pop-up-spruhfarbenzelt-farbkabine-diy-spruhmalerei#primaryimage"},"image":{"@id":"https:\/\/www.ralti.de\/?product=vevor-tragbares-pop-up-spruhfarbenzelt-farbkabine-diy-spruhmalerei#primaryimage"},"thumbnailUrl":"https:\/\/m.media-amazon.com\/images\/I\/31Pxy7bF1tL.jpg","datePublished":"2025-11-25T12:10:41+00:00","breadcrumb":{"@id":"https:\/\/www.ralti.de\/?product=vevor-tragbares-pop-up-spruhfarbenzelt-farbkabine-diy-spruhmalerei#breadcrumb"},"inLanguage":"de","potentialAction":[{"@type":"ReadAction","target":["https:\/\/www.ralti.de\/?product=vevor-tragbares-pop-up-spruhfarbenzelt-farbkabine-diy-spruhmalerei"]}]},{"@type":"ImageObject","inLanguage":"de","@id":"https:\/\/www.ralti.de\/?product=vevor-tragbares-pop-up-spruhfarbenzelt-farbkabine-diy-spruhmalerei#primaryimage","url":"https:\/\/m.media-amazon.com\/images\/I\/31Pxy7bF1tL.jpg","contentUrl":"https:\/\/m.media-amazon.com\/images\/I\/31Pxy7bF1tL.jpg","width":500,"height":500},{"@type":"BreadcrumbList","@id":"https:\/\/www.ralti.de\/?product=vevor-tragbares-pop-up-spruhfarbenzelt-farbkabine-diy-spruhmalerei#breadcrumb","itemListElement":[{"@type":"ListItem","position":1,"name":"Start","item":"https:\/\/www.ralti.de\/"},{"@type":"ListItem","position":2,"name":"Notfallartikel","item":"https:\/\/www.ralti.de\/?page_id=14189"},{"@type":"ListItem","position":3,"name":"VEVOR tragbares Pop-Up-Spr\u00fchfarbenzelt Farbkabine DIY Spr\u00fchmalerei"}]},{"@type":"WebSite","@id":"https:\/\/www.ralti.de\/#website","url":"https:\/\/www.ralti.de\/","name":"Ralti.de","description":"Hier viele gute Angebote","publisher":{"@id":"https:\/\/www.ralti.de\/#organization"},"potentialAction":[{"@type":"SearchAction","target":{"@type":"EntryPoint","urlTemplate":"https:\/\/www.ralti.de\/?s={search_term_string}"},"query-input":{"@type":"PropertyValueSpecification","valueRequired":true,"valueName":"search_term_string"}}],"inLanguage":"de"},{"@type":"Organization","@id":"https:\/\/www.ralti.de\/#organization","name":"Ralti.de","url":"https:\/\/www.ralti.de\/","logo":{"@type":"ImageObject","inLanguage":"de","@id":"https:\/\/www.ralti.de\/#\/schema\/logo\/image\/","url":"https:\/\/www.ralti.de\/wp-content\/uploads\/2025\/11\/ralti.png","contentUrl":"https:\/\/www.ralti.de\/wp-content\/uploads\/2025\/11\/ralti.png","width":240,"height":75,"caption":"Ralti.de"},"image":{"@id":"https:\/\/www.ralti.de\/#\/schema\/logo\/image\/"}}]}},"_links":{"self":[{"href":"https:\/\/www.ralti.de\/index.php?rest_route=\/wp\/v2\/product\/13405","targetHints":{"allow":["GET"]}}],"collection":[{"href":"https:\/\/www.ralti.de\/index.php?rest_route=\/wp\/v2\/product"}],"about":[{"href":"https:\/\/www.ralti.de\/index.php?rest_route=\/wp\/v2\/types\/product"}],"replies":[{"embeddable":true,"href":"https:\/\/www.ralti.de\/index.php?rest_route=%2Fwp%2Fv2%2Fcomments&post=13405"}],"wp:featuredmedia":[{"embeddable":true,"href":"https:\/\/www.ralti.de\/index.php?rest_route=\/wp\/v2\/media\/13406"}],"wp:attachment":[{"href":"https:\/\/www.ralti.de\/index.php?rest_route=%2Fwp%2Fv2%2Fmedia&parent=13405"}],"wp:term":[{"taxonomy":"product_brand","embeddable":true,"href":"https:\/\/www.ralti.de\/index.php?rest_route=%2Fwp%2Fv2%2Fproduct_brand&post=13405"},{"taxonomy":"product_cat","embeddable":true,"href":"https:\/\/www.ralti.de\/index.php?rest_route=%2Fwp%2Fv2%2Fproduct_cat&post=13405"},{"taxonomy":"product_tag","embeddable":true,"href":"https:\/\/www.ralti.de\/index.php?rest_route=%2Fwp%2Fv2%2Fproduct_tag&post=13405"}],"curies":[{"name":"wp","href":"https:\/\/api.w.org\/{rel}","templated":true}]}}