{"id":13474,"date":"2025-11-25T12:11:01","date_gmt":"2025-11-25T12:11:01","guid":{"rendered":"https:\/\/www.ralti.de\/shop-2\/uncategorized\/shakespeare-unisex-adult-salt-tents-shelters-one-size\/"},"modified":"2025-11-25T12:11:01","modified_gmt":"2025-11-25T12:11:01","slug":"shakespeare-unisex-adult-salt-tents-shelters-one-size","status":"publish","type":"product","link":"https:\/\/www.ralti.de\/?product=shakespeare-unisex-adult-salt-tents-shelters-one-size","title":{"rendered":"Shakespeare Unisex-Adult Salt Tents\/Shelters, One Size"},"content":{"rendered":"<p><!-- show up to 2 reviews by default --> <\/p>\n<h3> <span>Produktbeschreibung<\/span> <\/h3>\n<p> <span>Der Shakespeare SALT Beach Shelter &#8211; Clear Top ist ein stabiler, wasserdichter und einfach zu montierender Unterstand, der dem Ufer- und Strandangler den ultimativen Basislager-Komfort und Wetterschutz bietet. Der Unterstand ist sehr ger\u00e4umig, so dass Sie viel Angelger\u00e4t, K\u00f6der und andere Ausr\u00fcstung unterbringen k\u00f6nnen. Es ist sogar gro\u00df genug, um bei Bedarf zwei Angler unterzubringen. Dank des speziellen durchsichtigen Oberteils k\u00f6nnen Sie Ihre Rutenspitzen perfekt sehen, wenn Sie im Inneren des Unterstands sitzen. Au\u00dferdem ist er mit einer breiten Zugangst\u00fcr f\u00fcr einen einfachen Ein- und Ausstieg ausgestattet. Die breiten seitlichen und hinteren extra langen Seitenklappen erm\u00f6glichen das Aufsch\u00fctten von Sand, Steinen oder Schindeln, um den Unterstand am Boden zu befestigen. Mit ein wenig \u00dcbung ist der Unterstand in weniger als einer Minute aufgebaut und dank der speziellen Tasche sehr leicht zu transportieren.<\/span> <\/p>\n<h3> <span>Warnhinweise<\/span> <\/h3>\n<p> <span>Verantwortungsvoll bei m\u00e4\u00dfigem Wind verwenden. Vermeiden Sie den Kontakt mit aggressiven Chemikalien. Befolgen Sie immer die Anweisungen des Herstellers f\u00fcr Aufbau, Verwendung und Demontage.<\/span> <\/p>\n<p>Robust und leicht<br \/>\nEinfach zu montieren<br \/>\nWind und wasserdicht<br \/>\nBreit und hoch genug f\u00fcr 2 Personen<br \/>\n<div class=\"main-cross-sell\" data-asin=\"B09FFJJPYH\">\n\n\t<div class=\"WooZone-cross-sell-loader\">\n\t\t<div>\n\t\t\t<div id=\"floatingBarsG\">\n\t\t\t\t<div class=\"blockG\" id=\"rotateG_01\"><\/div>\n\t\t\t\t<div class=\"blockG\" id=\"rotateG_02\"><\/div>\n\t\t\t\t<div class=\"blockG\" id=\"rotateG_03\"><\/div>\n\t\t\t\t<div class=\"blockG\" id=\"rotateG_04\"><\/div>\n\t\t\t\t<div class=\"blockG\" id=\"rotateG_05\"><\/div>\n\t\t\t\t<div class=\"blockG\" id=\"rotateG_06\"><\/div>\n\t\t\t\t<div class=\"blockG\" id=\"rotateG_07\"><\/div>\n\t\t\t\t<div class=\"blockG\" id=\"rotateG_08\"><\/div>\n\t\t\t<\/div>\n\t\t\t<div class=\"WooZone-cross-sell-loader-text\"><\/div>\n\t\t<\/div>\n\t<\/div>\n\n\t\t\n<\/div>\n<div style=\"clear:both;\"><\/div>\n","protected":false},"excerpt":{"rendered":"<p>Robust und leicht<br \/>\nEinfach zu montieren<br \/>\nWind und wasserdicht<\/p>\n","protected":false},"featured_media":13475,"comment_status":"open","ping_status":"closed","template":"","meta":{"_acf_changed":false},"product_brand":[],"product_cat":[271,268],"product_tag":[],"class_list":{"0":"post-13474","1":"product","2":"type-product","3":"status-publish","4":"has-post-thumbnail","6":"product_cat-tragbare-unterkunfte","7":"product_cat-unterschlupf","9":"first","10":"instock","11":"sale","12":"shipping-taxable","13":"product-type-external"},"acf":[],"yoast_head":"<!-- This site is optimized with the Yoast SEO plugin v27.5 - https:\/\/yoast.com\/product\/yoast-seo-wordpress\/ -->\n<title>Shakespeare Unisex-Adult Salt Tents\/Shelters, One Size - Notfallvorsorge - Krisenvorsorge<\/title>\n<meta name=\"robots\" content=\"index, follow, max-snippet:-1, max-image-preview:large, max-video-preview:-1\" \/>\n<link rel=\"canonical\" href=\"https:\/\/www.ralti.de\/?product=shakespeare-unisex-adult-salt-tents-shelters-one-size\" \/>\n<meta property=\"og:locale\" content=\"de_DE\" \/>\n<meta property=\"og:type\" content=\"article\" \/>\n<meta property=\"og:title\" content=\"Shakespeare Unisex-Adult Salt Tents\/Shelters, One Size - Notfallvorsorge - Krisenvorsorge\" \/>\n<meta property=\"og:description\" content=\"Robust und leicht Einfach zu montieren Wind und wasserdicht\" \/>\n<meta property=\"og:url\" content=\"https:\/\/www.ralti.de\/?product=shakespeare-unisex-adult-salt-tents-shelters-one-size\" \/>\n<meta property=\"og:site_name\" content=\"Notfallvorsorge - Krisenvorsorge\" \/>\n<meta property=\"og:image\" content=\"https:\/\/m.media-amazon.com\/images\/I\/31V6CWArk2L.jpg\" \/>\n\t<meta property=\"og:image:width\" content=\"500\" \/>\n\t<meta property=\"og:image:height\" content=\"500\" \/>\n\t<meta property=\"og:image:type\" content=\"image\/jpeg\" \/>\n<meta name=\"twitter:card\" content=\"summary_large_image\" \/>\n<meta name=\"twitter:label1\" content=\"Gesch\u00e4tzte Lesezeit\" \/>\n\t<meta name=\"twitter:data1\" content=\"1\u00a0Minute\" \/>\n<script type=\"application\/ld+json\" class=\"yoast-schema-graph\">{\"@context\":\"https:\\\/\\\/schema.org\",\"@graph\":[{\"@type\":\"WebPage\",\"@id\":\"https:\\\/\\\/www.ralti.de\\\/?product=shakespeare-unisex-adult-salt-tents-shelters-one-size\",\"url\":\"https:\\\/\\\/www.ralti.de\\\/?product=shakespeare-unisex-adult-salt-tents-shelters-one-size\",\"name\":\"Shakespeare Unisex-Adult Salt Tents\\\/Shelters, One Size - Notfallvorsorge - Krisenvorsorge\",\"isPartOf\":{\"@id\":\"https:\\\/\\\/www.ralti.de\\\/#website\"},\"primaryImageOfPage\":{\"@id\":\"https:\\\/\\\/www.ralti.de\\\/?product=shakespeare-unisex-adult-salt-tents-shelters-one-size#primaryimage\"},\"image\":{\"@id\":\"https:\\\/\\\/www.ralti.de\\\/?product=shakespeare-unisex-adult-salt-tents-shelters-one-size#primaryimage\"},\"thumbnailUrl\":\"https:\\\/\\\/m.media-amazon.com\\\/images\\\/I\\\/31V6CWArk2L.jpg\",\"datePublished\":\"2025-11-25T12:11:01+00:00\",\"breadcrumb\":{\"@id\":\"https:\\\/\\\/www.ralti.de\\\/?product=shakespeare-unisex-adult-salt-tents-shelters-one-size#breadcrumb\"},\"inLanguage\":\"de\",\"potentialAction\":[{\"@type\":\"ReadAction\",\"target\":[\"https:\\\/\\\/www.ralti.de\\\/?product=shakespeare-unisex-adult-salt-tents-shelters-one-size\"]}]},{\"@type\":\"ImageObject\",\"inLanguage\":\"de\",\"@id\":\"https:\\\/\\\/www.ralti.de\\\/?product=shakespeare-unisex-adult-salt-tents-shelters-one-size#primaryimage\",\"url\":\"https:\\\/\\\/m.media-amazon.com\\\/images\\\/I\\\/31V6CWArk2L.jpg\",\"contentUrl\":\"https:\\\/\\\/m.media-amazon.com\\\/images\\\/I\\\/31V6CWArk2L.jpg\",\"width\":500,\"height\":500},{\"@type\":\"BreadcrumbList\",\"@id\":\"https:\\\/\\\/www.ralti.de\\\/?product=shakespeare-unisex-adult-salt-tents-shelters-one-size#breadcrumb\",\"itemListElement\":[{\"@type\":\"ListItem\",\"position\":1,\"name\":\"Start\",\"item\":\"https:\\\/\\\/www.ralti.de\\\/\"},{\"@type\":\"ListItem\",\"position\":2,\"name\":\"Notfallartikel\",\"item\":\"https:\\\/\\\/www.ralti.de\\\/?page_id=14189\"},{\"@type\":\"ListItem\",\"position\":3,\"name\":\"Shakespeare Unisex-Adult Salt Tents\\\/Shelters, One Size\"}]},{\"@type\":\"WebSite\",\"@id\":\"https:\\\/\\\/www.ralti.de\\\/#website\",\"url\":\"https:\\\/\\\/www.ralti.de\\\/\",\"name\":\"Ralti.de\",\"description\":\"Hier viele gute Angebote\",\"publisher\":{\"@id\":\"https:\\\/\\\/www.ralti.de\\\/#organization\"},\"potentialAction\":[{\"@type\":\"SearchAction\",\"target\":{\"@type\":\"EntryPoint\",\"urlTemplate\":\"https:\\\/\\\/www.ralti.de\\\/?s={search_term_string}\"},\"query-input\":{\"@type\":\"PropertyValueSpecification\",\"valueRequired\":true,\"valueName\":\"search_term_string\"}}],\"inLanguage\":\"de\"},{\"@type\":\"Organization\",\"@id\":\"https:\\\/\\\/www.ralti.de\\\/#organization\",\"name\":\"Ralti.de\",\"url\":\"https:\\\/\\\/www.ralti.de\\\/\",\"logo\":{\"@type\":\"ImageObject\",\"inLanguage\":\"de\",\"@id\":\"https:\\\/\\\/www.ralti.de\\\/#\\\/schema\\\/logo\\\/image\\\/\",\"url\":\"https:\\\/\\\/www.ralti.de\\\/wp-content\\\/uploads\\\/2025\\\/11\\\/ralti.png\",\"contentUrl\":\"https:\\\/\\\/www.ralti.de\\\/wp-content\\\/uploads\\\/2025\\\/11\\\/ralti.png\",\"width\":240,\"height\":75,\"caption\":\"Ralti.de\"},\"image\":{\"@id\":\"https:\\\/\\\/www.ralti.de\\\/#\\\/schema\\\/logo\\\/image\\\/\"}}]}<\/script>\n<!-- \/ Yoast SEO plugin. -->","yoast_head_json":{"title":"Shakespeare Unisex-Adult Salt Tents\/Shelters, One Size - Notfallvorsorge - Krisenvorsorge","robots":{"index":"index","follow":"follow","max-snippet":"max-snippet:-1","max-image-preview":"max-image-preview:large","max-video-preview":"max-video-preview:-1"},"canonical":"https:\/\/www.ralti.de\/?product=shakespeare-unisex-adult-salt-tents-shelters-one-size","og_locale":"de_DE","og_type":"article","og_title":"Shakespeare Unisex-Adult Salt Tents\/Shelters, One Size - Notfallvorsorge - Krisenvorsorge","og_description":"Robust und leicht Einfach zu montieren Wind und wasserdicht","og_url":"https:\/\/www.ralti.de\/?product=shakespeare-unisex-adult-salt-tents-shelters-one-size","og_site_name":"Notfallvorsorge - Krisenvorsorge","og_image":[{"width":500,"height":500,"url":"https:\/\/m.media-amazon.com\/images\/I\/31V6CWArk2L.jpg","type":"image\/jpeg"}],"twitter_card":"summary_large_image","twitter_misc":{"Gesch\u00e4tzte Lesezeit":"1\u00a0Minute"},"schema":{"@context":"https:\/\/schema.org","@graph":[{"@type":"WebPage","@id":"https:\/\/www.ralti.de\/?product=shakespeare-unisex-adult-salt-tents-shelters-one-size","url":"https:\/\/www.ralti.de\/?product=shakespeare-unisex-adult-salt-tents-shelters-one-size","name":"Shakespeare Unisex-Adult Salt Tents\/Shelters, One Size - Notfallvorsorge - Krisenvorsorge","isPartOf":{"@id":"https:\/\/www.ralti.de\/#website"},"primaryImageOfPage":{"@id":"https:\/\/www.ralti.de\/?product=shakespeare-unisex-adult-salt-tents-shelters-one-size#primaryimage"},"image":{"@id":"https:\/\/www.ralti.de\/?product=shakespeare-unisex-adult-salt-tents-shelters-one-size#primaryimage"},"thumbnailUrl":"https:\/\/m.media-amazon.com\/images\/I\/31V6CWArk2L.jpg","datePublished":"2025-11-25T12:11:01+00:00","breadcrumb":{"@id":"https:\/\/www.ralti.de\/?product=shakespeare-unisex-adult-salt-tents-shelters-one-size#breadcrumb"},"inLanguage":"de","potentialAction":[{"@type":"ReadAction","target":["https:\/\/www.ralti.de\/?product=shakespeare-unisex-adult-salt-tents-shelters-one-size"]}]},{"@type":"ImageObject","inLanguage":"de","@id":"https:\/\/www.ralti.de\/?product=shakespeare-unisex-adult-salt-tents-shelters-one-size#primaryimage","url":"https:\/\/m.media-amazon.com\/images\/I\/31V6CWArk2L.jpg","contentUrl":"https:\/\/m.media-amazon.com\/images\/I\/31V6CWArk2L.jpg","width":500,"height":500},{"@type":"BreadcrumbList","@id":"https:\/\/www.ralti.de\/?product=shakespeare-unisex-adult-salt-tents-shelters-one-size#breadcrumb","itemListElement":[{"@type":"ListItem","position":1,"name":"Start","item":"https:\/\/www.ralti.de\/"},{"@type":"ListItem","position":2,"name":"Notfallartikel","item":"https:\/\/www.ralti.de\/?page_id=14189"},{"@type":"ListItem","position":3,"name":"Shakespeare Unisex-Adult Salt Tents\/Shelters, One Size"}]},{"@type":"WebSite","@id":"https:\/\/www.ralti.de\/#website","url":"https:\/\/www.ralti.de\/","name":"Ralti.de","description":"Hier viele gute Angebote","publisher":{"@id":"https:\/\/www.ralti.de\/#organization"},"potentialAction":[{"@type":"SearchAction","target":{"@type":"EntryPoint","urlTemplate":"https:\/\/www.ralti.de\/?s={search_term_string}"},"query-input":{"@type":"PropertyValueSpecification","valueRequired":true,"valueName":"search_term_string"}}],"inLanguage":"de"},{"@type":"Organization","@id":"https:\/\/www.ralti.de\/#organization","name":"Ralti.de","url":"https:\/\/www.ralti.de\/","logo":{"@type":"ImageObject","inLanguage":"de","@id":"https:\/\/www.ralti.de\/#\/schema\/logo\/image\/","url":"https:\/\/www.ralti.de\/wp-content\/uploads\/2025\/11\/ralti.png","contentUrl":"https:\/\/www.ralti.de\/wp-content\/uploads\/2025\/11\/ralti.png","width":240,"height":75,"caption":"Ralti.de"},"image":{"@id":"https:\/\/www.ralti.de\/#\/schema\/logo\/image\/"}}]}},"_links":{"self":[{"href":"https:\/\/www.ralti.de\/index.php?rest_route=\/wp\/v2\/product\/13474","targetHints":{"allow":["GET"]}}],"collection":[{"href":"https:\/\/www.ralti.de\/index.php?rest_route=\/wp\/v2\/product"}],"about":[{"href":"https:\/\/www.ralti.de\/index.php?rest_route=\/wp\/v2\/types\/product"}],"replies":[{"embeddable":true,"href":"https:\/\/www.ralti.de\/index.php?rest_route=%2Fwp%2Fv2%2Fcomments&post=13474"}],"wp:featuredmedia":[{"embeddable":true,"href":"https:\/\/www.ralti.de\/index.php?rest_route=\/wp\/v2\/media\/13475"}],"wp:attachment":[{"href":"https:\/\/www.ralti.de\/index.php?rest_route=%2Fwp%2Fv2%2Fmedia&parent=13474"}],"wp:term":[{"taxonomy":"product_brand","embeddable":true,"href":"https:\/\/www.ralti.de\/index.php?rest_route=%2Fwp%2Fv2%2Fproduct_brand&post=13474"},{"taxonomy":"product_cat","embeddable":true,"href":"https:\/\/www.ralti.de\/index.php?rest_route=%2Fwp%2Fv2%2Fproduct_cat&post=13474"},{"taxonomy":"product_tag","embeddable":true,"href":"https:\/\/www.ralti.de\/index.php?rest_route=%2Fwp%2Fv2%2Fproduct_tag&post=13474"}],"curies":[{"name":"wp","href":"https:\/\/api.w.org\/{rel}","templated":true}]}}