{"id":5835,"date":"2025-11-25T09:18:49","date_gmt":"2025-11-25T09:18:49","guid":{"rendered":"https:\/\/www.ralti.de\/shop-2\/uncategorized\/columbia-herren-pike-lake-hooded-jacket-steppjacke-mit-kapuze\/"},"modified":"2025-11-25T09:18:49","modified_gmt":"2025-11-25T09:18:49","slug":"columbia-herren-pike-lake-hooded-jacket-steppjacke-mit-kapuze","status":"publish","type":"product","link":"https:\/\/www.ralti.de\/?product=columbia-herren-pike-lake-hooded-jacket-steppjacke-mit-kapuze","title":{"rendered":"Columbia Herren Pike Lake Hooded Jacket Steppjacke Mit Kapuze"},"content":{"rendered":"<p><!-- show up to 2 reviews by default --> <\/p>\n<p> <span>Unsere Hecht Lake Kapuzenjacke kombiniert einen klassischen Outdoor-Look mit Technologie, um dich warm und trocken zu halten. Gefertigt aus einem wasserabweisenden Stoff, gef\u00fcttert mit den Omni-Heat-Reflektorpunkten, und vollgepackt mit unserer Thermarator-Isolierung. Dieser Mantel h\u00e4lt Sie warm und bequem, wenn die Winterk\u00e4lte eintreten. Komplett mit einer verstellbaren Kapuze, verstellbaren \u00c4rmelb\u00fcndchen, Rei\u00dfverschlusstaschen und einer Innentasche f\u00fcr Wertgegenst\u00e4nde. Der verstellbare Kordelzug sorgt daf\u00fcr, dass die K\u00e4lte drau\u00dfen bleibt und Ihre W\u00e4rme sicher h\u00e4lt. Diese Herren-Winterjacke ist in vielen Farben und Gr\u00f6\u00dfen erh\u00e4ltlich. Regul\u00e4re Passform Um sicherzustellen, dass die Gr\u00f6\u00dfe richtig ist, nutzen Sie unsere Gr\u00f6\u00dfentabelle und die folgenden Messanleitungen: F\u00fcr die \u00c4rmel beginnen Sie in der Mitte des Nackens und messen Sie \u00fcber die Schulter und bis zum \u00c4rmel. Wenn Sie eine Teilnummer finden, runden Sie die n\u00e4chste gleichm\u00e4\u00dfige Zahl ab. F\u00fcr die Brust messen Sie an der breitesten Stelle der Brust, unter den Achseln und \u00fcber den Schulterbl\u00e4ttern, um das Ma\u00dfband fest und eben zu halten. Importiert. Aus 100 % Polyester. Mit Rei\u00dfverschluss. Maschinenw\u00e4sche.<\/span> <\/p>\n<div class=\"main-cross-sell\" data-asin=\"B0CLR94R1L\">\n\n\t<div class=\"WooZone-cross-sell-loader\">\n\t\t<div>\n\t\t\t<div id=\"floatingBarsG\">\n\t\t\t\t<div class=\"blockG\" id=\"rotateG_01\"><\/div>\n\t\t\t\t<div class=\"blockG\" id=\"rotateG_02\"><\/div>\n\t\t\t\t<div class=\"blockG\" id=\"rotateG_03\"><\/div>\n\t\t\t\t<div class=\"blockG\" id=\"rotateG_04\"><\/div>\n\t\t\t\t<div class=\"blockG\" id=\"rotateG_05\"><\/div>\n\t\t\t\t<div class=\"blockG\" id=\"rotateG_06\"><\/div>\n\t\t\t\t<div class=\"blockG\" id=\"rotateG_07\"><\/div>\n\t\t\t\t<div class=\"blockG\" id=\"rotateG_08\"><\/div>\n\t\t\t<\/div>\n\t\t\t<div class=\"WooZone-cross-sell-loader-text\"><\/div>\n\t\t<\/div>\n\t<\/div>\n\n\t\t\n<\/div>\n<div style=\"clear:both;\"><\/div>\n","protected":false},"excerpt":{"rendered":"<p>Unsere Hecht Lake Kapuzenjacke kombiniert einen klassischen Outdoor-Look mit Technologie, um dich warm und trocken zu halten. Gefertigt aus einem wasserabweisenden Stoff, gef\u00fcttert mit den Omni-Heat-Reflektorpunkten, und vollgepackt mit unserer Thermarator-Isolierung. Dieser Mantel h\u00e4lt Sie warm und bequem, wenn die Winterk\u00e4lte eintreten. Komplett mit einer&hellip;<\/p>\n","protected":false},"featured_media":5836,"comment_status":"open","ping_status":"closed","template":"","meta":{"_acf_changed":false},"product_brand":[],"product_cat":[229,225],"product_tag":[],"class_list":{"0":"post-5835","1":"product","2":"type-product","3":"status-publish","4":"has-post-thumbnail","6":"product_cat-jacken","7":"product_cat-kleidung","9":"first","10":"instock","11":"sale","12":"shipping-taxable","13":"product-type-external"},"acf":[],"yoast_head":"<!-- This site is optimized with the Yoast SEO plugin v27.5 - https:\/\/yoast.com\/product\/yoast-seo-wordpress\/ -->\n<title>Columbia Herren Pike Lake Hooded Jacket Steppjacke Mit Kapuze - Notfallvorsorge - Krisenvorsorge<\/title>\n<meta name=\"robots\" content=\"index, follow, max-snippet:-1, max-image-preview:large, max-video-preview:-1\" \/>\n<link rel=\"canonical\" href=\"https:\/\/www.ralti.de\/?product=columbia-herren-pike-lake-hooded-jacket-steppjacke-mit-kapuze\" \/>\n<meta property=\"og:locale\" content=\"de_DE\" \/>\n<meta property=\"og:type\" content=\"article\" \/>\n<meta property=\"og:title\" content=\"Columbia Herren Pike Lake Hooded Jacket Steppjacke Mit Kapuze - Notfallvorsorge - Krisenvorsorge\" \/>\n<meta property=\"og:description\" content=\"Unsere Hecht Lake Kapuzenjacke kombiniert einen klassischen Outdoor-Look mit Technologie, um dich warm und trocken zu halten. Gefertigt aus einem wasserabweisenden Stoff, gef\u00fcttert mit den Omni-Heat-Reflektorpunkten, und vollgepackt mit unserer Thermarator-Isolierung. Dieser Mantel h\u00e4lt Sie warm und bequem, wenn die Winterk\u00e4lte eintreten. Komplett mit einer&hellip;\" \/>\n<meta property=\"og:url\" content=\"https:\/\/www.ralti.de\/?product=columbia-herren-pike-lake-hooded-jacket-steppjacke-mit-kapuze\" \/>\n<meta property=\"og:site_name\" content=\"Notfallvorsorge - Krisenvorsorge\" \/>\n<meta property=\"og:image\" content=\"https:\/\/m.media-amazon.com\/images\/I\/31zZOcxdnCL.jpg\" \/>\n\t<meta property=\"og:image:width\" content=\"500\" \/>\n\t<meta property=\"og:image:height\" content=\"500\" \/>\n\t<meta property=\"og:image:type\" content=\"image\/jpeg\" \/>\n<meta name=\"twitter:card\" content=\"summary_large_image\" \/>\n<meta name=\"twitter:label1\" content=\"Gesch\u00e4tzte Lesezeit\" \/>\n\t<meta name=\"twitter:data1\" content=\"1\u00a0Minute\" \/>\n<script type=\"application\/ld+json\" class=\"yoast-schema-graph\">{\"@context\":\"https:\\\/\\\/schema.org\",\"@graph\":[{\"@type\":\"WebPage\",\"@id\":\"https:\\\/\\\/www.ralti.de\\\/?product=columbia-herren-pike-lake-hooded-jacket-steppjacke-mit-kapuze\",\"url\":\"https:\\\/\\\/www.ralti.de\\\/?product=columbia-herren-pike-lake-hooded-jacket-steppjacke-mit-kapuze\",\"name\":\"Columbia Herren Pike Lake Hooded Jacket Steppjacke Mit Kapuze - Notfallvorsorge - Krisenvorsorge\",\"isPartOf\":{\"@id\":\"https:\\\/\\\/www.ralti.de\\\/#website\"},\"primaryImageOfPage\":{\"@id\":\"https:\\\/\\\/www.ralti.de\\\/?product=columbia-herren-pike-lake-hooded-jacket-steppjacke-mit-kapuze#primaryimage\"},\"image\":{\"@id\":\"https:\\\/\\\/www.ralti.de\\\/?product=columbia-herren-pike-lake-hooded-jacket-steppjacke-mit-kapuze#primaryimage\"},\"thumbnailUrl\":\"https:\\\/\\\/m.media-amazon.com\\\/images\\\/I\\\/31zZOcxdnCL.jpg\",\"datePublished\":\"2025-11-25T09:18:49+00:00\",\"breadcrumb\":{\"@id\":\"https:\\\/\\\/www.ralti.de\\\/?product=columbia-herren-pike-lake-hooded-jacket-steppjacke-mit-kapuze#breadcrumb\"},\"inLanguage\":\"de\",\"potentialAction\":[{\"@type\":\"ReadAction\",\"target\":[\"https:\\\/\\\/www.ralti.de\\\/?product=columbia-herren-pike-lake-hooded-jacket-steppjacke-mit-kapuze\"]}]},{\"@type\":\"ImageObject\",\"inLanguage\":\"de\",\"@id\":\"https:\\\/\\\/www.ralti.de\\\/?product=columbia-herren-pike-lake-hooded-jacket-steppjacke-mit-kapuze#primaryimage\",\"url\":\"https:\\\/\\\/m.media-amazon.com\\\/images\\\/I\\\/31zZOcxdnCL.jpg\",\"contentUrl\":\"https:\\\/\\\/m.media-amazon.com\\\/images\\\/I\\\/31zZOcxdnCL.jpg\",\"width\":500,\"height\":500},{\"@type\":\"BreadcrumbList\",\"@id\":\"https:\\\/\\\/www.ralti.de\\\/?product=columbia-herren-pike-lake-hooded-jacket-steppjacke-mit-kapuze#breadcrumb\",\"itemListElement\":[{\"@type\":\"ListItem\",\"position\":1,\"name\":\"Start\",\"item\":\"https:\\\/\\\/www.ralti.de\\\/\"},{\"@type\":\"ListItem\",\"position\":2,\"name\":\"Notfallartikel\",\"item\":\"https:\\\/\\\/www.ralti.de\\\/?page_id=14189\"},{\"@type\":\"ListItem\",\"position\":3,\"name\":\"Columbia Herren Pike Lake Hooded Jacket Steppjacke Mit Kapuze\"}]},{\"@type\":\"WebSite\",\"@id\":\"https:\\\/\\\/www.ralti.de\\\/#website\",\"url\":\"https:\\\/\\\/www.ralti.de\\\/\",\"name\":\"Ralti.de\",\"description\":\"Hier viele gute Angebote\",\"publisher\":{\"@id\":\"https:\\\/\\\/www.ralti.de\\\/#organization\"},\"potentialAction\":[{\"@type\":\"SearchAction\",\"target\":{\"@type\":\"EntryPoint\",\"urlTemplate\":\"https:\\\/\\\/www.ralti.de\\\/?s={search_term_string}\"},\"query-input\":{\"@type\":\"PropertyValueSpecification\",\"valueRequired\":true,\"valueName\":\"search_term_string\"}}],\"inLanguage\":\"de\"},{\"@type\":\"Organization\",\"@id\":\"https:\\\/\\\/www.ralti.de\\\/#organization\",\"name\":\"Ralti.de\",\"url\":\"https:\\\/\\\/www.ralti.de\\\/\",\"logo\":{\"@type\":\"ImageObject\",\"inLanguage\":\"de\",\"@id\":\"https:\\\/\\\/www.ralti.de\\\/#\\\/schema\\\/logo\\\/image\\\/\",\"url\":\"https:\\\/\\\/www.ralti.de\\\/wp-content\\\/uploads\\\/2025\\\/11\\\/ralti.png\",\"contentUrl\":\"https:\\\/\\\/www.ralti.de\\\/wp-content\\\/uploads\\\/2025\\\/11\\\/ralti.png\",\"width\":240,\"height\":75,\"caption\":\"Ralti.de\"},\"image\":{\"@id\":\"https:\\\/\\\/www.ralti.de\\\/#\\\/schema\\\/logo\\\/image\\\/\"}}]}<\/script>\n<!-- \/ Yoast SEO plugin. -->","yoast_head_json":{"title":"Columbia Herren Pike Lake Hooded Jacket Steppjacke Mit Kapuze - Notfallvorsorge - Krisenvorsorge","robots":{"index":"index","follow":"follow","max-snippet":"max-snippet:-1","max-image-preview":"max-image-preview:large","max-video-preview":"max-video-preview:-1"},"canonical":"https:\/\/www.ralti.de\/?product=columbia-herren-pike-lake-hooded-jacket-steppjacke-mit-kapuze","og_locale":"de_DE","og_type":"article","og_title":"Columbia Herren Pike Lake Hooded Jacket Steppjacke Mit Kapuze - Notfallvorsorge - Krisenvorsorge","og_description":"Unsere Hecht Lake Kapuzenjacke kombiniert einen klassischen Outdoor-Look mit Technologie, um dich warm und trocken zu halten. Gefertigt aus einem wasserabweisenden Stoff, gef\u00fcttert mit den Omni-Heat-Reflektorpunkten, und vollgepackt mit unserer Thermarator-Isolierung. Dieser Mantel h\u00e4lt Sie warm und bequem, wenn die Winterk\u00e4lte eintreten. Komplett mit einer&hellip;","og_url":"https:\/\/www.ralti.de\/?product=columbia-herren-pike-lake-hooded-jacket-steppjacke-mit-kapuze","og_site_name":"Notfallvorsorge - Krisenvorsorge","og_image":[{"width":500,"height":500,"url":"https:\/\/m.media-amazon.com\/images\/I\/31zZOcxdnCL.jpg","type":"image\/jpeg"}],"twitter_card":"summary_large_image","twitter_misc":{"Gesch\u00e4tzte Lesezeit":"1\u00a0Minute"},"schema":{"@context":"https:\/\/schema.org","@graph":[{"@type":"WebPage","@id":"https:\/\/www.ralti.de\/?product=columbia-herren-pike-lake-hooded-jacket-steppjacke-mit-kapuze","url":"https:\/\/www.ralti.de\/?product=columbia-herren-pike-lake-hooded-jacket-steppjacke-mit-kapuze","name":"Columbia Herren Pike Lake Hooded Jacket Steppjacke Mit Kapuze - Notfallvorsorge - Krisenvorsorge","isPartOf":{"@id":"https:\/\/www.ralti.de\/#website"},"primaryImageOfPage":{"@id":"https:\/\/www.ralti.de\/?product=columbia-herren-pike-lake-hooded-jacket-steppjacke-mit-kapuze#primaryimage"},"image":{"@id":"https:\/\/www.ralti.de\/?product=columbia-herren-pike-lake-hooded-jacket-steppjacke-mit-kapuze#primaryimage"},"thumbnailUrl":"https:\/\/m.media-amazon.com\/images\/I\/31zZOcxdnCL.jpg","datePublished":"2025-11-25T09:18:49+00:00","breadcrumb":{"@id":"https:\/\/www.ralti.de\/?product=columbia-herren-pike-lake-hooded-jacket-steppjacke-mit-kapuze#breadcrumb"},"inLanguage":"de","potentialAction":[{"@type":"ReadAction","target":["https:\/\/www.ralti.de\/?product=columbia-herren-pike-lake-hooded-jacket-steppjacke-mit-kapuze"]}]},{"@type":"ImageObject","inLanguage":"de","@id":"https:\/\/www.ralti.de\/?product=columbia-herren-pike-lake-hooded-jacket-steppjacke-mit-kapuze#primaryimage","url":"https:\/\/m.media-amazon.com\/images\/I\/31zZOcxdnCL.jpg","contentUrl":"https:\/\/m.media-amazon.com\/images\/I\/31zZOcxdnCL.jpg","width":500,"height":500},{"@type":"BreadcrumbList","@id":"https:\/\/www.ralti.de\/?product=columbia-herren-pike-lake-hooded-jacket-steppjacke-mit-kapuze#breadcrumb","itemListElement":[{"@type":"ListItem","position":1,"name":"Start","item":"https:\/\/www.ralti.de\/"},{"@type":"ListItem","position":2,"name":"Notfallartikel","item":"https:\/\/www.ralti.de\/?page_id=14189"},{"@type":"ListItem","position":3,"name":"Columbia Herren Pike Lake Hooded Jacket Steppjacke Mit Kapuze"}]},{"@type":"WebSite","@id":"https:\/\/www.ralti.de\/#website","url":"https:\/\/www.ralti.de\/","name":"Ralti.de","description":"Hier viele gute Angebote","publisher":{"@id":"https:\/\/www.ralti.de\/#organization"},"potentialAction":[{"@type":"SearchAction","target":{"@type":"EntryPoint","urlTemplate":"https:\/\/www.ralti.de\/?s={search_term_string}"},"query-input":{"@type":"PropertyValueSpecification","valueRequired":true,"valueName":"search_term_string"}}],"inLanguage":"de"},{"@type":"Organization","@id":"https:\/\/www.ralti.de\/#organization","name":"Ralti.de","url":"https:\/\/www.ralti.de\/","logo":{"@type":"ImageObject","inLanguage":"de","@id":"https:\/\/www.ralti.de\/#\/schema\/logo\/image\/","url":"https:\/\/www.ralti.de\/wp-content\/uploads\/2025\/11\/ralti.png","contentUrl":"https:\/\/www.ralti.de\/wp-content\/uploads\/2025\/11\/ralti.png","width":240,"height":75,"caption":"Ralti.de"},"image":{"@id":"https:\/\/www.ralti.de\/#\/schema\/logo\/image\/"}}]}},"_links":{"self":[{"href":"https:\/\/www.ralti.de\/index.php?rest_route=\/wp\/v2\/product\/5835","targetHints":{"allow":["GET"]}}],"collection":[{"href":"https:\/\/www.ralti.de\/index.php?rest_route=\/wp\/v2\/product"}],"about":[{"href":"https:\/\/www.ralti.de\/index.php?rest_route=\/wp\/v2\/types\/product"}],"replies":[{"embeddable":true,"href":"https:\/\/www.ralti.de\/index.php?rest_route=%2Fwp%2Fv2%2Fcomments&post=5835"}],"wp:featuredmedia":[{"embeddable":true,"href":"https:\/\/www.ralti.de\/index.php?rest_route=\/wp\/v2\/media\/5836"}],"wp:attachment":[{"href":"https:\/\/www.ralti.de\/index.php?rest_route=%2Fwp%2Fv2%2Fmedia&parent=5835"}],"wp:term":[{"taxonomy":"product_brand","embeddable":true,"href":"https:\/\/www.ralti.de\/index.php?rest_route=%2Fwp%2Fv2%2Fproduct_brand&post=5835"},{"taxonomy":"product_cat","embeddable":true,"href":"https:\/\/www.ralti.de\/index.php?rest_route=%2Fwp%2Fv2%2Fproduct_cat&post=5835"},{"taxonomy":"product_tag","embeddable":true,"href":"https:\/\/www.ralti.de\/index.php?rest_route=%2Fwp%2Fv2%2Fproduct_tag&post=5835"}],"curies":[{"name":"wp","href":"https:\/\/api.w.org\/{rel}","templated":true}]}}