{"id":6650,"date":"2025-11-25T09:22:48","date_gmt":"2025-11-25T09:22:48","guid":{"rendered":"https:\/\/www.ralti.de\/shop-2\/uncategorized\/helikon-tex-bushcraft-line\/"},"modified":"2025-11-25T09:22:48","modified_gmt":"2025-11-25T09:22:48","slug":"helikon-tex-bushcraft-line","status":"publish","type":"product","link":"https:\/\/www.ralti.de\/?product=helikon-tex-bushcraft-line","title":{"rendered":"Helikon-Tex Bushcraft Line"},"content":{"rendered":"<p><!-- show up to 2 reviews by default --> <\/p>\n<h3> <span>Produktbeschreibung<\/span> <\/h3>\n<p> <span>Was macht Urban Tactical Pants so besonders? Anatomischer und vorgeformter Schnitt, sehr strapazierf\u00e4hig und langlebig. Das Design dieser Hose bleibt anonym mit ihrem Aussehen von zivilen oder urbanen Hosen, ist aber gleichzeitig vielseitig und hat die Funktionalit\u00e4t einer Kampfhose. Hose etwas dehnbar durch Elasthan-Anteil Elastischer Bund mit Klettverschluss, einfach und schnell einzustellen. Breite Schlaufen f\u00fcr G\u00fcrtel bis zu 50 mm, einschlie\u00dflich aller unserer taktischen G\u00fcrtel HTX: EDC, UTL und Cobras Gemessene und intelligente Verteilung der Taschen um H\u00fcfte und Taille, insgesamt 12 St\u00fcck. Die Kanten der Vorder- und Ges\u00e4\u00dftaschen sind verst\u00e4rkt, um st\u00e4ndigen Bewegungen von Taschenlampenclips oder Messern zu widerstehen. Zwei Fronttaschen mit Klettverschluss, gro\u00df genug, um ein Smartphone oder sogar ein AR \/ AK Gewehrmagazin zu tragen. Flache Oberschenkeltaschen mit Rei\u00dfverschluss f\u00fcr Geldb\u00f6rse oder Geldb\u00f6rse, interne Knietaschen f\u00fcr flache Schutzpolster. G\u00fcrtel nicht im Lieferumfang enthalten. Zwei Taillen\u00f6sen kompatibel mit Karabiner oder Schl\u00fcsselring. Zwei flache Innentaschen, zwei ger\u00e4umige Ges\u00e4\u00dftaschen. Zwei Cargotaschen am Oberschenkel mit YKK-Rei\u00dfverschluss. Niedrig mit Rillen zum Einf\u00fchren des Regler-Kordelzugs. Taktisches Design mit Kniepolsterf\u00e4chern<\/span> <\/p>\n<h3> <span>Rechtliche Hinweise<\/span> <\/h3>\n<p> <span>60% Baumwolle, 37% Polyester, 3% Elastan; Innenfutter: 90% Polyester, 10% Baumwolle; YKK\u00ae-Rei\u00dfverschl\u00fcsse<\/span> <\/p>\n<div class=\"main-cross-sell\" data-asin=\"B01LY9Z5T2\">\n\n\t<div class=\"WooZone-cross-sell-loader\">\n\t\t<div>\n\t\t\t<div id=\"floatingBarsG\">\n\t\t\t\t<div class=\"blockG\" id=\"rotateG_01\"><\/div>\n\t\t\t\t<div class=\"blockG\" id=\"rotateG_02\"><\/div>\n\t\t\t\t<div class=\"blockG\" id=\"rotateG_03\"><\/div>\n\t\t\t\t<div class=\"blockG\" id=\"rotateG_04\"><\/div>\n\t\t\t\t<div class=\"blockG\" id=\"rotateG_05\"><\/div>\n\t\t\t\t<div class=\"blockG\" id=\"rotateG_06\"><\/div>\n\t\t\t\t<div class=\"blockG\" id=\"rotateG_07\"><\/div>\n\t\t\t\t<div class=\"blockG\" id=\"rotateG_08\"><\/div>\n\t\t\t<\/div>\n\t\t\t<div class=\"WooZone-cross-sell-loader-text\"><\/div>\n\t\t<\/div>\n\t<\/div>\n\n\t\t\n<\/div>\n<div style=\"clear:both;\"><\/div>\n","protected":false},"excerpt":{"rendered":"<p>Produktbeschreibung Was macht Urban Tactical Pants so besonders? Anatomischer und vorgeformter Schnitt, sehr strapazierf\u00e4hig und langlebig. Das Design dieser Hose bleibt anonym mit ihrem Aussehen von zivilen oder urbanen Hosen, ist aber gleichzeitig vielseitig und hat die Funktionalit\u00e4t einer Kampfhose. Hose etwas dehnbar durch Elasthan-Anteil&hellip;<\/p>\n","protected":false},"featured_media":6651,"comment_status":"open","ping_status":"closed","template":"","meta":{"_acf_changed":false},"product_brand":[],"product_cat":[225,227],"product_tag":[],"class_list":{"0":"post-6650","1":"product","2":"type-product","3":"status-publish","4":"has-post-thumbnail","6":"product_cat-kleidung","7":"product_cat-taktische-hosen","9":"first","10":"instock","11":"shipping-taxable","12":"product-type-external"},"acf":[],"yoast_head":"<!-- This site is optimized with the Yoast SEO plugin v27.5 - https:\/\/yoast.com\/product\/yoast-seo-wordpress\/ -->\n<title>Helikon-Tex Bushcraft Line - Notfallvorsorge - Krisenvorsorge<\/title>\n<meta name=\"robots\" content=\"index, follow, max-snippet:-1, max-image-preview:large, max-video-preview:-1\" \/>\n<link rel=\"canonical\" href=\"https:\/\/www.ralti.de\/?product=helikon-tex-bushcraft-line\" \/>\n<meta property=\"og:locale\" content=\"de_DE\" \/>\n<meta property=\"og:type\" content=\"article\" \/>\n<meta property=\"og:title\" content=\"Helikon-Tex Bushcraft Line - Notfallvorsorge - Krisenvorsorge\" \/>\n<meta property=\"og:description\" content=\"Produktbeschreibung Was macht Urban Tactical Pants so besonders? Anatomischer und vorgeformter Schnitt, sehr strapazierf\u00e4hig und langlebig. Das Design dieser Hose bleibt anonym mit ihrem Aussehen von zivilen oder urbanen Hosen, ist aber gleichzeitig vielseitig und hat die Funktionalit\u00e4t einer Kampfhose. Hose etwas dehnbar durch Elasthan-Anteil&hellip;\" \/>\n<meta property=\"og:url\" content=\"https:\/\/www.ralti.de\/?product=helikon-tex-bushcraft-line\" \/>\n<meta property=\"og:site_name\" content=\"Notfallvorsorge - Krisenvorsorge\" \/>\n<meta property=\"og:image\" content=\"https:\/\/m.media-amazon.com\/images\/I\/31J2H1rMP6L.jpg\" \/>\n\t<meta property=\"og:image:width\" content=\"500\" \/>\n\t<meta property=\"og:image:height\" content=\"500\" \/>\n\t<meta property=\"og:image:type\" content=\"image\/jpeg\" \/>\n<meta name=\"twitter:card\" content=\"summary_large_image\" \/>\n<meta name=\"twitter:label1\" content=\"Gesch\u00e4tzte Lesezeit\" \/>\n\t<meta name=\"twitter:data1\" content=\"1\u00a0Minute\" \/>\n<script type=\"application\/ld+json\" class=\"yoast-schema-graph\">{\"@context\":\"https:\\\/\\\/schema.org\",\"@graph\":[{\"@type\":\"WebPage\",\"@id\":\"https:\\\/\\\/www.ralti.de\\\/?product=helikon-tex-bushcraft-line\",\"url\":\"https:\\\/\\\/www.ralti.de\\\/?product=helikon-tex-bushcraft-line\",\"name\":\"Helikon-Tex Bushcraft Line - Notfallvorsorge - Krisenvorsorge\",\"isPartOf\":{\"@id\":\"https:\\\/\\\/www.ralti.de\\\/#website\"},\"primaryImageOfPage\":{\"@id\":\"https:\\\/\\\/www.ralti.de\\\/?product=helikon-tex-bushcraft-line#primaryimage\"},\"image\":{\"@id\":\"https:\\\/\\\/www.ralti.de\\\/?product=helikon-tex-bushcraft-line#primaryimage\"},\"thumbnailUrl\":\"https:\\\/\\\/m.media-amazon.com\\\/images\\\/I\\\/31J2H1rMP6L.jpg\",\"datePublished\":\"2025-11-25T09:22:48+00:00\",\"breadcrumb\":{\"@id\":\"https:\\\/\\\/www.ralti.de\\\/?product=helikon-tex-bushcraft-line#breadcrumb\"},\"inLanguage\":\"de\",\"potentialAction\":[{\"@type\":\"ReadAction\",\"target\":[\"https:\\\/\\\/www.ralti.de\\\/?product=helikon-tex-bushcraft-line\"]}]},{\"@type\":\"ImageObject\",\"inLanguage\":\"de\",\"@id\":\"https:\\\/\\\/www.ralti.de\\\/?product=helikon-tex-bushcraft-line#primaryimage\",\"url\":\"https:\\\/\\\/m.media-amazon.com\\\/images\\\/I\\\/31J2H1rMP6L.jpg\",\"contentUrl\":\"https:\\\/\\\/m.media-amazon.com\\\/images\\\/I\\\/31J2H1rMP6L.jpg\",\"width\":500,\"height\":500},{\"@type\":\"BreadcrumbList\",\"@id\":\"https:\\\/\\\/www.ralti.de\\\/?product=helikon-tex-bushcraft-line#breadcrumb\",\"itemListElement\":[{\"@type\":\"ListItem\",\"position\":1,\"name\":\"Start\",\"item\":\"https:\\\/\\\/www.ralti.de\\\/\"},{\"@type\":\"ListItem\",\"position\":2,\"name\":\"Notfallartikel\",\"item\":\"https:\\\/\\\/www.ralti.de\\\/?page_id=14189\"},{\"@type\":\"ListItem\",\"position\":3,\"name\":\"Helikon-Tex Bushcraft Line\"}]},{\"@type\":\"WebSite\",\"@id\":\"https:\\\/\\\/www.ralti.de\\\/#website\",\"url\":\"https:\\\/\\\/www.ralti.de\\\/\",\"name\":\"Ralti.de\",\"description\":\"Hier viele gute Angebote\",\"publisher\":{\"@id\":\"https:\\\/\\\/www.ralti.de\\\/#organization\"},\"potentialAction\":[{\"@type\":\"SearchAction\",\"target\":{\"@type\":\"EntryPoint\",\"urlTemplate\":\"https:\\\/\\\/www.ralti.de\\\/?s={search_term_string}\"},\"query-input\":{\"@type\":\"PropertyValueSpecification\",\"valueRequired\":true,\"valueName\":\"search_term_string\"}}],\"inLanguage\":\"de\"},{\"@type\":\"Organization\",\"@id\":\"https:\\\/\\\/www.ralti.de\\\/#organization\",\"name\":\"Ralti.de\",\"url\":\"https:\\\/\\\/www.ralti.de\\\/\",\"logo\":{\"@type\":\"ImageObject\",\"inLanguage\":\"de\",\"@id\":\"https:\\\/\\\/www.ralti.de\\\/#\\\/schema\\\/logo\\\/image\\\/\",\"url\":\"https:\\\/\\\/www.ralti.de\\\/wp-content\\\/uploads\\\/2025\\\/11\\\/ralti.png\",\"contentUrl\":\"https:\\\/\\\/www.ralti.de\\\/wp-content\\\/uploads\\\/2025\\\/11\\\/ralti.png\",\"width\":240,\"height\":75,\"caption\":\"Ralti.de\"},\"image\":{\"@id\":\"https:\\\/\\\/www.ralti.de\\\/#\\\/schema\\\/logo\\\/image\\\/\"}}]}<\/script>\n<!-- \/ Yoast SEO plugin. -->","yoast_head_json":{"title":"Helikon-Tex Bushcraft Line - Notfallvorsorge - Krisenvorsorge","robots":{"index":"index","follow":"follow","max-snippet":"max-snippet:-1","max-image-preview":"max-image-preview:large","max-video-preview":"max-video-preview:-1"},"canonical":"https:\/\/www.ralti.de\/?product=helikon-tex-bushcraft-line","og_locale":"de_DE","og_type":"article","og_title":"Helikon-Tex Bushcraft Line - Notfallvorsorge - Krisenvorsorge","og_description":"Produktbeschreibung Was macht Urban Tactical Pants so besonders? Anatomischer und vorgeformter Schnitt, sehr strapazierf\u00e4hig und langlebig. Das Design dieser Hose bleibt anonym mit ihrem Aussehen von zivilen oder urbanen Hosen, ist aber gleichzeitig vielseitig und hat die Funktionalit\u00e4t einer Kampfhose. Hose etwas dehnbar durch Elasthan-Anteil&hellip;","og_url":"https:\/\/www.ralti.de\/?product=helikon-tex-bushcraft-line","og_site_name":"Notfallvorsorge - Krisenvorsorge","og_image":[{"width":500,"height":500,"url":"https:\/\/m.media-amazon.com\/images\/I\/31J2H1rMP6L.jpg","type":"image\/jpeg"}],"twitter_card":"summary_large_image","twitter_misc":{"Gesch\u00e4tzte Lesezeit":"1\u00a0Minute"},"schema":{"@context":"https:\/\/schema.org","@graph":[{"@type":"WebPage","@id":"https:\/\/www.ralti.de\/?product=helikon-tex-bushcraft-line","url":"https:\/\/www.ralti.de\/?product=helikon-tex-bushcraft-line","name":"Helikon-Tex Bushcraft Line - Notfallvorsorge - Krisenvorsorge","isPartOf":{"@id":"https:\/\/www.ralti.de\/#website"},"primaryImageOfPage":{"@id":"https:\/\/www.ralti.de\/?product=helikon-tex-bushcraft-line#primaryimage"},"image":{"@id":"https:\/\/www.ralti.de\/?product=helikon-tex-bushcraft-line#primaryimage"},"thumbnailUrl":"https:\/\/m.media-amazon.com\/images\/I\/31J2H1rMP6L.jpg","datePublished":"2025-11-25T09:22:48+00:00","breadcrumb":{"@id":"https:\/\/www.ralti.de\/?product=helikon-tex-bushcraft-line#breadcrumb"},"inLanguage":"de","potentialAction":[{"@type":"ReadAction","target":["https:\/\/www.ralti.de\/?product=helikon-tex-bushcraft-line"]}]},{"@type":"ImageObject","inLanguage":"de","@id":"https:\/\/www.ralti.de\/?product=helikon-tex-bushcraft-line#primaryimage","url":"https:\/\/m.media-amazon.com\/images\/I\/31J2H1rMP6L.jpg","contentUrl":"https:\/\/m.media-amazon.com\/images\/I\/31J2H1rMP6L.jpg","width":500,"height":500},{"@type":"BreadcrumbList","@id":"https:\/\/www.ralti.de\/?product=helikon-tex-bushcraft-line#breadcrumb","itemListElement":[{"@type":"ListItem","position":1,"name":"Start","item":"https:\/\/www.ralti.de\/"},{"@type":"ListItem","position":2,"name":"Notfallartikel","item":"https:\/\/www.ralti.de\/?page_id=14189"},{"@type":"ListItem","position":3,"name":"Helikon-Tex Bushcraft Line"}]},{"@type":"WebSite","@id":"https:\/\/www.ralti.de\/#website","url":"https:\/\/www.ralti.de\/","name":"Ralti.de","description":"Hier viele gute Angebote","publisher":{"@id":"https:\/\/www.ralti.de\/#organization"},"potentialAction":[{"@type":"SearchAction","target":{"@type":"EntryPoint","urlTemplate":"https:\/\/www.ralti.de\/?s={search_term_string}"},"query-input":{"@type":"PropertyValueSpecification","valueRequired":true,"valueName":"search_term_string"}}],"inLanguage":"de"},{"@type":"Organization","@id":"https:\/\/www.ralti.de\/#organization","name":"Ralti.de","url":"https:\/\/www.ralti.de\/","logo":{"@type":"ImageObject","inLanguage":"de","@id":"https:\/\/www.ralti.de\/#\/schema\/logo\/image\/","url":"https:\/\/www.ralti.de\/wp-content\/uploads\/2025\/11\/ralti.png","contentUrl":"https:\/\/www.ralti.de\/wp-content\/uploads\/2025\/11\/ralti.png","width":240,"height":75,"caption":"Ralti.de"},"image":{"@id":"https:\/\/www.ralti.de\/#\/schema\/logo\/image\/"}}]}},"_links":{"self":[{"href":"https:\/\/www.ralti.de\/index.php?rest_route=\/wp\/v2\/product\/6650","targetHints":{"allow":["GET"]}}],"collection":[{"href":"https:\/\/www.ralti.de\/index.php?rest_route=\/wp\/v2\/product"}],"about":[{"href":"https:\/\/www.ralti.de\/index.php?rest_route=\/wp\/v2\/types\/product"}],"replies":[{"embeddable":true,"href":"https:\/\/www.ralti.de\/index.php?rest_route=%2Fwp%2Fv2%2Fcomments&post=6650"}],"wp:featuredmedia":[{"embeddable":true,"href":"https:\/\/www.ralti.de\/index.php?rest_route=\/wp\/v2\/media\/6651"}],"wp:attachment":[{"href":"https:\/\/www.ralti.de\/index.php?rest_route=%2Fwp%2Fv2%2Fmedia&parent=6650"}],"wp:term":[{"taxonomy":"product_brand","embeddable":true,"href":"https:\/\/www.ralti.de\/index.php?rest_route=%2Fwp%2Fv2%2Fproduct_brand&post=6650"},{"taxonomy":"product_cat","embeddable":true,"href":"https:\/\/www.ralti.de\/index.php?rest_route=%2Fwp%2Fv2%2Fproduct_cat&post=6650"},{"taxonomy":"product_tag","embeddable":true,"href":"https:\/\/www.ralti.de\/index.php?rest_route=%2Fwp%2Fv2%2Fproduct_tag&post=6650"}],"curies":[{"name":"wp","href":"https:\/\/api.w.org\/{rel}","templated":true}]}}