{"id":7344,"date":"2025-11-25T10:13:07","date_gmt":"2025-11-25T10:13:07","guid":{"rendered":"https:\/\/www.ralti.de\/shop-2\/uncategorized\/ganzoo-paracord-550-seil-4mm-typ-3-nylon-polyester-hybrid-7-innenstrange-armband-hunde-leine-hunde-halsband-knupfen-ca-250kg-bruchlast-outdoor-rope-camping-schnur-allzweckseil\/"},"modified":"2025-11-25T10:13:07","modified_gmt":"2025-11-25T10:13:07","slug":"ganzoo-paracord-550-seil-4mm-typ-3-nylon-polyester-hybrid-7-innenstrange-armband-hunde-leine-hunde-halsband-knupfen-ca-250kg-bruchlast-outdoor-rope-camping-schnur-allzweckseil","status":"publish","type":"product","link":"https:\/\/www.ralti.de\/?product=ganzoo-paracord-550-seil-4mm-typ-3-nylon-polyester-hybrid-7-innenstrange-armband-hunde-leine-hunde-halsband-knupfen-ca-250kg-bruchlast-outdoor-rope-camping-schnur-allzweckseil","title":{"rendered":"Ganzoo Paracord 550 Seil, 4mm, Typ 3, Nylon Polyester, Hybrid, 7 Innenstr\u00e4nge Armband, Hunde-Leine, Hunde-Halsband kn\u00fcpfen, ca. 250kg Bruchlast, Outdoor Rope, Camping Schnur, Allzweckseil"},"content":{"rendered":"<p>Robustes und vielseitig einsetzbares Paracord: Das Ganzoo Paracord 550 ist optimal f\u00fcr die Herstellung von Hundeleinen, Halsb\u00e4ndern und \u00dcberlebensarmb\u00e4ndern. Das widerstandsf\u00e4hige Nylon-Polyester-Seil eignet sich hervorragend f\u00fcr Outdoor-, DIY- und Alltagsprojekte. Es kombiniert h\u00f6chste Belastbarkeit mit Flexibilit\u00e4t und ist ein unverzichtbarer Helfer f\u00fcr vielseitige Eins\u00e4tze.<br \/>\nHervorragende Zugfestigkeit und Langlebigkeit: Mit einer Bruchlast von 550 lbs (250 kg) und einem robusten 32-Litzen-Au\u00dfenmantel bietet das Paracord au\u00dfergew\u00f6hnliche Stabilit\u00e4t. Die sieben strapazierf\u00e4higen Innenstr\u00e4nge sorgen f\u00fcr Flexibilit\u00e4t und Abriebfestigkeit, ideal f\u00fcr Anwendungen wie Zeltaufbauten oder Reparaturarbeiten.<br \/>\nPerfekt f\u00fcr Outdoor-Abenteuer und kreative Projekte: Dieses Paracord eignet sich hervorragend f\u00fcr Survival-Armb\u00e4nder, Schl\u00fcsselb\u00e4nder, Campingzubeh\u00f6r und andere DIY-Projekte. Dank seiner Wetterbest\u00e4ndigkeit und Vielseitigkeit ist es der ideale Begleiter f\u00fcr Outdoor-Aktivit\u00e4ten und den t\u00e4glichen Einsatz.<br \/>\nBenutzerfreundlich und vielseitig einsetzbar: Die hohe Flexibilit\u00e4t des Paracords erm\u00f6glicht einfaches Knoten, Flechten und Anpassen, wodurch es sowohl f\u00fcr Anf\u00e4nger als auch f\u00fcr erfahrene Anwender geeignet ist. Perfekt f\u00fcr kreative Projekte wie Hundeleinen, Schl\u00fcsselanh\u00e4nger oder Survival-Kits.<br \/>\nGanzoo \u2013 Qualit\u00e4t aus Erfahrung: Mit mehr als 13 Jahren Expertise steht Ganzoo f\u00fcr erstklassige Materialien, pr\u00e4zise Verarbeitung und funktionales Design. Das Paracord wird kompakt geb\u00fcndelt geliefert, ist sofort einsatzbereit und einfach zu transportieren \u2013 ideal f\u00fcr alle Einsatzbereiche.<br \/>\n<div class=\"main-cross-sell\" data-asin=\"B09WVWHJCS\">\n\n\t<div class=\"WooZone-cross-sell-loader\">\n\t\t<div>\n\t\t\t<div id=\"floatingBarsG\">\n\t\t\t\t<div class=\"blockG\" id=\"rotateG_01\"><\/div>\n\t\t\t\t<div class=\"blockG\" id=\"rotateG_02\"><\/div>\n\t\t\t\t<div class=\"blockG\" id=\"rotateG_03\"><\/div>\n\t\t\t\t<div class=\"blockG\" id=\"rotateG_04\"><\/div>\n\t\t\t\t<div class=\"blockG\" id=\"rotateG_05\"><\/div>\n\t\t\t\t<div class=\"blockG\" id=\"rotateG_06\"><\/div>\n\t\t\t\t<div class=\"blockG\" id=\"rotateG_07\"><\/div>\n\t\t\t\t<div class=\"blockG\" id=\"rotateG_08\"><\/div>\n\t\t\t<\/div>\n\t\t\t<div class=\"WooZone-cross-sell-loader-text\"><\/div>\n\t\t<\/div>\n\t<\/div>\n\n\t\t\n<\/div>\n<div style=\"clear:both;\"><\/div>\n","protected":false},"excerpt":{"rendered":"<p>Robustes und vielseitig einsetzbares Paracord: Das Ganzoo Paracord 550 ist optimal f\u00fcr die Herstellung von Hundeleinen, Halsb\u00e4ndern und \u00dcberlebensarmb\u00e4ndern. Das widerstandsf\u00e4hige Nylon-Polyester-Seil eignet sich hervorragend f\u00fcr Outdoor-, DIY- und Alltagsprojekte. Es kombiniert h\u00f6chste Belastbarkeit mit Flexibilit\u00e4t und ist ein unverzichtbarer Helfer f\u00fcr vielseitige Eins\u00e4tze.<br \/>\nHervorragende Zugfestigkeit und Langlebigkeit: Mit einer Bruchlast von 550 lbs (250 kg) und einem robusten 32-Litzen-Au\u00dfenmantel bietet das Paracord au\u00dfergew\u00f6hnliche Stabilit\u00e4t. Die sieben strapazierf\u00e4higen Innenstr\u00e4nge sorgen f\u00fcr Flexibilit\u00e4t und Abriebfestigkeit, ideal f\u00fcr Anwendungen wie Zeltaufbauten oder Reparaturarbeiten.<br \/>\nPerfekt f\u00fcr Outdoor-Abenteuer und kreative Projekte: Dieses Paracord eignet sich hervorragend f\u00fcr Survival-Armb\u00e4nder, Schl\u00fcsselb\u00e4nder, Campingzubeh\u00f6r und andere DIY-Projekte. Dank seiner Wetterbest\u00e4ndigkeit und Vielseitigkeit ist es der ideale Begleiter f\u00fcr Outdoor-Aktivit\u00e4ten und den t\u00e4glichen Einsatz.<\/p>\n","protected":false},"featured_media":7345,"comment_status":"open","ping_status":"closed","template":"","meta":{"_acf_changed":false},"product_brand":[],"product_cat":[279,274],"product_tag":[],"class_list":{"0":"post-7344","1":"product","2":"type-product","3":"status-publish","4":"has-post-thumbnail","6":"product_cat-paracord-seil","7":"product_cat-uberlebensausrustung","9":"first","10":"instock","11":"shipping-taxable","12":"product-type-external"},"acf":[],"yoast_head":"<!-- This site is optimized with the Yoast SEO plugin v27.3 - https:\/\/yoast.com\/product\/yoast-seo-wordpress\/ -->\n<title>Ganzoo Paracord 550 Seil, 4mm, Typ 3, Nylon Polyester, Hybrid, 7 Innenstr\u00e4nge Armband, Hunde-Leine, Hunde-Halsband kn\u00fcpfen, ca. 250kg Bruchlast, Outdoor Rope, Camping Schnur, Allzweckseil - Notfallvorsorge - Krisenvorsorge<\/title>\n<meta name=\"robots\" content=\"index, follow, max-snippet:-1, max-image-preview:large, max-video-preview:-1\" \/>\n<link rel=\"canonical\" href=\"https:\/\/www.ralti.de\/?product=ganzoo-paracord-550-seil-4mm-typ-3-nylon-polyester-hybrid-7-innenstrange-armband-hunde-leine-hunde-halsband-knupfen-ca-250kg-bruchlast-outdoor-rope-camping-schnur-allzweckseil\" \/>\n<meta property=\"og:locale\" content=\"de_DE\" \/>\n<meta property=\"og:type\" content=\"article\" \/>\n<meta property=\"og:title\" content=\"Ganzoo Paracord 550 Seil, 4mm, Typ 3, Nylon Polyester, Hybrid, 7 Innenstr\u00e4nge Armband, Hunde-Leine, Hunde-Halsband kn\u00fcpfen, ca. 250kg Bruchlast, Outdoor Rope, Camping Schnur, Allzweckseil - Notfallvorsorge - Krisenvorsorge\" \/>\n<meta property=\"og:description\" content=\"Robustes und vielseitig einsetzbares Paracord: Das Ganzoo Paracord 550 ist optimal f\u00fcr die Herstellung von Hundeleinen, Halsb\u00e4ndern und \u00dcberlebensarmb\u00e4ndern. Das widerstandsf\u00e4hige Nylon-Polyester-Seil eignet sich hervorragend f\u00fcr Outdoor-, DIY- und Alltagsprojekte. Es kombiniert h\u00f6chste Belastbarkeit mit Flexibilit\u00e4t und ist ein unverzichtbarer Helfer f\u00fcr vielseitige Eins\u00e4tze. Hervorragende Zugfestigkeit und Langlebigkeit: Mit einer Bruchlast von 550 lbs (250 kg) und einem robusten 32-Litzen-Au\u00dfenmantel bietet das Paracord au\u00dfergew\u00f6hnliche Stabilit\u00e4t. Die sieben strapazierf\u00e4higen Innenstr\u00e4nge sorgen f\u00fcr Flexibilit\u00e4t und Abriebfestigkeit, ideal f\u00fcr Anwendungen wie Zeltaufbauten oder Reparaturarbeiten. Perfekt f\u00fcr Outdoor-Abenteuer und kreative Projekte: Dieses Paracord eignet sich hervorragend f\u00fcr Survival-Armb\u00e4nder, Schl\u00fcsselb\u00e4nder, Campingzubeh\u00f6r und andere DIY-Projekte. Dank seiner Wetterbest\u00e4ndigkeit und Vielseitigkeit ist es der ideale Begleiter f\u00fcr Outdoor-Aktivit\u00e4ten und den t\u00e4glichen Einsatz.\" \/>\n<meta property=\"og:url\" content=\"https:\/\/www.ralti.de\/?product=ganzoo-paracord-550-seil-4mm-typ-3-nylon-polyester-hybrid-7-innenstrange-armband-hunde-leine-hunde-halsband-knupfen-ca-250kg-bruchlast-outdoor-rope-camping-schnur-allzweckseil\" \/>\n<meta property=\"og:site_name\" content=\"Notfallvorsorge - Krisenvorsorge\" \/>\n<meta property=\"og:image\" content=\"https:\/\/m.media-amazon.com\/images\/I\/518w6ZZihHL.jpg\" \/>\n\t<meta property=\"og:image:width\" content=\"500\" \/>\n\t<meta property=\"og:image:height\" content=\"500\" \/>\n\t<meta property=\"og:image:type\" content=\"image\/jpeg\" \/>\n<meta name=\"twitter:card\" content=\"summary_large_image\" \/>\n<meta name=\"twitter:label1\" content=\"Gesch\u00e4tzte Lesezeit\" \/>\n\t<meta name=\"twitter:data1\" content=\"1\u00a0Minute\" \/>\n<script type=\"application\/ld+json\" class=\"yoast-schema-graph\">{\"@context\":\"https:\\\/\\\/schema.org\",\"@graph\":[{\"@type\":\"WebPage\",\"@id\":\"https:\\\/\\\/www.ralti.de\\\/?product=ganzoo-paracord-550-seil-4mm-typ-3-nylon-polyester-hybrid-7-innenstrange-armband-hunde-leine-hunde-halsband-knupfen-ca-250kg-bruchlast-outdoor-rope-camping-schnur-allzweckseil\",\"url\":\"https:\\\/\\\/www.ralti.de\\\/?product=ganzoo-paracord-550-seil-4mm-typ-3-nylon-polyester-hybrid-7-innenstrange-armband-hunde-leine-hunde-halsband-knupfen-ca-250kg-bruchlast-outdoor-rope-camping-schnur-allzweckseil\",\"name\":\"Ganzoo Paracord 550 Seil, 4mm, Typ 3, Nylon Polyester, Hybrid, 7 Innenstr\u00e4nge Armband, Hunde-Leine, Hunde-Halsband kn\u00fcpfen, ca. 250kg Bruchlast, Outdoor Rope, Camping Schnur, Allzweckseil - Notfallvorsorge - Krisenvorsorge\",\"isPartOf\":{\"@id\":\"https:\\\/\\\/www.ralti.de\\\/#website\"},\"primaryImageOfPage\":{\"@id\":\"https:\\\/\\\/www.ralti.de\\\/?product=ganzoo-paracord-550-seil-4mm-typ-3-nylon-polyester-hybrid-7-innenstrange-armband-hunde-leine-hunde-halsband-knupfen-ca-250kg-bruchlast-outdoor-rope-camping-schnur-allzweckseil#primaryimage\"},\"image\":{\"@id\":\"https:\\\/\\\/www.ralti.de\\\/?product=ganzoo-paracord-550-seil-4mm-typ-3-nylon-polyester-hybrid-7-innenstrange-armband-hunde-leine-hunde-halsband-knupfen-ca-250kg-bruchlast-outdoor-rope-camping-schnur-allzweckseil#primaryimage\"},\"thumbnailUrl\":\"https:\\\/\\\/m.media-amazon.com\\\/images\\\/I\\\/518w6ZZihHL.jpg\",\"datePublished\":\"2025-11-25T10:13:07+00:00\",\"breadcrumb\":{\"@id\":\"https:\\\/\\\/www.ralti.de\\\/?product=ganzoo-paracord-550-seil-4mm-typ-3-nylon-polyester-hybrid-7-innenstrange-armband-hunde-leine-hunde-halsband-knupfen-ca-250kg-bruchlast-outdoor-rope-camping-schnur-allzweckseil#breadcrumb\"},\"inLanguage\":\"de\",\"potentialAction\":[{\"@type\":\"ReadAction\",\"target\":[\"https:\\\/\\\/www.ralti.de\\\/?product=ganzoo-paracord-550-seil-4mm-typ-3-nylon-polyester-hybrid-7-innenstrange-armband-hunde-leine-hunde-halsband-knupfen-ca-250kg-bruchlast-outdoor-rope-camping-schnur-allzweckseil\"]}]},{\"@type\":\"ImageObject\",\"inLanguage\":\"de\",\"@id\":\"https:\\\/\\\/www.ralti.de\\\/?product=ganzoo-paracord-550-seil-4mm-typ-3-nylon-polyester-hybrid-7-innenstrange-armband-hunde-leine-hunde-halsband-knupfen-ca-250kg-bruchlast-outdoor-rope-camping-schnur-allzweckseil#primaryimage\",\"url\":\"https:\\\/\\\/m.media-amazon.com\\\/images\\\/I\\\/518w6ZZihHL.jpg\",\"contentUrl\":\"https:\\\/\\\/m.media-amazon.com\\\/images\\\/I\\\/518w6ZZihHL.jpg\",\"width\":500,\"height\":500},{\"@type\":\"BreadcrumbList\",\"@id\":\"https:\\\/\\\/www.ralti.de\\\/?product=ganzoo-paracord-550-seil-4mm-typ-3-nylon-polyester-hybrid-7-innenstrange-armband-hunde-leine-hunde-halsband-knupfen-ca-250kg-bruchlast-outdoor-rope-camping-schnur-allzweckseil#breadcrumb\",\"itemListElement\":[{\"@type\":\"ListItem\",\"position\":1,\"name\":\"Start\",\"item\":\"https:\\\/\\\/www.ralti.de\\\/\"},{\"@type\":\"ListItem\",\"position\":2,\"name\":\"Notfallartikel\",\"item\":\"https:\\\/\\\/www.ralti.de\\\/?page_id=14189\"},{\"@type\":\"ListItem\",\"position\":3,\"name\":\"Ganzoo Paracord 550 Seil, 4mm, Typ 3, Nylon Polyester, Hybrid, 7 Innenstr\u00e4nge Armband, Hunde-Leine, Hunde-Halsband kn\u00fcpfen, ca. 250kg Bruchlast, Outdoor Rope, Camping Schnur, Allzweckseil\"}]},{\"@type\":\"WebSite\",\"@id\":\"https:\\\/\\\/www.ralti.de\\\/#website\",\"url\":\"https:\\\/\\\/www.ralti.de\\\/\",\"name\":\"Ralti.de\",\"description\":\"Hier viele gute Angebote\",\"publisher\":{\"@id\":\"https:\\\/\\\/www.ralti.de\\\/#organization\"},\"potentialAction\":[{\"@type\":\"SearchAction\",\"target\":{\"@type\":\"EntryPoint\",\"urlTemplate\":\"https:\\\/\\\/www.ralti.de\\\/?s={search_term_string}\"},\"query-input\":{\"@type\":\"PropertyValueSpecification\",\"valueRequired\":true,\"valueName\":\"search_term_string\"}}],\"inLanguage\":\"de\"},{\"@type\":\"Organization\",\"@id\":\"https:\\\/\\\/www.ralti.de\\\/#organization\",\"name\":\"Ralti.de\",\"url\":\"https:\\\/\\\/www.ralti.de\\\/\",\"logo\":{\"@type\":\"ImageObject\",\"inLanguage\":\"de\",\"@id\":\"https:\\\/\\\/www.ralti.de\\\/#\\\/schema\\\/logo\\\/image\\\/\",\"url\":\"https:\\\/\\\/www.ralti.de\\\/wp-content\\\/uploads\\\/2025\\\/11\\\/ralti.png\",\"contentUrl\":\"https:\\\/\\\/www.ralti.de\\\/wp-content\\\/uploads\\\/2025\\\/11\\\/ralti.png\",\"width\":240,\"height\":75,\"caption\":\"Ralti.de\"},\"image\":{\"@id\":\"https:\\\/\\\/www.ralti.de\\\/#\\\/schema\\\/logo\\\/image\\\/\"}}]}<\/script>\n<!-- \/ Yoast SEO plugin. -->","yoast_head_json":{"title":"Ganzoo Paracord 550 Seil, 4mm, Typ 3, Nylon Polyester, Hybrid, 7 Innenstr\u00e4nge Armband, Hunde-Leine, Hunde-Halsband kn\u00fcpfen, ca. 250kg Bruchlast, Outdoor Rope, Camping Schnur, Allzweckseil - Notfallvorsorge - Krisenvorsorge","robots":{"index":"index","follow":"follow","max-snippet":"max-snippet:-1","max-image-preview":"max-image-preview:large","max-video-preview":"max-video-preview:-1"},"canonical":"https:\/\/www.ralti.de\/?product=ganzoo-paracord-550-seil-4mm-typ-3-nylon-polyester-hybrid-7-innenstrange-armband-hunde-leine-hunde-halsband-knupfen-ca-250kg-bruchlast-outdoor-rope-camping-schnur-allzweckseil","og_locale":"de_DE","og_type":"article","og_title":"Ganzoo Paracord 550 Seil, 4mm, Typ 3, Nylon Polyester, Hybrid, 7 Innenstr\u00e4nge Armband, Hunde-Leine, Hunde-Halsband kn\u00fcpfen, ca. 250kg Bruchlast, Outdoor Rope, Camping Schnur, Allzweckseil - Notfallvorsorge - Krisenvorsorge","og_description":"Robustes und vielseitig einsetzbares Paracord: Das Ganzoo Paracord 550 ist optimal f\u00fcr die Herstellung von Hundeleinen, Halsb\u00e4ndern und \u00dcberlebensarmb\u00e4ndern. Das widerstandsf\u00e4hige Nylon-Polyester-Seil eignet sich hervorragend f\u00fcr Outdoor-, DIY- und Alltagsprojekte. Es kombiniert h\u00f6chste Belastbarkeit mit Flexibilit\u00e4t und ist ein unverzichtbarer Helfer f\u00fcr vielseitige Eins\u00e4tze. Hervorragende Zugfestigkeit und Langlebigkeit: Mit einer Bruchlast von 550 lbs (250 kg) und einem robusten 32-Litzen-Au\u00dfenmantel bietet das Paracord au\u00dfergew\u00f6hnliche Stabilit\u00e4t. Die sieben strapazierf\u00e4higen Innenstr\u00e4nge sorgen f\u00fcr Flexibilit\u00e4t und Abriebfestigkeit, ideal f\u00fcr Anwendungen wie Zeltaufbauten oder Reparaturarbeiten. Perfekt f\u00fcr Outdoor-Abenteuer und kreative Projekte: Dieses Paracord eignet sich hervorragend f\u00fcr Survival-Armb\u00e4nder, Schl\u00fcsselb\u00e4nder, Campingzubeh\u00f6r und andere DIY-Projekte. Dank seiner Wetterbest\u00e4ndigkeit und Vielseitigkeit ist es der ideale Begleiter f\u00fcr Outdoor-Aktivit\u00e4ten und den t\u00e4glichen Einsatz.","og_url":"https:\/\/www.ralti.de\/?product=ganzoo-paracord-550-seil-4mm-typ-3-nylon-polyester-hybrid-7-innenstrange-armband-hunde-leine-hunde-halsband-knupfen-ca-250kg-bruchlast-outdoor-rope-camping-schnur-allzweckseil","og_site_name":"Notfallvorsorge - Krisenvorsorge","og_image":[{"width":500,"height":500,"url":"https:\/\/m.media-amazon.com\/images\/I\/518w6ZZihHL.jpg","type":"image\/jpeg"}],"twitter_card":"summary_large_image","twitter_misc":{"Gesch\u00e4tzte Lesezeit":"1\u00a0Minute"},"schema":{"@context":"https:\/\/schema.org","@graph":[{"@type":"WebPage","@id":"https:\/\/www.ralti.de\/?product=ganzoo-paracord-550-seil-4mm-typ-3-nylon-polyester-hybrid-7-innenstrange-armband-hunde-leine-hunde-halsband-knupfen-ca-250kg-bruchlast-outdoor-rope-camping-schnur-allzweckseil","url":"https:\/\/www.ralti.de\/?product=ganzoo-paracord-550-seil-4mm-typ-3-nylon-polyester-hybrid-7-innenstrange-armband-hunde-leine-hunde-halsband-knupfen-ca-250kg-bruchlast-outdoor-rope-camping-schnur-allzweckseil","name":"Ganzoo Paracord 550 Seil, 4mm, Typ 3, Nylon Polyester, Hybrid, 7 Innenstr\u00e4nge Armband, Hunde-Leine, Hunde-Halsband kn\u00fcpfen, ca. 250kg Bruchlast, Outdoor Rope, Camping Schnur, Allzweckseil - Notfallvorsorge - Krisenvorsorge","isPartOf":{"@id":"https:\/\/www.ralti.de\/#website"},"primaryImageOfPage":{"@id":"https:\/\/www.ralti.de\/?product=ganzoo-paracord-550-seil-4mm-typ-3-nylon-polyester-hybrid-7-innenstrange-armband-hunde-leine-hunde-halsband-knupfen-ca-250kg-bruchlast-outdoor-rope-camping-schnur-allzweckseil#primaryimage"},"image":{"@id":"https:\/\/www.ralti.de\/?product=ganzoo-paracord-550-seil-4mm-typ-3-nylon-polyester-hybrid-7-innenstrange-armband-hunde-leine-hunde-halsband-knupfen-ca-250kg-bruchlast-outdoor-rope-camping-schnur-allzweckseil#primaryimage"},"thumbnailUrl":"https:\/\/m.media-amazon.com\/images\/I\/518w6ZZihHL.jpg","datePublished":"2025-11-25T10:13:07+00:00","breadcrumb":{"@id":"https:\/\/www.ralti.de\/?product=ganzoo-paracord-550-seil-4mm-typ-3-nylon-polyester-hybrid-7-innenstrange-armband-hunde-leine-hunde-halsband-knupfen-ca-250kg-bruchlast-outdoor-rope-camping-schnur-allzweckseil#breadcrumb"},"inLanguage":"de","potentialAction":[{"@type":"ReadAction","target":["https:\/\/www.ralti.de\/?product=ganzoo-paracord-550-seil-4mm-typ-3-nylon-polyester-hybrid-7-innenstrange-armband-hunde-leine-hunde-halsband-knupfen-ca-250kg-bruchlast-outdoor-rope-camping-schnur-allzweckseil"]}]},{"@type":"ImageObject","inLanguage":"de","@id":"https:\/\/www.ralti.de\/?product=ganzoo-paracord-550-seil-4mm-typ-3-nylon-polyester-hybrid-7-innenstrange-armband-hunde-leine-hunde-halsband-knupfen-ca-250kg-bruchlast-outdoor-rope-camping-schnur-allzweckseil#primaryimage","url":"https:\/\/m.media-amazon.com\/images\/I\/518w6ZZihHL.jpg","contentUrl":"https:\/\/m.media-amazon.com\/images\/I\/518w6ZZihHL.jpg","width":500,"height":500},{"@type":"BreadcrumbList","@id":"https:\/\/www.ralti.de\/?product=ganzoo-paracord-550-seil-4mm-typ-3-nylon-polyester-hybrid-7-innenstrange-armband-hunde-leine-hunde-halsband-knupfen-ca-250kg-bruchlast-outdoor-rope-camping-schnur-allzweckseil#breadcrumb","itemListElement":[{"@type":"ListItem","position":1,"name":"Start","item":"https:\/\/www.ralti.de\/"},{"@type":"ListItem","position":2,"name":"Notfallartikel","item":"https:\/\/www.ralti.de\/?page_id=14189"},{"@type":"ListItem","position":3,"name":"Ganzoo Paracord 550 Seil, 4mm, Typ 3, Nylon Polyester, Hybrid, 7 Innenstr\u00e4nge Armband, Hunde-Leine, Hunde-Halsband kn\u00fcpfen, ca. 250kg Bruchlast, Outdoor Rope, Camping Schnur, Allzweckseil"}]},{"@type":"WebSite","@id":"https:\/\/www.ralti.de\/#website","url":"https:\/\/www.ralti.de\/","name":"Ralti.de","description":"Hier viele gute Angebote","publisher":{"@id":"https:\/\/www.ralti.de\/#organization"},"potentialAction":[{"@type":"SearchAction","target":{"@type":"EntryPoint","urlTemplate":"https:\/\/www.ralti.de\/?s={search_term_string}"},"query-input":{"@type":"PropertyValueSpecification","valueRequired":true,"valueName":"search_term_string"}}],"inLanguage":"de"},{"@type":"Organization","@id":"https:\/\/www.ralti.de\/#organization","name":"Ralti.de","url":"https:\/\/www.ralti.de\/","logo":{"@type":"ImageObject","inLanguage":"de","@id":"https:\/\/www.ralti.de\/#\/schema\/logo\/image\/","url":"https:\/\/www.ralti.de\/wp-content\/uploads\/2025\/11\/ralti.png","contentUrl":"https:\/\/www.ralti.de\/wp-content\/uploads\/2025\/11\/ralti.png","width":240,"height":75,"caption":"Ralti.de"},"image":{"@id":"https:\/\/www.ralti.de\/#\/schema\/logo\/image\/"}}]}},"_links":{"self":[{"href":"https:\/\/www.ralti.de\/index.php?rest_route=\/wp\/v2\/product\/7344","targetHints":{"allow":["GET"]}}],"collection":[{"href":"https:\/\/www.ralti.de\/index.php?rest_route=\/wp\/v2\/product"}],"about":[{"href":"https:\/\/www.ralti.de\/index.php?rest_route=\/wp\/v2\/types\/product"}],"replies":[{"embeddable":true,"href":"https:\/\/www.ralti.de\/index.php?rest_route=%2Fwp%2Fv2%2Fcomments&post=7344"}],"wp:featuredmedia":[{"embeddable":true,"href":"https:\/\/www.ralti.de\/index.php?rest_route=\/wp\/v2\/media\/7345"}],"wp:attachment":[{"href":"https:\/\/www.ralti.de\/index.php?rest_route=%2Fwp%2Fv2%2Fmedia&parent=7344"}],"wp:term":[{"taxonomy":"product_brand","embeddable":true,"href":"https:\/\/www.ralti.de\/index.php?rest_route=%2Fwp%2Fv2%2Fproduct_brand&post=7344"},{"taxonomy":"product_cat","embeddable":true,"href":"https:\/\/www.ralti.de\/index.php?rest_route=%2Fwp%2Fv2%2Fproduct_cat&post=7344"},{"taxonomy":"product_tag","embeddable":true,"href":"https:\/\/www.ralti.de\/index.php?rest_route=%2Fwp%2Fv2%2Fproduct_tag&post=7344"}],"curies":[{"name":"wp","href":"https:\/\/api.w.org\/{rel}","templated":true}]}}