{"id":7708,"date":"2025-11-25T10:26:23","date_gmt":"2025-11-25T10:26:23","guid":{"rendered":"https:\/\/www.ralti.de\/shop-2\/uncategorized\/keen-unisex-kinder-puffrider-waterproofschneestiefel\/"},"modified":"2025-11-25T10:26:23","modified_gmt":"2025-11-25T10:26:23","slug":"keen-unisex-kinder-puffrider-waterproofschneestiefel","status":"publish","type":"product","link":"https:\/\/www.ralti.de\/?product=keen-unisex-kinder-puffrider-waterproofschneestiefel","title":{"rendered":"KEEN Unisex Kinder Puffrider WaterproofSchneestiefel"},"content":{"rendered":"<p><!-- show up to 2 reviews by default --> <\/p>\n<p> <span>Sich f\u00fcr Winterabenteuer zu eignen, muss keine l\u00e4stige Arbeit sein, wenn sie den Puffrider tragen. Mit all der W\u00e4rme, die sie brauchen, zusammen mit einem leicht anzuziehenden Design, das es Kindern erleichtert, die Stiefel anzuziehen und sie trotzdem sicher zu halten. Mit 200 g KEEN.WARM-Isolierung, um die F\u00fc\u00dfe bei Temperaturen bis zu -32 \u00b0C warm zu halten, und langlebiger KEEN.DRY Impr\u00e4gnierung sind die isolierten wasserdichten Winterstiefel von Puffrider f\u00fcr Kinder aus Keens traditioneller, breiterer Schuhform aufgebaut. KEEN ist ein werteorientierter Familienhersteller von Original-Hybrid-Schuhen f\u00fcr Arbeiten und Spielen im Freien. Seit 2003 kreiert KEEN Sandalen, Stiefel, Schuhe und Sneaker in seiner Mission, die Natur f\u00fcr jeden zug\u00e4nglicher zu machen. Every KEEN product is Consciously Created to help leave the planet better than we found it.<\/span> <\/p>\n<div class=\"main-cross-sell\" data-asin=\"B0BN8S5G1L\">\n\n\t<div class=\"WooZone-cross-sell-loader\">\n\t\t<div>\n\t\t\t<div id=\"floatingBarsG\">\n\t\t\t\t<div class=\"blockG\" id=\"rotateG_01\"><\/div>\n\t\t\t\t<div class=\"blockG\" id=\"rotateG_02\"><\/div>\n\t\t\t\t<div class=\"blockG\" id=\"rotateG_03\"><\/div>\n\t\t\t\t<div class=\"blockG\" id=\"rotateG_04\"><\/div>\n\t\t\t\t<div class=\"blockG\" id=\"rotateG_05\"><\/div>\n\t\t\t\t<div class=\"blockG\" id=\"rotateG_06\"><\/div>\n\t\t\t\t<div class=\"blockG\" id=\"rotateG_07\"><\/div>\n\t\t\t\t<div class=\"blockG\" id=\"rotateG_08\"><\/div>\n\t\t\t<\/div>\n\t\t\t<div class=\"WooZone-cross-sell-loader-text\"><\/div>\n\t\t<\/div>\n\t<\/div>\n\n\t\t\n<\/div>\n<div style=\"clear:both;\"><\/div>\n","protected":false},"excerpt":{"rendered":"<p>Sich f\u00fcr Winterabenteuer zu eignen, muss keine l\u00e4stige Arbeit sein, wenn sie den Puffrider tragen. Mit all der W\u00e4rme, die sie brauchen, zusammen mit einem leicht anzuziehenden Design, das es Kindern erleichtert, die Stiefel anzuziehen und sie trotzdem sicher zu halten. Mit 200 g KEEN.WARM-Isolierung,&hellip;<\/p>\n","protected":false},"featured_media":7711,"comment_status":"open","ping_status":"closed","template":"","meta":{"_acf_changed":false},"product_brand":[],"product_cat":[225,226],"product_tag":[],"class_list":{"0":"post-7708","1":"product","2":"type-product","3":"status-publish","4":"has-post-thumbnail","6":"product_cat-kleidung","7":"product_cat-wasserdichte-stiefel","9":"first","10":"instock","11":"sale","12":"shipping-taxable","13":"product-type-external"},"acf":[],"yoast_head":"<!-- This site is optimized with the Yoast SEO plugin v27.5 - https:\/\/yoast.com\/product\/yoast-seo-wordpress\/ -->\n<title>KEEN Unisex Kinder Puffrider WaterproofSchneestiefel - Notfallvorsorge - Krisenvorsorge<\/title>\n<meta name=\"robots\" content=\"index, follow, max-snippet:-1, max-image-preview:large, max-video-preview:-1\" \/>\n<link rel=\"canonical\" href=\"https:\/\/www.ralti.de\/?product=keen-unisex-kinder-puffrider-waterproofschneestiefel\" \/>\n<meta property=\"og:locale\" content=\"de_DE\" \/>\n<meta property=\"og:type\" content=\"article\" \/>\n<meta property=\"og:title\" content=\"KEEN Unisex Kinder Puffrider WaterproofSchneestiefel - Notfallvorsorge - Krisenvorsorge\" \/>\n<meta property=\"og:description\" content=\"Sich f\u00fcr Winterabenteuer zu eignen, muss keine l\u00e4stige Arbeit sein, wenn sie den Puffrider tragen. Mit all der W\u00e4rme, die sie brauchen, zusammen mit einem leicht anzuziehenden Design, das es Kindern erleichtert, die Stiefel anzuziehen und sie trotzdem sicher zu halten. Mit 200 g KEEN.WARM-Isolierung,&hellip;\" \/>\n<meta property=\"og:url\" content=\"https:\/\/www.ralti.de\/?product=keen-unisex-kinder-puffrider-waterproofschneestiefel\" \/>\n<meta property=\"og:site_name\" content=\"Notfallvorsorge - Krisenvorsorge\" \/>\n<meta property=\"og:image\" content=\"https:\/\/m.media-amazon.com\/images\/I\/41kvl8YYhWL.jpg\" \/>\n\t<meta property=\"og:image:width\" content=\"500\" \/>\n\t<meta property=\"og:image:height\" content=\"500\" \/>\n\t<meta property=\"og:image:type\" content=\"image\/jpeg\" \/>\n<meta name=\"twitter:card\" content=\"summary_large_image\" \/>\n<meta name=\"twitter:label1\" content=\"Gesch\u00e4tzte Lesezeit\" \/>\n\t<meta name=\"twitter:data1\" content=\"1\u00a0Minute\" \/>\n<script type=\"application\/ld+json\" class=\"yoast-schema-graph\">{\"@context\":\"https:\\\/\\\/schema.org\",\"@graph\":[{\"@type\":\"WebPage\",\"@id\":\"https:\\\/\\\/www.ralti.de\\\/?product=keen-unisex-kinder-puffrider-waterproofschneestiefel\",\"url\":\"https:\\\/\\\/www.ralti.de\\\/?product=keen-unisex-kinder-puffrider-waterproofschneestiefel\",\"name\":\"KEEN Unisex Kinder Puffrider WaterproofSchneestiefel - Notfallvorsorge - Krisenvorsorge\",\"isPartOf\":{\"@id\":\"https:\\\/\\\/www.ralti.de\\\/#website\"},\"primaryImageOfPage\":{\"@id\":\"https:\\\/\\\/www.ralti.de\\\/?product=keen-unisex-kinder-puffrider-waterproofschneestiefel#primaryimage\"},\"image\":{\"@id\":\"https:\\\/\\\/www.ralti.de\\\/?product=keen-unisex-kinder-puffrider-waterproofschneestiefel#primaryimage\"},\"thumbnailUrl\":\"https:\\\/\\\/m.media-amazon.com\\\/images\\\/I\\\/41kvl8YYhWL.jpg\",\"datePublished\":\"2025-11-25T10:26:23+00:00\",\"breadcrumb\":{\"@id\":\"https:\\\/\\\/www.ralti.de\\\/?product=keen-unisex-kinder-puffrider-waterproofschneestiefel#breadcrumb\"},\"inLanguage\":\"de\",\"potentialAction\":[{\"@type\":\"ReadAction\",\"target\":[\"https:\\\/\\\/www.ralti.de\\\/?product=keen-unisex-kinder-puffrider-waterproofschneestiefel\"]}]},{\"@type\":\"ImageObject\",\"inLanguage\":\"de\",\"@id\":\"https:\\\/\\\/www.ralti.de\\\/?product=keen-unisex-kinder-puffrider-waterproofschneestiefel#primaryimage\",\"url\":\"https:\\\/\\\/m.media-amazon.com\\\/images\\\/I\\\/41kvl8YYhWL.jpg\",\"contentUrl\":\"https:\\\/\\\/m.media-amazon.com\\\/images\\\/I\\\/41kvl8YYhWL.jpg\",\"width\":500,\"height\":500},{\"@type\":\"BreadcrumbList\",\"@id\":\"https:\\\/\\\/www.ralti.de\\\/?product=keen-unisex-kinder-puffrider-waterproofschneestiefel#breadcrumb\",\"itemListElement\":[{\"@type\":\"ListItem\",\"position\":1,\"name\":\"Start\",\"item\":\"https:\\\/\\\/www.ralti.de\\\/\"},{\"@type\":\"ListItem\",\"position\":2,\"name\":\"Notfallartikel\",\"item\":\"https:\\\/\\\/www.ralti.de\\\/?page_id=14189\"},{\"@type\":\"ListItem\",\"position\":3,\"name\":\"KEEN Unisex Kinder Puffrider WaterproofSchneestiefel\"}]},{\"@type\":\"WebSite\",\"@id\":\"https:\\\/\\\/www.ralti.de\\\/#website\",\"url\":\"https:\\\/\\\/www.ralti.de\\\/\",\"name\":\"Ralti.de\",\"description\":\"Hier viele gute Angebote\",\"publisher\":{\"@id\":\"https:\\\/\\\/www.ralti.de\\\/#organization\"},\"potentialAction\":[{\"@type\":\"SearchAction\",\"target\":{\"@type\":\"EntryPoint\",\"urlTemplate\":\"https:\\\/\\\/www.ralti.de\\\/?s={search_term_string}\"},\"query-input\":{\"@type\":\"PropertyValueSpecification\",\"valueRequired\":true,\"valueName\":\"search_term_string\"}}],\"inLanguage\":\"de\"},{\"@type\":\"Organization\",\"@id\":\"https:\\\/\\\/www.ralti.de\\\/#organization\",\"name\":\"Ralti.de\",\"url\":\"https:\\\/\\\/www.ralti.de\\\/\",\"logo\":{\"@type\":\"ImageObject\",\"inLanguage\":\"de\",\"@id\":\"https:\\\/\\\/www.ralti.de\\\/#\\\/schema\\\/logo\\\/image\\\/\",\"url\":\"https:\\\/\\\/www.ralti.de\\\/wp-content\\\/uploads\\\/2025\\\/11\\\/ralti.png\",\"contentUrl\":\"https:\\\/\\\/www.ralti.de\\\/wp-content\\\/uploads\\\/2025\\\/11\\\/ralti.png\",\"width\":240,\"height\":75,\"caption\":\"Ralti.de\"},\"image\":{\"@id\":\"https:\\\/\\\/www.ralti.de\\\/#\\\/schema\\\/logo\\\/image\\\/\"}}]}<\/script>\n<!-- \/ Yoast SEO plugin. -->","yoast_head_json":{"title":"KEEN Unisex Kinder Puffrider WaterproofSchneestiefel - Notfallvorsorge - Krisenvorsorge","robots":{"index":"index","follow":"follow","max-snippet":"max-snippet:-1","max-image-preview":"max-image-preview:large","max-video-preview":"max-video-preview:-1"},"canonical":"https:\/\/www.ralti.de\/?product=keen-unisex-kinder-puffrider-waterproofschneestiefel","og_locale":"de_DE","og_type":"article","og_title":"KEEN Unisex Kinder Puffrider WaterproofSchneestiefel - Notfallvorsorge - Krisenvorsorge","og_description":"Sich f\u00fcr Winterabenteuer zu eignen, muss keine l\u00e4stige Arbeit sein, wenn sie den Puffrider tragen. Mit all der W\u00e4rme, die sie brauchen, zusammen mit einem leicht anzuziehenden Design, das es Kindern erleichtert, die Stiefel anzuziehen und sie trotzdem sicher zu halten. Mit 200 g KEEN.WARM-Isolierung,&hellip;","og_url":"https:\/\/www.ralti.de\/?product=keen-unisex-kinder-puffrider-waterproofschneestiefel","og_site_name":"Notfallvorsorge - Krisenvorsorge","og_image":[{"width":500,"height":500,"url":"https:\/\/m.media-amazon.com\/images\/I\/41kvl8YYhWL.jpg","type":"image\/jpeg"}],"twitter_card":"summary_large_image","twitter_misc":{"Gesch\u00e4tzte Lesezeit":"1\u00a0Minute"},"schema":{"@context":"https:\/\/schema.org","@graph":[{"@type":"WebPage","@id":"https:\/\/www.ralti.de\/?product=keen-unisex-kinder-puffrider-waterproofschneestiefel","url":"https:\/\/www.ralti.de\/?product=keen-unisex-kinder-puffrider-waterproofschneestiefel","name":"KEEN Unisex Kinder Puffrider WaterproofSchneestiefel - Notfallvorsorge - Krisenvorsorge","isPartOf":{"@id":"https:\/\/www.ralti.de\/#website"},"primaryImageOfPage":{"@id":"https:\/\/www.ralti.de\/?product=keen-unisex-kinder-puffrider-waterproofschneestiefel#primaryimage"},"image":{"@id":"https:\/\/www.ralti.de\/?product=keen-unisex-kinder-puffrider-waterproofschneestiefel#primaryimage"},"thumbnailUrl":"https:\/\/m.media-amazon.com\/images\/I\/41kvl8YYhWL.jpg","datePublished":"2025-11-25T10:26:23+00:00","breadcrumb":{"@id":"https:\/\/www.ralti.de\/?product=keen-unisex-kinder-puffrider-waterproofschneestiefel#breadcrumb"},"inLanguage":"de","potentialAction":[{"@type":"ReadAction","target":["https:\/\/www.ralti.de\/?product=keen-unisex-kinder-puffrider-waterproofschneestiefel"]}]},{"@type":"ImageObject","inLanguage":"de","@id":"https:\/\/www.ralti.de\/?product=keen-unisex-kinder-puffrider-waterproofschneestiefel#primaryimage","url":"https:\/\/m.media-amazon.com\/images\/I\/41kvl8YYhWL.jpg","contentUrl":"https:\/\/m.media-amazon.com\/images\/I\/41kvl8YYhWL.jpg","width":500,"height":500},{"@type":"BreadcrumbList","@id":"https:\/\/www.ralti.de\/?product=keen-unisex-kinder-puffrider-waterproofschneestiefel#breadcrumb","itemListElement":[{"@type":"ListItem","position":1,"name":"Start","item":"https:\/\/www.ralti.de\/"},{"@type":"ListItem","position":2,"name":"Notfallartikel","item":"https:\/\/www.ralti.de\/?page_id=14189"},{"@type":"ListItem","position":3,"name":"KEEN Unisex Kinder Puffrider WaterproofSchneestiefel"}]},{"@type":"WebSite","@id":"https:\/\/www.ralti.de\/#website","url":"https:\/\/www.ralti.de\/","name":"Ralti.de","description":"Hier viele gute Angebote","publisher":{"@id":"https:\/\/www.ralti.de\/#organization"},"potentialAction":[{"@type":"SearchAction","target":{"@type":"EntryPoint","urlTemplate":"https:\/\/www.ralti.de\/?s={search_term_string}"},"query-input":{"@type":"PropertyValueSpecification","valueRequired":true,"valueName":"search_term_string"}}],"inLanguage":"de"},{"@type":"Organization","@id":"https:\/\/www.ralti.de\/#organization","name":"Ralti.de","url":"https:\/\/www.ralti.de\/","logo":{"@type":"ImageObject","inLanguage":"de","@id":"https:\/\/www.ralti.de\/#\/schema\/logo\/image\/","url":"https:\/\/www.ralti.de\/wp-content\/uploads\/2025\/11\/ralti.png","contentUrl":"https:\/\/www.ralti.de\/wp-content\/uploads\/2025\/11\/ralti.png","width":240,"height":75,"caption":"Ralti.de"},"image":{"@id":"https:\/\/www.ralti.de\/#\/schema\/logo\/image\/"}}]}},"_links":{"self":[{"href":"https:\/\/www.ralti.de\/index.php?rest_route=\/wp\/v2\/product\/7708","targetHints":{"allow":["GET"]}}],"collection":[{"href":"https:\/\/www.ralti.de\/index.php?rest_route=\/wp\/v2\/product"}],"about":[{"href":"https:\/\/www.ralti.de\/index.php?rest_route=\/wp\/v2\/types\/product"}],"replies":[{"embeddable":true,"href":"https:\/\/www.ralti.de\/index.php?rest_route=%2Fwp%2Fv2%2Fcomments&post=7708"}],"wp:featuredmedia":[{"embeddable":true,"href":"https:\/\/www.ralti.de\/index.php?rest_route=\/wp\/v2\/media\/7711"}],"wp:attachment":[{"href":"https:\/\/www.ralti.de\/index.php?rest_route=%2Fwp%2Fv2%2Fmedia&parent=7708"}],"wp:term":[{"taxonomy":"product_brand","embeddable":true,"href":"https:\/\/www.ralti.de\/index.php?rest_route=%2Fwp%2Fv2%2Fproduct_brand&post=7708"},{"taxonomy":"product_cat","embeddable":true,"href":"https:\/\/www.ralti.de\/index.php?rest_route=%2Fwp%2Fv2%2Fproduct_cat&post=7708"},{"taxonomy":"product_tag","embeddable":true,"href":"https:\/\/www.ralti.de\/index.php?rest_route=%2Fwp%2Fv2%2Fproduct_tag&post=7708"}],"curies":[{"name":"wp","href":"https:\/\/api.w.org\/{rel}","templated":true}]}}