{"id":8870,"date":"2025-11-25T10:57:47","date_gmt":"2025-11-25T10:57:47","guid":{"rendered":"https:\/\/www.ralti.de\/shop-2\/uncategorized\/yashe-frischhaltedose-mit-deckel-4-teiliges-plastik-vorratsdosen-set-bpa-frei-100-auslaufsicher-ineinander-stapelbar-transparent\/"},"modified":"2025-11-25T10:57:47","modified_gmt":"2025-11-25T10:57:47","slug":"yashe-frischhaltedose-mit-deckel-4-teiliges-plastik-vorratsdosen-set-bpa-frei-100-auslaufsicher-ineinander-stapelbar-transparent","status":"publish","type":"product","link":"https:\/\/www.ralti.de\/?product=yashe-frischhaltedose-mit-deckel-4-teiliges-plastik-vorratsdosen-set-bpa-frei-100-auslaufsicher-ineinander-stapelbar-transparent","title":{"rendered":"YASHE Frischhaltedose mit Deckel, 4 Teiliges Plastik Vorratsdosen Set, BPA Frei, 100% Auslaufsicher, Ineinander stapelbar, Transparent"},"content":{"rendered":"<p>Ausgew\u00e4hlte Gr\u00f6\u00dfe: Dieser frischhaltedosen set enth\u00e4lt 4PCS (1* 2,5L, 1* 1,5L, 1* 1L und 1*0,5L). Der gro\u00dfe Beh\u00e4lter ist perfekt f\u00fcr ganze Maiskolben und bietet ausreichend Platz f\u00fcr \u00fcbergro\u00dfe Lebensmittel. Die kleineren Beh\u00e4lter sind ideal f\u00fcr die Aufbewahrung von Salaten, Nudeln, Obst, N\u00fcssen und vielem mehr.<br \/>\nLebensmittelgerechtes Material: Hergestellt aus hochwertigem BPA-freiem Kunststoff, frischhaltedosen mit deckel sind langlebig und sicher f\u00fcr hohe und niedrige Temperaturen. Sie k\u00f6nnen aufgew\u00e4rmt und abgek\u00fchlt werden und sind wiederverwendbar. Das Set ist mikrowellen-, gefrier- und sp\u00fclmaschinengeeignet und bietet Komfort und Vielseitigkeit. Hinweis: Nehmen Sie den Deckel ab, wenn Sie die Mikrowelle benutzen.<br \/>\nLuftdichte Frische: Dank des Schnappverschlusses und des Silikonrings lassen sich die Deckel sicher einrasten und bilden eine luftdichte Versiegelung, die verhindert, dass Luft und Feuchtigkeit eindringen.<br \/>\nPlatzsparend: Unsere vorratsdosen mit deckel k\u00f6nnen einzeln gestapelt und bei Nichtgebrauch ineinander gesteckt werden, so dass Sie sie in Ihren K\u00fcchenschr\u00e4nken oder in der Speisekammer ordentlich anordnen k\u00f6nnen. Verabschieden Sie sich von un\u00fcbersichtlichen R\u00e4umen und genie\u00dfen Sie den Komfort einer organisierten K\u00fcche.<br \/>\nVielseitige Verwendungsm\u00f6glichkeiten: Dank seiner Tragbarkeit ist unser Vorratsbeh\u00e4lter f\u00fcr Lebensmittel die ideale Wahl f\u00fcr verschiedene Umgebungen wie B\u00fcros, Fitnessstudios, Wohnungen, Reisen oder Picknicks. Sie k\u00f6nnen Ihre Lieblingsmahlzeiten genie\u00dfen, wo immer Sie sind.<br \/>\n<div class=\"main-cross-sell\" data-asin=\"B0CPPPRCN2\">\n\n\t<div class=\"WooZone-cross-sell-loader\">\n\t\t<div>\n\t\t\t<div id=\"floatingBarsG\">\n\t\t\t\t<div class=\"blockG\" id=\"rotateG_01\"><\/div>\n\t\t\t\t<div class=\"blockG\" id=\"rotateG_02\"><\/div>\n\t\t\t\t<div class=\"blockG\" id=\"rotateG_03\"><\/div>\n\t\t\t\t<div class=\"blockG\" id=\"rotateG_04\"><\/div>\n\t\t\t\t<div class=\"blockG\" id=\"rotateG_05\"><\/div>\n\t\t\t\t<div class=\"blockG\" id=\"rotateG_06\"><\/div>\n\t\t\t\t<div class=\"blockG\" id=\"rotateG_07\"><\/div>\n\t\t\t\t<div class=\"blockG\" id=\"rotateG_08\"><\/div>\n\t\t\t<\/div>\n\t\t\t<div class=\"WooZone-cross-sell-loader-text\"><\/div>\n\t\t<\/div>\n\t<\/div>\n\n\t\t\n<\/div>\n<div style=\"clear:both;\"><\/div>\n","protected":false},"excerpt":{"rendered":"<p>Ausgew\u00e4hlte Gr\u00f6\u00dfe: Dieser frischhaltedosen set enth\u00e4lt 4PCS (1* 2,5L, 1* 1,5L, 1* 1L und 1*0,5L). Der gro\u00dfe Beh\u00e4lter ist perfekt f\u00fcr ganze Maiskolben und bietet ausreichend Platz f\u00fcr \u00fcbergro\u00dfe Lebensmittel. Die kleineren Beh\u00e4lter sind ideal f\u00fcr die Aufbewahrung von Salaten, Nudeln, Obst, N\u00fcssen und vielem mehr.<br \/>\nLebensmittelgerechtes Material: Hergestellt aus hochwertigem BPA-freiem Kunststoff, frischhaltedosen mit deckel sind langlebig und sicher f\u00fcr hohe und niedrige Temperaturen. Sie k\u00f6nnen aufgew\u00e4rmt und abgek\u00fchlt werden und sind wiederverwendbar. Das Set ist mikrowellen-, gefrier- und sp\u00fclmaschinengeeignet und bietet Komfort und Vielseitigkeit. Hinweis: Nehmen Sie den Deckel ab, wenn Sie die Mikrowelle benutzen.<br \/>\nLuftdichte Frische: Dank des Schnappverschlusses und des Silikonrings lassen sich die Deckel sicher einrasten und bilden eine luftdichte Versiegelung, die verhindert, dass Luft und Feuchtigkeit eindringen.<\/p>\n","protected":false},"featured_media":8871,"comment_status":"open","ping_status":"closed","template":"","meta":{"_acf_changed":false},"product_brand":[],"product_cat":[238,240],"product_tag":[],"class_list":{"0":"post-8870","1":"product","2":"type-product","3":"status-publish","4":"has-post-thumbnail","6":"product_cat-lebensmittel","7":"product_cat-vorratsdosen","9":"first","10":"instock","11":"sale","12":"shipping-taxable","13":"product-type-external"},"acf":[],"yoast_head":"<!-- This site is optimized with the Yoast SEO plugin v27.3 - https:\/\/yoast.com\/product\/yoast-seo-wordpress\/ -->\n<title>YASHE Frischhaltedose mit Deckel, 4 Teiliges Plastik Vorratsdosen Set, BPA Frei, 100% Auslaufsicher, Ineinander stapelbar, Transparent - Notfallvorsorge - Krisenvorsorge<\/title>\n<meta name=\"robots\" content=\"index, follow, max-snippet:-1, max-image-preview:large, max-video-preview:-1\" \/>\n<link rel=\"canonical\" href=\"https:\/\/www.ralti.de\/?product=yashe-frischhaltedose-mit-deckel-4-teiliges-plastik-vorratsdosen-set-bpa-frei-100-auslaufsicher-ineinander-stapelbar-transparent\" \/>\n<meta property=\"og:locale\" content=\"de_DE\" \/>\n<meta property=\"og:type\" content=\"article\" \/>\n<meta property=\"og:title\" content=\"YASHE Frischhaltedose mit Deckel, 4 Teiliges Plastik Vorratsdosen Set, BPA Frei, 100% Auslaufsicher, Ineinander stapelbar, Transparent - Notfallvorsorge - Krisenvorsorge\" \/>\n<meta property=\"og:description\" content=\"Ausgew\u00e4hlte Gr\u00f6\u00dfe: Dieser frischhaltedosen set enth\u00e4lt 4PCS (1* 2,5L, 1* 1,5L, 1* 1L und 1*0,5L). Der gro\u00dfe Beh\u00e4lter ist perfekt f\u00fcr ganze Maiskolben und bietet ausreichend Platz f\u00fcr \u00fcbergro\u00dfe Lebensmittel. Die kleineren Beh\u00e4lter sind ideal f\u00fcr die Aufbewahrung von Salaten, Nudeln, Obst, N\u00fcssen und vielem mehr. Lebensmittelgerechtes Material: Hergestellt aus hochwertigem BPA-freiem Kunststoff, frischhaltedosen mit deckel sind langlebig und sicher f\u00fcr hohe und niedrige Temperaturen. Sie k\u00f6nnen aufgew\u00e4rmt und abgek\u00fchlt werden und sind wiederverwendbar. Das Set ist mikrowellen-, gefrier- und sp\u00fclmaschinengeeignet und bietet Komfort und Vielseitigkeit. Hinweis: Nehmen Sie den Deckel ab, wenn Sie die Mikrowelle benutzen. Luftdichte Frische: Dank des Schnappverschlusses und des Silikonrings lassen sich die Deckel sicher einrasten und bilden eine luftdichte Versiegelung, die verhindert, dass Luft und Feuchtigkeit eindringen.\" \/>\n<meta property=\"og:url\" content=\"https:\/\/www.ralti.de\/?product=yashe-frischhaltedose-mit-deckel-4-teiliges-plastik-vorratsdosen-set-bpa-frei-100-auslaufsicher-ineinander-stapelbar-transparent\" \/>\n<meta property=\"og:site_name\" content=\"Notfallvorsorge - Krisenvorsorge\" \/>\n<meta property=\"og:image\" content=\"https:\/\/m.media-amazon.com\/images\/I\/41-v8eCBArL.jpg\" \/>\n\t<meta property=\"og:image:width\" content=\"500\" \/>\n\t<meta property=\"og:image:height\" content=\"500\" \/>\n\t<meta property=\"og:image:type\" content=\"image\/jpeg\" \/>\n<meta name=\"twitter:card\" content=\"summary_large_image\" \/>\n<meta name=\"twitter:label1\" content=\"Gesch\u00e4tzte Lesezeit\" \/>\n\t<meta name=\"twitter:data1\" content=\"1\u00a0Minute\" \/>\n<script type=\"application\/ld+json\" class=\"yoast-schema-graph\">{\"@context\":\"https:\\\/\\\/schema.org\",\"@graph\":[{\"@type\":\"WebPage\",\"@id\":\"https:\\\/\\\/www.ralti.de\\\/?product=yashe-frischhaltedose-mit-deckel-4-teiliges-plastik-vorratsdosen-set-bpa-frei-100-auslaufsicher-ineinander-stapelbar-transparent\",\"url\":\"https:\\\/\\\/www.ralti.de\\\/?product=yashe-frischhaltedose-mit-deckel-4-teiliges-plastik-vorratsdosen-set-bpa-frei-100-auslaufsicher-ineinander-stapelbar-transparent\",\"name\":\"YASHE Frischhaltedose mit Deckel, 4 Teiliges Plastik Vorratsdosen Set, BPA Frei, 100% Auslaufsicher, Ineinander stapelbar, Transparent - Notfallvorsorge - Krisenvorsorge\",\"isPartOf\":{\"@id\":\"https:\\\/\\\/www.ralti.de\\\/#website\"},\"primaryImageOfPage\":{\"@id\":\"https:\\\/\\\/www.ralti.de\\\/?product=yashe-frischhaltedose-mit-deckel-4-teiliges-plastik-vorratsdosen-set-bpa-frei-100-auslaufsicher-ineinander-stapelbar-transparent#primaryimage\"},\"image\":{\"@id\":\"https:\\\/\\\/www.ralti.de\\\/?product=yashe-frischhaltedose-mit-deckel-4-teiliges-plastik-vorratsdosen-set-bpa-frei-100-auslaufsicher-ineinander-stapelbar-transparent#primaryimage\"},\"thumbnailUrl\":\"https:\\\/\\\/m.media-amazon.com\\\/images\\\/I\\\/41-v8eCBArL.jpg\",\"datePublished\":\"2025-11-25T10:57:47+00:00\",\"breadcrumb\":{\"@id\":\"https:\\\/\\\/www.ralti.de\\\/?product=yashe-frischhaltedose-mit-deckel-4-teiliges-plastik-vorratsdosen-set-bpa-frei-100-auslaufsicher-ineinander-stapelbar-transparent#breadcrumb\"},\"inLanguage\":\"de\",\"potentialAction\":[{\"@type\":\"ReadAction\",\"target\":[\"https:\\\/\\\/www.ralti.de\\\/?product=yashe-frischhaltedose-mit-deckel-4-teiliges-plastik-vorratsdosen-set-bpa-frei-100-auslaufsicher-ineinander-stapelbar-transparent\"]}]},{\"@type\":\"ImageObject\",\"inLanguage\":\"de\",\"@id\":\"https:\\\/\\\/www.ralti.de\\\/?product=yashe-frischhaltedose-mit-deckel-4-teiliges-plastik-vorratsdosen-set-bpa-frei-100-auslaufsicher-ineinander-stapelbar-transparent#primaryimage\",\"url\":\"https:\\\/\\\/m.media-amazon.com\\\/images\\\/I\\\/41-v8eCBArL.jpg\",\"contentUrl\":\"https:\\\/\\\/m.media-amazon.com\\\/images\\\/I\\\/41-v8eCBArL.jpg\",\"width\":500,\"height\":500},{\"@type\":\"BreadcrumbList\",\"@id\":\"https:\\\/\\\/www.ralti.de\\\/?product=yashe-frischhaltedose-mit-deckel-4-teiliges-plastik-vorratsdosen-set-bpa-frei-100-auslaufsicher-ineinander-stapelbar-transparent#breadcrumb\",\"itemListElement\":[{\"@type\":\"ListItem\",\"position\":1,\"name\":\"Start\",\"item\":\"https:\\\/\\\/www.ralti.de\\\/\"},{\"@type\":\"ListItem\",\"position\":2,\"name\":\"Notfallartikel\",\"item\":\"https:\\\/\\\/www.ralti.de\\\/?page_id=14189\"},{\"@type\":\"ListItem\",\"position\":3,\"name\":\"YASHE Frischhaltedose mit Deckel, 4 Teiliges Plastik Vorratsdosen Set, BPA Frei, 100% Auslaufsicher, Ineinander stapelbar, Transparent\"}]},{\"@type\":\"WebSite\",\"@id\":\"https:\\\/\\\/www.ralti.de\\\/#website\",\"url\":\"https:\\\/\\\/www.ralti.de\\\/\",\"name\":\"Ralti.de\",\"description\":\"Hier viele gute Angebote\",\"publisher\":{\"@id\":\"https:\\\/\\\/www.ralti.de\\\/#organization\"},\"potentialAction\":[{\"@type\":\"SearchAction\",\"target\":{\"@type\":\"EntryPoint\",\"urlTemplate\":\"https:\\\/\\\/www.ralti.de\\\/?s={search_term_string}\"},\"query-input\":{\"@type\":\"PropertyValueSpecification\",\"valueRequired\":true,\"valueName\":\"search_term_string\"}}],\"inLanguage\":\"de\"},{\"@type\":\"Organization\",\"@id\":\"https:\\\/\\\/www.ralti.de\\\/#organization\",\"name\":\"Ralti.de\",\"url\":\"https:\\\/\\\/www.ralti.de\\\/\",\"logo\":{\"@type\":\"ImageObject\",\"inLanguage\":\"de\",\"@id\":\"https:\\\/\\\/www.ralti.de\\\/#\\\/schema\\\/logo\\\/image\\\/\",\"url\":\"https:\\\/\\\/www.ralti.de\\\/wp-content\\\/uploads\\\/2025\\\/11\\\/ralti.png\",\"contentUrl\":\"https:\\\/\\\/www.ralti.de\\\/wp-content\\\/uploads\\\/2025\\\/11\\\/ralti.png\",\"width\":240,\"height\":75,\"caption\":\"Ralti.de\"},\"image\":{\"@id\":\"https:\\\/\\\/www.ralti.de\\\/#\\\/schema\\\/logo\\\/image\\\/\"}}]}<\/script>\n<!-- \/ Yoast SEO plugin. -->","yoast_head_json":{"title":"YASHE Frischhaltedose mit Deckel, 4 Teiliges Plastik Vorratsdosen Set, BPA Frei, 100% Auslaufsicher, Ineinander stapelbar, Transparent - Notfallvorsorge - Krisenvorsorge","robots":{"index":"index","follow":"follow","max-snippet":"max-snippet:-1","max-image-preview":"max-image-preview:large","max-video-preview":"max-video-preview:-1"},"canonical":"https:\/\/www.ralti.de\/?product=yashe-frischhaltedose-mit-deckel-4-teiliges-plastik-vorratsdosen-set-bpa-frei-100-auslaufsicher-ineinander-stapelbar-transparent","og_locale":"de_DE","og_type":"article","og_title":"YASHE Frischhaltedose mit Deckel, 4 Teiliges Plastik Vorratsdosen Set, BPA Frei, 100% Auslaufsicher, Ineinander stapelbar, Transparent - Notfallvorsorge - Krisenvorsorge","og_description":"Ausgew\u00e4hlte Gr\u00f6\u00dfe: Dieser frischhaltedosen set enth\u00e4lt 4PCS (1* 2,5L, 1* 1,5L, 1* 1L und 1*0,5L). Der gro\u00dfe Beh\u00e4lter ist perfekt f\u00fcr ganze Maiskolben und bietet ausreichend Platz f\u00fcr \u00fcbergro\u00dfe Lebensmittel. Die kleineren Beh\u00e4lter sind ideal f\u00fcr die Aufbewahrung von Salaten, Nudeln, Obst, N\u00fcssen und vielem mehr. Lebensmittelgerechtes Material: Hergestellt aus hochwertigem BPA-freiem Kunststoff, frischhaltedosen mit deckel sind langlebig und sicher f\u00fcr hohe und niedrige Temperaturen. Sie k\u00f6nnen aufgew\u00e4rmt und abgek\u00fchlt werden und sind wiederverwendbar. Das Set ist mikrowellen-, gefrier- und sp\u00fclmaschinengeeignet und bietet Komfort und Vielseitigkeit. Hinweis: Nehmen Sie den Deckel ab, wenn Sie die Mikrowelle benutzen. Luftdichte Frische: Dank des Schnappverschlusses und des Silikonrings lassen sich die Deckel sicher einrasten und bilden eine luftdichte Versiegelung, die verhindert, dass Luft und Feuchtigkeit eindringen.","og_url":"https:\/\/www.ralti.de\/?product=yashe-frischhaltedose-mit-deckel-4-teiliges-plastik-vorratsdosen-set-bpa-frei-100-auslaufsicher-ineinander-stapelbar-transparent","og_site_name":"Notfallvorsorge - Krisenvorsorge","og_image":[{"width":500,"height":500,"url":"https:\/\/m.media-amazon.com\/images\/I\/41-v8eCBArL.jpg","type":"image\/jpeg"}],"twitter_card":"summary_large_image","twitter_misc":{"Gesch\u00e4tzte Lesezeit":"1\u00a0Minute"},"schema":{"@context":"https:\/\/schema.org","@graph":[{"@type":"WebPage","@id":"https:\/\/www.ralti.de\/?product=yashe-frischhaltedose-mit-deckel-4-teiliges-plastik-vorratsdosen-set-bpa-frei-100-auslaufsicher-ineinander-stapelbar-transparent","url":"https:\/\/www.ralti.de\/?product=yashe-frischhaltedose-mit-deckel-4-teiliges-plastik-vorratsdosen-set-bpa-frei-100-auslaufsicher-ineinander-stapelbar-transparent","name":"YASHE Frischhaltedose mit Deckel, 4 Teiliges Plastik Vorratsdosen Set, BPA Frei, 100% Auslaufsicher, Ineinander stapelbar, Transparent - Notfallvorsorge - Krisenvorsorge","isPartOf":{"@id":"https:\/\/www.ralti.de\/#website"},"primaryImageOfPage":{"@id":"https:\/\/www.ralti.de\/?product=yashe-frischhaltedose-mit-deckel-4-teiliges-plastik-vorratsdosen-set-bpa-frei-100-auslaufsicher-ineinander-stapelbar-transparent#primaryimage"},"image":{"@id":"https:\/\/www.ralti.de\/?product=yashe-frischhaltedose-mit-deckel-4-teiliges-plastik-vorratsdosen-set-bpa-frei-100-auslaufsicher-ineinander-stapelbar-transparent#primaryimage"},"thumbnailUrl":"https:\/\/m.media-amazon.com\/images\/I\/41-v8eCBArL.jpg","datePublished":"2025-11-25T10:57:47+00:00","breadcrumb":{"@id":"https:\/\/www.ralti.de\/?product=yashe-frischhaltedose-mit-deckel-4-teiliges-plastik-vorratsdosen-set-bpa-frei-100-auslaufsicher-ineinander-stapelbar-transparent#breadcrumb"},"inLanguage":"de","potentialAction":[{"@type":"ReadAction","target":["https:\/\/www.ralti.de\/?product=yashe-frischhaltedose-mit-deckel-4-teiliges-plastik-vorratsdosen-set-bpa-frei-100-auslaufsicher-ineinander-stapelbar-transparent"]}]},{"@type":"ImageObject","inLanguage":"de","@id":"https:\/\/www.ralti.de\/?product=yashe-frischhaltedose-mit-deckel-4-teiliges-plastik-vorratsdosen-set-bpa-frei-100-auslaufsicher-ineinander-stapelbar-transparent#primaryimage","url":"https:\/\/m.media-amazon.com\/images\/I\/41-v8eCBArL.jpg","contentUrl":"https:\/\/m.media-amazon.com\/images\/I\/41-v8eCBArL.jpg","width":500,"height":500},{"@type":"BreadcrumbList","@id":"https:\/\/www.ralti.de\/?product=yashe-frischhaltedose-mit-deckel-4-teiliges-plastik-vorratsdosen-set-bpa-frei-100-auslaufsicher-ineinander-stapelbar-transparent#breadcrumb","itemListElement":[{"@type":"ListItem","position":1,"name":"Start","item":"https:\/\/www.ralti.de\/"},{"@type":"ListItem","position":2,"name":"Notfallartikel","item":"https:\/\/www.ralti.de\/?page_id=14189"},{"@type":"ListItem","position":3,"name":"YASHE Frischhaltedose mit Deckel, 4 Teiliges Plastik Vorratsdosen Set, BPA Frei, 100% Auslaufsicher, Ineinander stapelbar, Transparent"}]},{"@type":"WebSite","@id":"https:\/\/www.ralti.de\/#website","url":"https:\/\/www.ralti.de\/","name":"Ralti.de","description":"Hier viele gute Angebote","publisher":{"@id":"https:\/\/www.ralti.de\/#organization"},"potentialAction":[{"@type":"SearchAction","target":{"@type":"EntryPoint","urlTemplate":"https:\/\/www.ralti.de\/?s={search_term_string}"},"query-input":{"@type":"PropertyValueSpecification","valueRequired":true,"valueName":"search_term_string"}}],"inLanguage":"de"},{"@type":"Organization","@id":"https:\/\/www.ralti.de\/#organization","name":"Ralti.de","url":"https:\/\/www.ralti.de\/","logo":{"@type":"ImageObject","inLanguage":"de","@id":"https:\/\/www.ralti.de\/#\/schema\/logo\/image\/","url":"https:\/\/www.ralti.de\/wp-content\/uploads\/2025\/11\/ralti.png","contentUrl":"https:\/\/www.ralti.de\/wp-content\/uploads\/2025\/11\/ralti.png","width":240,"height":75,"caption":"Ralti.de"},"image":{"@id":"https:\/\/www.ralti.de\/#\/schema\/logo\/image\/"}}]}},"_links":{"self":[{"href":"https:\/\/www.ralti.de\/index.php?rest_route=\/wp\/v2\/product\/8870","targetHints":{"allow":["GET"]}}],"collection":[{"href":"https:\/\/www.ralti.de\/index.php?rest_route=\/wp\/v2\/product"}],"about":[{"href":"https:\/\/www.ralti.de\/index.php?rest_route=\/wp\/v2\/types\/product"}],"replies":[{"embeddable":true,"href":"https:\/\/www.ralti.de\/index.php?rest_route=%2Fwp%2Fv2%2Fcomments&post=8870"}],"wp:featuredmedia":[{"embeddable":true,"href":"https:\/\/www.ralti.de\/index.php?rest_route=\/wp\/v2\/media\/8871"}],"wp:attachment":[{"href":"https:\/\/www.ralti.de\/index.php?rest_route=%2Fwp%2Fv2%2Fmedia&parent=8870"}],"wp:term":[{"taxonomy":"product_brand","embeddable":true,"href":"https:\/\/www.ralti.de\/index.php?rest_route=%2Fwp%2Fv2%2Fproduct_brand&post=8870"},{"taxonomy":"product_cat","embeddable":true,"href":"https:\/\/www.ralti.de\/index.php?rest_route=%2Fwp%2Fv2%2Fproduct_cat&post=8870"},{"taxonomy":"product_tag","embeddable":true,"href":"https:\/\/www.ralti.de\/index.php?rest_route=%2Fwp%2Fv2%2Fproduct_tag&post=8870"}],"curies":[{"name":"wp","href":"https:\/\/api.w.org\/{rel}","templated":true}]}}